{"id":2098,"date":"2026-04-26T08:51:52","date_gmt":"2026-04-26T08:51:52","guid":{"rendered":""},"modified":"2026-04-26T08:51:52","modified_gmt":"2026-04-26T08:51:52","slug":"omezena-nabidka-linealed-ww-nastavitelna-lampa-8-5w-28deg-3000k-artemide-2098","status":"publish","type":"product","link":"https:\/\/www.stavexpro.com\/index.php\/produkt\/omezena-nabidka-linealed-ww-nastavitelna-lampa-8-5w-28deg-3000k-artemide-2098\/","title":{"rendered":"Omezen\u00e1 Nab\u00eddka LineaLed WW nastaviteln\u00e1 lampa 8,5W &#8211; 28\u00b0 3000K &#8211; ARTEMIDE"},"content":{"rendered":"<h3 class=\"product-h3\">Popis produktu<\/h3>\n<p><strong>Design:<\/strong> Carlotta de Bevilacqua<br \/><strong>Pou\u017eit\u00ed:<\/strong> venkovn\u00ed<\/p>\n<\/p><\/div>\n<\/p><\/div>\n<p><\/p>\n<div class=\"top-params\">\n<h3 class=\"product-h3 collapse-header \" data-toggle=\"collapse\" data-target=\"#collapseOne\" aria-expanded=\"true\" aria-controls=\"collapseOne\">Parametry<\/h3>\n<div id=\"collapseOne\" class=\"collapse show\" aria-labelledby=\"headingOne\" data-parent=\"#product-info-accordion1\">\n<table class=\"table-striped\">\n<tr>\n<td>                V\u00fd\u0161ka v mm            <\/td>\n<td>                62            <\/td>\n<\/tr>\n<tr>\n<td>                \u00dahel z\u00e1\u0159en\u00ed            <\/td>\n<td>                28\u00b0            <\/td>\n<\/tr>\n<tr>\n<td>                Index pod\u00e1n\u00ed barev            <\/td>\n<td>                80            <\/td>\n<\/tr>\n<tr>\n<td>                \u0160\u00ed\u0159ka v mm            <\/td>\n<td>                42            <\/td>\n<\/tr>\n<tr>\n<td>                D\u00e9lka v mm            <\/td>\n<td>                300            <\/td>\n<\/tr>\n<tr>\n<td>                Ochrana IP            <\/td>\n<td>                IP65\/67            <\/td>\n<\/tr>\n<tr>\n<td>                Sv\u011bteln\u00fd tok            <\/td>\n<td>                411lm            <\/td>\n<\/tr>\n<tr>\n<td>                Teplota barvy sv\u011btla            <\/td>\n<td>                3000K            <\/td>\n<\/tr>\n<tr>\n<td>                Max. p\u0159\u00edkon sv\u011bteln\u00e9ho zdroje            <\/td>\n<td>                8,5W            <\/td>\n<\/tr>\n<tr>\n<td>                V\u00fdkon            <\/td>\n<td>                8.5W            <\/td>\n<\/tr>\n<tr>\n<td>                Nap\u00e1jec\u00ed nap\u011bt\u00ed            <\/td>\n<td>                24V DC            <\/td>\n<\/tr>\n<tr>\n<td>                Patice            <\/td>\n<td>                LED            <\/td>\n<\/tr>\n<tr>\n<td>                V\u010detn\u011b sv\u011bteln\u00e9ho zdroje            <\/td>\n<td>                ano            <\/td>\n<\/tr>\n<tr>\n<td>                Materi\u00e1l            <\/td>\n<td>                hlin\u00edk \/ sklo            <\/td>\n<\/tr>\n<tr>\n<td>                Barva            <\/td>\n<td>                st\u0159\u00edbrn\u00e1            <\/td>\n<\/tr>\n<tr>\n<td>                Kolekce            <\/td>\n<td>                LineaLed Wallwasher            <\/td>\n<\/tr>\n<tr>\n<td>                V\u00fdrobce            <\/td>\n<td>                ARTEMIDE            <\/td>\n<\/tr>\n<\/table>\n<\/div><\/div>\n<\/div>\n<div class=\"accordion\" id=\"product-info-accordion2\">\n","protected":false},"excerpt":{"rendered":"<p>Popis produktu Design: Carlotta de BevilacquaPou\u017eit\u00ed: venkovn\u00ed Parametry V\u00fd\u0161ka v mm 62 \u00dahel z\u00e1\u0159en\u00ed 28\u00b0 Index pod\u00e1n\u00ed barev 80 \u0160\u00ed\u0159ka v mm 42 D\u00e9lka v mm 300 Ochrana IP IP65\/67 Sv\u011bteln\u00fd tok 411lm Teplota barvy sv\u011btla 3000K Max. p\u0159\u00edkon sv\u011bteln\u00e9ho zdroje 8,5W V\u00fdkon 8.5W Nap\u00e1jec\u00ed nap\u011bt\u00ed 24V DC Patice LED V\u010detn\u011b sv\u011bteln\u00e9ho zdroje ano Materi\u00e1l [&hellip;]<\/p>\n","protected":false},"featured_media":2198,"comment_status":"open","ping_status":"open","template":"","meta":[],"product_brand":[],"product_cat":[33],"product_tag":[],"class_list":{"0":"post-2098","1":"product","2":"type-product","3":"status-publish","4":"has-post-thumbnail","6":"product_cat-venkovni-svitidla","8":"first","9":"instock","10":"sale","11":"shipping-taxable","12":"purchasable","13":"product-type-simple"},"yoast_head":"<!-- This site is optimized with the Yoast SEO plugin v26.8 - https:\/\/yoast.com\/product\/yoast-seo-wordpress\/ -->\n<title>Omezen\u00e1 Nab\u00eddka LineaLed WW nastaviteln\u00e1 lampa 8,5W - 28\u00b0 3000K - ARTEMIDE -<\/title>\n<meta name=\"robots\" content=\"index, follow, max-snippet:-1, max-image-preview:large, max-video-preview:-1\" \/>\n<link rel=\"canonical\" href=\"https:\/\/www.stavexpro.com\/index.php\/produkt\/omezena-nabidka-linealed-ww-nastavitelna-lampa-8-5w-28deg-3000k-artemide-2098\/\" \/>\n<meta property=\"og:locale\" content=\"cs_CZ\" \/>\n<meta property=\"og:type\" content=\"article\" \/>\n<meta property=\"og:title\" content=\"Omezen\u00e1 Nab\u00eddka LineaLed WW nastaviteln\u00e1 lampa 8,5W - 28\u00b0 3000K - ARTEMIDE -\" \/>\n<meta property=\"og:description\" content=\"Popis produktu Design: Carlotta de BevilacquaPou\u017eit\u00ed: venkovn\u00ed Parametry V\u00fd\u0161ka v mm 62 \u00dahel z\u00e1\u0159en\u00ed 28\u00b0 Index pod\u00e1n\u00ed barev 80 \u0160\u00ed\u0159ka v mm 42 D\u00e9lka v mm 300 Ochrana IP IP65\/67 Sv\u011bteln\u00fd tok 411lm Teplota barvy sv\u011btla 3000K Max. p\u0159\u00edkon sv\u011bteln\u00e9ho zdroje 8,5W V\u00fdkon 8.5W Nap\u00e1jec\u00ed nap\u011bt\u00ed 24V DC Patice LED V\u010detn\u011b sv\u011bteln\u00e9ho zdroje ano Materi\u00e1l [&hellip;]\" \/>\n<meta property=\"og:url\" content=\"https:\/\/www.stavexpro.com\/index.php\/produkt\/omezena-nabidka-linealed-ww-nastavitelna-lampa-8-5w-28deg-3000k-artemide-2098\/\" \/>\n<meta property=\"og:image\" content=\"https:\/\/www.stavexpro.com\/wp-content\/uploads\/2026\/SK0001083-CZ20260425-091535-0-1777079743-AR-NL1733025K0.webp\" \/>\n\t<meta property=\"og:image:width\" content=\"800\" \/>\n\t<meta property=\"og:image:height\" content=\"800\" \/>\n\t<meta property=\"og:image:type\" content=\"image\/webp\" \/>\n<meta name=\"twitter:card\" content=\"summary_large_image\" \/>\n<script type=\"application\/ld+json\" class=\"yoast-schema-graph\">{\"@context\":\"https:\/\/schema.org\",\"@graph\":[{\"@type\":\"WebPage\",\"@id\":\"https:\/\/www.stavexpro.com\/index.php\/produkt\/omezena-nabidka-linealed-ww-nastavitelna-lampa-8-5w-28deg-3000k-artemide-2098\/\",\"url\":\"https:\/\/www.stavexpro.com\/index.php\/produkt\/omezena-nabidka-linealed-ww-nastavitelna-lampa-8-5w-28deg-3000k-artemide-2098\/\",\"name\":\"Omezen\u00e1 Nab\u00eddka LineaLed WW nastaviteln\u00e1 lampa 8,5W - 28\u00b0 3000K - ARTEMIDE -\",\"isPartOf\":{\"@id\":\"https:\/\/www.stavexpro.com\/#website\"},\"primaryImageOfPage\":{\"@id\":\"https:\/\/www.stavexpro.com\/index.php\/produkt\/omezena-nabidka-linealed-ww-nastavitelna-lampa-8-5w-28deg-3000k-artemide-2098\/#primaryimage\"},\"image\":{\"@id\":\"https:\/\/www.stavexpro.com\/index.php\/produkt\/omezena-nabidka-linealed-ww-nastavitelna-lampa-8-5w-28deg-3000k-artemide-2098\/#primaryimage\"},\"thumbnailUrl\":\"https:\/\/www.stavexpro.com\/wp-content\/uploads\/2026\/SK0001083-CZ20260425-091535-0-1777079743-AR-NL1733025K0.webp\",\"datePublished\":\"2026-04-26T08:51:52+00:00\",\"breadcrumb\":{\"@id\":\"https:\/\/www.stavexpro.com\/index.php\/produkt\/omezena-nabidka-linealed-ww-nastavitelna-lampa-8-5w-28deg-3000k-artemide-2098\/#breadcrumb\"},\"inLanguage\":\"cs\",\"potentialAction\":[{\"@type\":\"ReadAction\",\"target\":[\"https:\/\/www.stavexpro.com\/index.php\/produkt\/omezena-nabidka-linealed-ww-nastavitelna-lampa-8-5w-28deg-3000k-artemide-2098\/\"]}]},{\"@type\":\"ImageObject\",\"inLanguage\":\"cs\",\"@id\":\"https:\/\/www.stavexpro.com\/index.php\/produkt\/omezena-nabidka-linealed-ww-nastavitelna-lampa-8-5w-28deg-3000k-artemide-2098\/#primaryimage\",\"url\":\"https:\/\/www.stavexpro.com\/wp-content\/uploads\/2026\/SK0001083-CZ20260425-091535-0-1777079743-AR-NL1733025K0.webp\",\"contentUrl\":\"https:\/\/www.stavexpro.com\/wp-content\/uploads\/2026\/SK0001083-CZ20260425-091535-0-1777079743-AR-NL1733025K0.webp\",\"width\":800,\"height\":800},{\"@type\":\"BreadcrumbList\",\"@id\":\"https:\/\/www.stavexpro.com\/index.php\/produkt\/omezena-nabidka-linealed-ww-nastavitelna-lampa-8-5w-28deg-3000k-artemide-2098\/#breadcrumb\",\"itemListElement\":[{\"@type\":\"ListItem\",\"position\":1,\"name\":\"Home\",\"item\":\"https:\/\/www.stavexpro.com\/\"},{\"@type\":\"ListItem\",\"position\":2,\"name\":\"Products\",\"item\":\"https:\/\/www.stavexpro.com\/index.php\/products\/\"},{\"@type\":\"ListItem\",\"position\":3,\"name\":\"Omezen\u00e1 Nab\u00eddka LineaLed WW nastaviteln\u00e1 lampa 8,5W &#8211; 28\u00b0 3000K &#8211; ARTEMIDE\"}]},{\"@type\":\"WebSite\",\"@id\":\"https:\/\/www.stavexpro.com\/#website\",\"url\":\"https:\/\/www.stavexpro.com\/\",\"name\":\"\",\"description\":\"\",\"potentialAction\":[{\"@type\":\"SearchAction\",\"target\":{\"@type\":\"EntryPoint\",\"urlTemplate\":\"https:\/\/www.stavexpro.com\/?s={search_term_string}\"},\"query-input\":{\"@type\":\"PropertyValueSpecification\",\"valueRequired\":true,\"valueName\":\"search_term_string\"}}],\"inLanguage\":\"cs\"}]}<\/script>\n<!-- \/ Yoast SEO plugin. -->","yoast_head_json":{"title":"Omezen\u00e1 Nab\u00eddka LineaLed WW nastaviteln\u00e1 lampa 8,5W - 28\u00b0 3000K - ARTEMIDE -","robots":{"index":"index","follow":"follow","max-snippet":"max-snippet:-1","max-image-preview":"max-image-preview:large","max-video-preview":"max-video-preview:-1"},"canonical":"https:\/\/www.stavexpro.com\/index.php\/produkt\/omezena-nabidka-linealed-ww-nastavitelna-lampa-8-5w-28deg-3000k-artemide-2098\/","og_locale":"cs_CZ","og_type":"article","og_title":"Omezen\u00e1 Nab\u00eddka LineaLed WW nastaviteln\u00e1 lampa 8,5W - 28\u00b0 3000K - ARTEMIDE -","og_description":"Popis produktu Design: Carlotta de BevilacquaPou\u017eit\u00ed: venkovn\u00ed Parametry V\u00fd\u0161ka v mm 62 \u00dahel z\u00e1\u0159en\u00ed 28\u00b0 Index pod\u00e1n\u00ed barev 80 \u0160\u00ed\u0159ka v mm 42 D\u00e9lka v mm 300 Ochrana IP IP65\/67 Sv\u011bteln\u00fd tok 411lm Teplota barvy sv\u011btla 3000K Max. p\u0159\u00edkon sv\u011bteln\u00e9ho zdroje 8,5W V\u00fdkon 8.5W Nap\u00e1jec\u00ed nap\u011bt\u00ed 24V DC Patice LED V\u010detn\u011b sv\u011bteln\u00e9ho zdroje ano Materi\u00e1l [&hellip;]","og_url":"https:\/\/www.stavexpro.com\/index.php\/produkt\/omezena-nabidka-linealed-ww-nastavitelna-lampa-8-5w-28deg-3000k-artemide-2098\/","og_image":[{"width":800,"height":800,"url":"https:\/\/www.stavexpro.com\/wp-content\/uploads\/2026\/SK0001083-CZ20260425-091535-0-1777079743-AR-NL1733025K0.webp","type":"image\/webp"}],"twitter_card":"summary_large_image","schema":{"@context":"https:\/\/schema.org","@graph":[{"@type":"WebPage","@id":"https:\/\/www.stavexpro.com\/index.php\/produkt\/omezena-nabidka-linealed-ww-nastavitelna-lampa-8-5w-28deg-3000k-artemide-2098\/","url":"https:\/\/www.stavexpro.com\/index.php\/produkt\/omezena-nabidka-linealed-ww-nastavitelna-lampa-8-5w-28deg-3000k-artemide-2098\/","name":"Omezen\u00e1 Nab\u00eddka LineaLed WW nastaviteln\u00e1 lampa 8,5W - 28\u00b0 3000K - ARTEMIDE -","isPartOf":{"@id":"https:\/\/www.stavexpro.com\/#website"},"primaryImageOfPage":{"@id":"https:\/\/www.stavexpro.com\/index.php\/produkt\/omezena-nabidka-linealed-ww-nastavitelna-lampa-8-5w-28deg-3000k-artemide-2098\/#primaryimage"},"image":{"@id":"https:\/\/www.stavexpro.com\/index.php\/produkt\/omezena-nabidka-linealed-ww-nastavitelna-lampa-8-5w-28deg-3000k-artemide-2098\/#primaryimage"},"thumbnailUrl":"https:\/\/www.stavexpro.com\/wp-content\/uploads\/2026\/SK0001083-CZ20260425-091535-0-1777079743-AR-NL1733025K0.webp","datePublished":"2026-04-26T08:51:52+00:00","breadcrumb":{"@id":"https:\/\/www.stavexpro.com\/index.php\/produkt\/omezena-nabidka-linealed-ww-nastavitelna-lampa-8-5w-28deg-3000k-artemide-2098\/#breadcrumb"},"inLanguage":"cs","potentialAction":[{"@type":"ReadAction","target":["https:\/\/www.stavexpro.com\/index.php\/produkt\/omezena-nabidka-linealed-ww-nastavitelna-lampa-8-5w-28deg-3000k-artemide-2098\/"]}]},{"@type":"ImageObject","inLanguage":"cs","@id":"https:\/\/www.stavexpro.com\/index.php\/produkt\/omezena-nabidka-linealed-ww-nastavitelna-lampa-8-5w-28deg-3000k-artemide-2098\/#primaryimage","url":"https:\/\/www.stavexpro.com\/wp-content\/uploads\/2026\/SK0001083-CZ20260425-091535-0-1777079743-AR-NL1733025K0.webp","contentUrl":"https:\/\/www.stavexpro.com\/wp-content\/uploads\/2026\/SK0001083-CZ20260425-091535-0-1777079743-AR-NL1733025K0.webp","width":800,"height":800},{"@type":"BreadcrumbList","@id":"https:\/\/www.stavexpro.com\/index.php\/produkt\/omezena-nabidka-linealed-ww-nastavitelna-lampa-8-5w-28deg-3000k-artemide-2098\/#breadcrumb","itemListElement":[{"@type":"ListItem","position":1,"name":"Home","item":"https:\/\/www.stavexpro.com\/"},{"@type":"ListItem","position":2,"name":"Products","item":"https:\/\/www.stavexpro.com\/index.php\/products\/"},{"@type":"ListItem","position":3,"name":"Omezen\u00e1 Nab\u00eddka LineaLed WW nastaviteln\u00e1 lampa 8,5W &#8211; 28\u00b0 3000K &#8211; ARTEMIDE"}]},{"@type":"WebSite","@id":"https:\/\/www.stavexpro.com\/#website","url":"https:\/\/www.stavexpro.com\/","name":"","description":"","potentialAction":[{"@type":"SearchAction","target":{"@type":"EntryPoint","urlTemplate":"https:\/\/www.stavexpro.com\/?s={search_term_string}"},"query-input":{"@type":"PropertyValueSpecification","valueRequired":true,"valueName":"search_term_string"}}],"inLanguage":"cs"}]}},"_links":{"self":[{"href":"https:\/\/www.stavexpro.com\/index.php\/wp-json\/wp\/v2\/product\/2098","targetHints":{"allow":["GET"]}}],"collection":[{"href":"https:\/\/www.stavexpro.com\/index.php\/wp-json\/wp\/v2\/product"}],"about":[{"href":"https:\/\/www.stavexpro.com\/index.php\/wp-json\/wp\/v2\/types\/product"}],"replies":[{"embeddable":true,"href":"https:\/\/www.stavexpro.com\/index.php\/wp-json\/wp\/v2\/comments?post=2098"}],"wp:featuredmedia":[{"embeddable":true,"href":"https:\/\/www.stavexpro.com\/index.php\/wp-json\/wp\/v2\/media\/2198"}],"wp:attachment":[{"href":"https:\/\/www.stavexpro.com\/index.php\/wp-json\/wp\/v2\/media?parent=2098"}],"wp:term":[{"taxonomy":"product_brand","embeddable":true,"href":"https:\/\/www.stavexpro.com\/index.php\/wp-json\/wp\/v2\/product_brand?post=2098"},{"taxonomy":"product_cat","embeddable":true,"href":"https:\/\/www.stavexpro.com\/index.php\/wp-json\/wp\/v2\/product_cat?post=2098"},{"taxonomy":"product_tag","embeddable":true,"href":"https:\/\/www.stavexpro.com\/index.php\/wp-json\/wp\/v2\/product_tag?post=2098"}],"curies":[{"name":"wp","href":"https:\/\/api.w.org\/{rel}","templated":true}]}}