{"id":22571,"date":"2026-04-26T08:55:08","date_gmt":"2026-04-26T08:55:08","guid":{"rendered":""},"modified":"2026-04-26T08:55:08","modified_gmt":"2026-04-26T08:55:08","slug":"220-mm-litinovy-rost-kulaty-tovarni-cena-22571","status":"publish","type":"product","link":"https:\/\/www.stavexpro.com\/produkt\/220-mm-litinovy-rost-kulaty-tovarni-cena-22571\/","title":{"rendered":"220 mm litinov\u00fd ro\u0161t kulat\u00fd Tov\u00e1rn\u00ed Cena"},"content":{"rendered":"\n<div class=\"row\">\n<div class=\"col-lg-13\">\n<div class=\"x b bg-white card description-tabs\">\n<div class=\"card-header p-0 border-0\">\n<ul id=\"tabs-pdd\" class=\"nav navtabs text-center-var card-headertabs \" role=\"tablist\">\n<li class=\"nav-item\">Popis<\/li>\n<\/ul><\/div>\n<div class=\"card-body p-0 widget widget-container mx-0 tab-content\">            \t\t\t\t\t<!-- Tabs - Long description -->            \t\t\t\t\t<\/p>\n<div id=\"description\" class=\"tab-pane fade active show\" role=\"tabpanel\" aria-labelledby=\"description-tab\" itemprop=\"description\">\n<div class=\"text-left text\">            \t\t\t\t\t\t\t<span class=\"text-start\"><\/span>            \t\t\t\t\t\t\t<\/p>\n<h3><span>Ro\u0161t do krbov\u00fdch kamen, krb\u016f a gril\u016f<\/span><\/h3>\n<p><span>Jedn\u00e1 se o masivn\u00ed ro\u0161t. Tento kvalitn\u00ed ro\u0161t se d\u00e1 pou\u017e\u00edt do v\u0161ech topeni\u0161\u0165 kamen, krb\u016f a gril\u016f. Ro\u0161t je vyroben tradi\u010dn\u00ed technologi\u00ed &#8211; odlitek z \u0161ed\u00e9 litiny do p\u00edsku. Nab\u00edz\u00edme V\u00e1m ucelenou \u0159adu litinov\u00fdch ro\u0161t\u016f. Litinov\u00e9 ro\u0161ty se pou\u017e\u00edvaj\u00ed tak\u00e9 \u010dasto p\u0159\u00edmo na grilov\u00e1n\u00ed masa. Velmi obl\u00edben\u00e9 u\u017eit\u00ed litinov\u00fdch ro\u0161tu je p\u0159i stavb\u011b zahradn\u00edch krb\u016f a gril\u016f.<\/span><\/p>\n<p><span><strong>Litinov\u00fd ro\u0161t mus\u00ed b\u00fdt v ohni\u0161ti kamen, grilu nebo krbov\u00e9 vlo\u017eky usazen spr\u00e1vn\u011b, tj. u\u017e\u0161\u00ed \u0161t\u011brbinou sm\u011brem nahoru tak, aby nemohlo v \u017e\u00e1dn\u00e9m p\u0159\u00edpad\u011b doj\u00edt k zane\u0161en\u00ed a ucp\u00e1n\u00ed mezer ro\u0161tu popelem. Ro\u0161tem mus\u00ed proudit dostate\u010dn\u00e9 mno\u017estv\u00ed vzduchu, aby doch\u00e1zelo k jeho ochlazov\u00e1n\u00ed, proto je nutn\u00e9 pravideln\u011b kontrolovat, zda ro\u0161t nen\u00ed zane\u0161en.\u00a0 Pokud vzduch neproud\u00ed dostate\u010dn\u011b \u0161t\u011brbinami ro\u0161tu, je ro\u0161t nerovnom\u011brn\u011b tepeln\u011b zat\u011b\u017eov\u00e1n, m\u016f\u017ee doj\u00edt k jeho prasknut\u00ed , p\u0159\u00edpadn\u011b i k jeho deformaci. V takov\u00e9mto p\u0159\u00edpad\u011b nelze uznat reklamaci.<\/strong><\/span><\/p>\n<p><strong>Ro\u0161t je odlitek z\u00a0\u0161ed\u00e9 litiny, rozm\u011bry jsou ud\u00e1v\u00e1ny v\u00a0toleranci +\u00a0\/\u00a0&#8211;\u00a03mm, litinov\u00fd ro\u0161t je mo\u017en\u00e9 d\u00e1le opracov\u00e1vat \u0159ez\u00e1n\u00edm, vrt\u00e1n\u00edm nebo brou\u0161en\u00edm.<\/strong><\/p>\n<\/p><\/div>\n<\/p><\/div>\n<p>            \t\t\t\t<!-- Custom field product_tab1 -->            \t\t\t\t<!-- Custom field product_tab2 -->            \t\t\t\t            \t\t\t\t            \t\t\t<\/div>\n<\/p><\/div>\n<\/p><\/div>\n<div class=\" x b bg-default col-lg-9 offset-lg-2 pd-parameters text-left\">\n<div class=\"h4 pb-2 m-0\">Parametry<\/div>\n<p>\t<!-- Parameters -->\t\t<\/p>\n<table class=\"table table-condensed table-head-n table-th-fix  ml-0\">\n<tbody>\n<tr>\n<th class=\"pl-0 pt-0\"><span>Materi\u00e1l<\/span><\/th>\n<td class=\" pt-0 pr-0\">\t\t\t\t\t\t\tLitina\t\t\t\t\t\t<\/td>\n<\/tr>\n<tr>\n<th class=\"pl-0\"><span>Pr\u016fm\u011br<\/span><\/th>\n<td class=\" pr-0\">\t\t\t\t\t\t\t220 mm\t\t\t\t\t\t<\/td>\n<\/tr>\n<tr>\n<th class=\"pl-0\"><span>S\u00edla materi\u00e1lu<\/span><\/th>\n<td class=\" pr-0\">\t\t\t\t\t\t\t11 mm\t\t\t\t\t\t<\/td>\n<\/tr>\n<tr>\n<th class=\"pl-0\"><span>Hmotnost<\/span><\/th>\n<td class=\" pr-0\">\t\t\t\t\t\t\t2,2 kg\t\t\t\t\t\t<\/td>\n<\/tr>\n<tr>\n<th class=\"pl-0 pb-0\"><span>Rozm\u011br v palc\u00edch<\/span><\/th>\n<td class=\" pb-0 pr-0\">\t\t\t\t\t\t\t8,66\t\t\t\t\t\t<\/td>\n<\/tr>\n<\/tbody>\n<\/table>\n<div class=\"pb-3\"><\/div>\n<\/p><\/div>\n<\/p><\/div>\n<\/p><\/div>\n<p>\t <!-- Accessories 2 -->\t<\/article>\n<p>\t\t\t<!-- DEFAULT \/ COLUMN LEFT LAYOUT -->\t\t\t\t\t\t\t\t\t\t\t\t<!-- COLUMN RIGHT LAYOUT -->\t\t\t<\/p>\n<div class=\"container pb-0\">\n<div class=\"d-flex flex-column flex-xl-row layout-row cols\"><\/div>\n<\/div>\n<p>\t\t<\/main>\t\t<!-- FOOTER BLOCK -->\t\t\t    \t<\/p>\n<section class=\"bg bg-white last-visited\">\n<div class=\"container\">\n<h2><\/h2>\n","protected":false},"excerpt":{"rendered":"<p>Popis Ro\u0161t do krbov\u00fdch kamen, krb\u016f a gril\u016f Jedn\u00e1 se o masivn\u00ed ro\u0161t. Tento kvalitn\u00ed ro\u0161t se d\u00e1 pou\u017e\u00edt do v\u0161ech topeni\u0161\u0165 kamen, krb\u016f a gril\u016f. Ro\u0161t je vyroben tradi\u010dn\u00ed technologi\u00ed &#8211; odlitek z \u0161ed\u00e9 litiny do p\u00edsku. Nab\u00edz\u00edme V\u00e1m ucelenou \u0159adu litinov\u00fdch ro\u0161t\u016f. Litinov\u00e9 ro\u0161ty se pou\u017e\u00edvaj\u00ed tak\u00e9 \u010dasto p\u0159\u00edmo na grilov\u00e1n\u00ed masa. Velmi [&hellip;]<\/p>\n","protected":false},"featured_media":22671,"comment_status":"open","ping_status":"open","template":"","meta":[],"product_brand":[],"product_cat":[32],"product_tag":[],"class_list":{"0":"post-22571","1":"product","2":"type-product","3":"status-publish","4":"has-post-thumbnail","6":"product_cat-prislusenstvi","8":"first","9":"instock","10":"sale","11":"shipping-taxable","12":"purchasable","13":"product-type-simple"},"yoast_head":"<!-- This site is optimized with the Yoast SEO plugin v26.8 - https:\/\/yoast.com\/product\/yoast-seo-wordpress\/ -->\n<title>220 mm litinov\u00fd ro\u0161t kulat\u00fd Tov\u00e1rn\u00ed Cena -<\/title>\n<meta name=\"robots\" content=\"index, follow, max-snippet:-1, max-image-preview:large, max-video-preview:-1\" \/>\n<link rel=\"canonical\" href=\"https:\/\/www.stavexpro.com\/index.php\/produkt\/220-mm-litinovy-rost-kulaty-tovarni-cena-22571\/\" \/>\n<meta property=\"og:locale\" content=\"cs_CZ\" \/>\n<meta property=\"og:type\" content=\"article\" \/>\n<meta property=\"og:title\" content=\"220 mm litinov\u00fd ro\u0161t kulat\u00fd Tov\u00e1rn\u00ed Cena -\" \/>\n<meta property=\"og:description\" content=\"Popis Ro\u0161t do krbov\u00fdch kamen, krb\u016f a gril\u016f Jedn\u00e1 se o masivn\u00ed ro\u0161t. Tento kvalitn\u00ed ro\u0161t se d\u00e1 pou\u017e\u00edt do v\u0161ech topeni\u0161\u0165 kamen, krb\u016f a gril\u016f. Ro\u0161t je vyroben tradi\u010dn\u00ed technologi\u00ed &#8211; odlitek z \u0161ed\u00e9 litiny do p\u00edsku. Nab\u00edz\u00edme V\u00e1m ucelenou \u0159adu litinov\u00fdch ro\u0161t\u016f. Litinov\u00e9 ro\u0161ty se pou\u017e\u00edvaj\u00ed tak\u00e9 \u010dasto p\u0159\u00edmo na grilov\u00e1n\u00ed masa. Velmi [&hellip;]\" \/>\n<meta property=\"og:url\" content=\"https:\/\/www.stavexpro.com\/index.php\/produkt\/220-mm-litinovy-rost-kulaty-tovarni-cena-22571\/\" \/>\n<meta property=\"og:image\" content=\"https:\/\/www.stavexpro.com\/wp-content\/uploads\/2026\/SK0000169-CZ20260425-092015-0-1777080015-92e3b3345e4793256f97412bc24b6fed-96735fe6f1529e.webp\" \/>\n\t<meta property=\"og:image:width\" content=\"800\" \/>\n\t<meta property=\"og:image:height\" content=\"800\" \/>\n\t<meta property=\"og:image:type\" content=\"image\/webp\" \/>\n<meta name=\"twitter:card\" content=\"summary_large_image\" \/>\n<meta name=\"twitter:label1\" content=\"Odhadovan\u00e1 doba \u010dten\u00ed\" \/>\n\t<meta name=\"twitter:data1\" content=\"1 minuta\" \/>\n<script type=\"application\/ld+json\" class=\"yoast-schema-graph\">{\"@context\":\"https:\/\/schema.org\",\"@graph\":[{\"@type\":\"WebPage\",\"@id\":\"https:\/\/www.stavexpro.com\/index.php\/produkt\/220-mm-litinovy-rost-kulaty-tovarni-cena-22571\/\",\"url\":\"https:\/\/www.stavexpro.com\/index.php\/produkt\/220-mm-litinovy-rost-kulaty-tovarni-cena-22571\/\",\"name\":\"220 mm litinov\u00fd ro\u0161t kulat\u00fd Tov\u00e1rn\u00ed Cena -\",\"isPartOf\":{\"@id\":\"https:\/\/www.stavexpro.com\/#website\"},\"primaryImageOfPage\":{\"@id\":\"https:\/\/www.stavexpro.com\/index.php\/produkt\/220-mm-litinovy-rost-kulaty-tovarni-cena-22571\/#primaryimage\"},\"image\":{\"@id\":\"https:\/\/www.stavexpro.com\/index.php\/produkt\/220-mm-litinovy-rost-kulaty-tovarni-cena-22571\/#primaryimage\"},\"thumbnailUrl\":\"https:\/\/www.stavexpro.com\/wp-content\/uploads\/2026\/SK0000169-CZ20260425-092015-0-1777080015-92e3b3345e4793256f97412bc24b6fed-96735fe6f1529e.webp\",\"datePublished\":\"2026-04-26T08:55:08+00:00\",\"breadcrumb\":{\"@id\":\"https:\/\/www.stavexpro.com\/index.php\/produkt\/220-mm-litinovy-rost-kulaty-tovarni-cena-22571\/#breadcrumb\"},\"inLanguage\":\"cs\",\"potentialAction\":[{\"@type\":\"ReadAction\",\"target\":[\"https:\/\/www.stavexpro.com\/index.php\/produkt\/220-mm-litinovy-rost-kulaty-tovarni-cena-22571\/\"]}]},{\"@type\":\"ImageObject\",\"inLanguage\":\"cs\",\"@id\":\"https:\/\/www.stavexpro.com\/index.php\/produkt\/220-mm-litinovy-rost-kulaty-tovarni-cena-22571\/#primaryimage\",\"url\":\"https:\/\/www.stavexpro.com\/wp-content\/uploads\/2026\/SK0000169-CZ20260425-092015-0-1777080015-92e3b3345e4793256f97412bc24b6fed-96735fe6f1529e.webp\",\"contentUrl\":\"https:\/\/www.stavexpro.com\/wp-content\/uploads\/2026\/SK0000169-CZ20260425-092015-0-1777080015-92e3b3345e4793256f97412bc24b6fed-96735fe6f1529e.webp\",\"width\":800,\"height\":800},{\"@type\":\"BreadcrumbList\",\"@id\":\"https:\/\/www.stavexpro.com\/index.php\/produkt\/220-mm-litinovy-rost-kulaty-tovarni-cena-22571\/#breadcrumb\",\"itemListElement\":[{\"@type\":\"ListItem\",\"position\":1,\"name\":\"Home\",\"item\":\"https:\/\/www.stavexpro.com\/\"},{\"@type\":\"ListItem\",\"position\":2,\"name\":\"Products\",\"item\":\"https:\/\/www.stavexpro.com\/index.php\/products\/\"},{\"@type\":\"ListItem\",\"position\":3,\"name\":\"220 mm litinov\u00fd ro\u0161t kulat\u00fd Tov\u00e1rn\u00ed Cena\"}]},{\"@type\":\"WebSite\",\"@id\":\"https:\/\/www.stavexpro.com\/#website\",\"url\":\"https:\/\/www.stavexpro.com\/\",\"name\":\"\",\"description\":\"\",\"potentialAction\":[{\"@type\":\"SearchAction\",\"target\":{\"@type\":\"EntryPoint\",\"urlTemplate\":\"https:\/\/www.stavexpro.com\/?s={search_term_string}\"},\"query-input\":{\"@type\":\"PropertyValueSpecification\",\"valueRequired\":true,\"valueName\":\"search_term_string\"}}],\"inLanguage\":\"cs\"}]}<\/script>\n<!-- \/ Yoast SEO plugin. -->","yoast_head_json":{"title":"220 mm litinov\u00fd ro\u0161t kulat\u00fd Tov\u00e1rn\u00ed Cena -","robots":{"index":"index","follow":"follow","max-snippet":"max-snippet:-1","max-image-preview":"max-image-preview:large","max-video-preview":"max-video-preview:-1"},"canonical":"https:\/\/www.stavexpro.com\/index.php\/produkt\/220-mm-litinovy-rost-kulaty-tovarni-cena-22571\/","og_locale":"cs_CZ","og_type":"article","og_title":"220 mm litinov\u00fd ro\u0161t kulat\u00fd Tov\u00e1rn\u00ed Cena -","og_description":"Popis Ro\u0161t do krbov\u00fdch kamen, krb\u016f a gril\u016f Jedn\u00e1 se o masivn\u00ed ro\u0161t. Tento kvalitn\u00ed ro\u0161t se d\u00e1 pou\u017e\u00edt do v\u0161ech topeni\u0161\u0165 kamen, krb\u016f a gril\u016f. Ro\u0161t je vyroben tradi\u010dn\u00ed technologi\u00ed &#8211; odlitek z \u0161ed\u00e9 litiny do p\u00edsku. Nab\u00edz\u00edme V\u00e1m ucelenou \u0159adu litinov\u00fdch ro\u0161t\u016f. Litinov\u00e9 ro\u0161ty se pou\u017e\u00edvaj\u00ed tak\u00e9 \u010dasto p\u0159\u00edmo na grilov\u00e1n\u00ed masa. Velmi [&hellip;]","og_url":"https:\/\/www.stavexpro.com\/index.php\/produkt\/220-mm-litinovy-rost-kulaty-tovarni-cena-22571\/","og_image":[{"width":800,"height":800,"url":"https:\/\/www.stavexpro.com\/wp-content\/uploads\/2026\/SK0000169-CZ20260425-092015-0-1777080015-92e3b3345e4793256f97412bc24b6fed-96735fe6f1529e.webp","type":"image\/webp"}],"twitter_card":"summary_large_image","twitter_misc":{"Odhadovan\u00e1 doba \u010dten\u00ed":"1 minuta"},"schema":{"@context":"https:\/\/schema.org","@graph":[{"@type":"WebPage","@id":"https:\/\/www.stavexpro.com\/index.php\/produkt\/220-mm-litinovy-rost-kulaty-tovarni-cena-22571\/","url":"https:\/\/www.stavexpro.com\/index.php\/produkt\/220-mm-litinovy-rost-kulaty-tovarni-cena-22571\/","name":"220 mm litinov\u00fd ro\u0161t kulat\u00fd Tov\u00e1rn\u00ed Cena -","isPartOf":{"@id":"https:\/\/www.stavexpro.com\/#website"},"primaryImageOfPage":{"@id":"https:\/\/www.stavexpro.com\/index.php\/produkt\/220-mm-litinovy-rost-kulaty-tovarni-cena-22571\/#primaryimage"},"image":{"@id":"https:\/\/www.stavexpro.com\/index.php\/produkt\/220-mm-litinovy-rost-kulaty-tovarni-cena-22571\/#primaryimage"},"thumbnailUrl":"https:\/\/www.stavexpro.com\/wp-content\/uploads\/2026\/SK0000169-CZ20260425-092015-0-1777080015-92e3b3345e4793256f97412bc24b6fed-96735fe6f1529e.webp","datePublished":"2026-04-26T08:55:08+00:00","breadcrumb":{"@id":"https:\/\/www.stavexpro.com\/index.php\/produkt\/220-mm-litinovy-rost-kulaty-tovarni-cena-22571\/#breadcrumb"},"inLanguage":"cs","potentialAction":[{"@type":"ReadAction","target":["https:\/\/www.stavexpro.com\/index.php\/produkt\/220-mm-litinovy-rost-kulaty-tovarni-cena-22571\/"]}]},{"@type":"ImageObject","inLanguage":"cs","@id":"https:\/\/www.stavexpro.com\/index.php\/produkt\/220-mm-litinovy-rost-kulaty-tovarni-cena-22571\/#primaryimage","url":"https:\/\/www.stavexpro.com\/wp-content\/uploads\/2026\/SK0000169-CZ20260425-092015-0-1777080015-92e3b3345e4793256f97412bc24b6fed-96735fe6f1529e.webp","contentUrl":"https:\/\/www.stavexpro.com\/wp-content\/uploads\/2026\/SK0000169-CZ20260425-092015-0-1777080015-92e3b3345e4793256f97412bc24b6fed-96735fe6f1529e.webp","width":800,"height":800},{"@type":"BreadcrumbList","@id":"https:\/\/www.stavexpro.com\/index.php\/produkt\/220-mm-litinovy-rost-kulaty-tovarni-cena-22571\/#breadcrumb","itemListElement":[{"@type":"ListItem","position":1,"name":"Home","item":"https:\/\/www.stavexpro.com\/"},{"@type":"ListItem","position":2,"name":"Products","item":"https:\/\/www.stavexpro.com\/index.php\/products\/"},{"@type":"ListItem","position":3,"name":"220 mm litinov\u00fd ro\u0161t kulat\u00fd Tov\u00e1rn\u00ed Cena"}]},{"@type":"WebSite","@id":"https:\/\/www.stavexpro.com\/#website","url":"https:\/\/www.stavexpro.com\/","name":"","description":"","potentialAction":[{"@type":"SearchAction","target":{"@type":"EntryPoint","urlTemplate":"https:\/\/www.stavexpro.com\/?s={search_term_string}"},"query-input":{"@type":"PropertyValueSpecification","valueRequired":true,"valueName":"search_term_string"}}],"inLanguage":"cs"}]}},"_links":{"self":[{"href":"https:\/\/www.stavexpro.com\/wp-json\/wp\/v2\/product\/22571","targetHints":{"allow":["GET"]}}],"collection":[{"href":"https:\/\/www.stavexpro.com\/wp-json\/wp\/v2\/product"}],"about":[{"href":"https:\/\/www.stavexpro.com\/wp-json\/wp\/v2\/types\/product"}],"replies":[{"embeddable":true,"href":"https:\/\/www.stavexpro.com\/wp-json\/wp\/v2\/comments?post=22571"}],"wp:featuredmedia":[{"embeddable":true,"href":"https:\/\/www.stavexpro.com\/wp-json\/wp\/v2\/media\/22671"}],"wp:attachment":[{"href":"https:\/\/www.stavexpro.com\/wp-json\/wp\/v2\/media?parent=22571"}],"wp:term":[{"taxonomy":"product_brand","embeddable":true,"href":"https:\/\/www.stavexpro.com\/wp-json\/wp\/v2\/product_brand?post=22571"},{"taxonomy":"product_cat","embeddable":true,"href":"https:\/\/www.stavexpro.com\/wp-json\/wp\/v2\/product_cat?post=22571"},{"taxonomy":"product_tag","embeddable":true,"href":"https:\/\/www.stavexpro.com\/wp-json\/wp\/v2\/product_tag?post=22571"}],"curies":[{"name":"wp","href":"https:\/\/api.w.org\/{rel}","templated":true}]}}