{"id":27376,"date":"2026-04-26T08:56:03","date_gmt":"2026-04-26T08:56:03","guid":{"rendered":""},"modified":"2026-04-26T08:56:03","modified_gmt":"2026-04-26T08:56:03","slug":"3d-okenni-pas-elastic-interier-span-class-small-color-gray-text-muted-rozmer-pasu-interier-100mm-x-25m-span-kup-ted-27376","status":"publish","type":"product","link":"https:\/\/www.stavexpro.com\/produkt\/3d-okenni-pas-elastic-interier-span-class-small-color-gray-text-muted-rozmer-pasu-interier-100mm-x-25m-span-kup-ted-27376\/","title":{"rendered":"3D okenn\u00ed p\u00e1s ELASTIC INTERI\u00c9R<span class=\"small color-gray text-muted\"> &#8211; Rozm\u011br p\u00e1su: Interi\u00e9r &#8211; 100mm x 25m<\/span> Kup Te\u010f"},"content":{"rendered":"\n<ul class=\"nav nav-tabs nav-append-content\">\n<li>Popis <i class=\"fa fa-angle-down pull-right\"><\/i><\/li>\n<li>Ke sta\u017een\u00ed <span class=\"badge i-right\">1<\/span> <i class=\"fa fa-angle-down pull-right\"><\/i><\/li>\n<li>Diskuse  <i class=\"fa fa-angle-down pull-right\"><\/i><\/li>\n<li>M\u00e1te dotaz? <i class=\"fa fa-angle-down pull-right\"><\/i><\/li>\n<\/ul>\n<div class=\"tab-content TabsContentDynamicHeight\">\n<div class=\"tab-pane section-widget-base content-p\" id=\"tab-description\"> <!-- Tab-content - Long description -->\t\t\t\t\t\t\t<\/p>\n<p>P\u00e1ska ur\u010den\u00e1 k\u00a0ut\u011bsn\u011bn\u00ed p\u0159ipojovac\u00ed sp\u00e1ry mezi okenn\u00edm r\u00e1mem a\u00a0ost\u011bn\u00edm na stran\u011b interi\u00e9ru. Zaji\u0161\u0165uje vy\u0161\u0161\u00ed dif\u00fazn\u00ed otev\u0159enost a\u00a0zabra\u0148uje pronik\u00e1n\u00ed vodn\u00edch par do p\u0159ipojovac\u00ed sp\u00e1ry. Je sou\u010d\u00e1st\u00ed syst\u00e9mu spl\u0148uj\u00edc\u00ed mont\u00e1\u017e dle \u010cSN 74 6077.<\/p>\n<h3>Charakteristika<\/h3>\n<ul>\n<li>p\u00e1ska je opat\u0159ena siln\u00fdm lepidlem pro spojen\u00ed s\u00a0v\u011bt\u0161inou stavebn\u00edch podklad\u016f<\/li>\n<li>celoplo\u0161n\u00e1 lepic\u00ed vrstva<\/li>\n<li>lepic\u00ed vrstvy na obou stran\u00e1ch p\u00e1sky pro mont\u00e1\u017e na \u010delo r\u00e1mu i\u00a0bok r\u00e1mu<\/li>\n<li>snadno om\u00edtnuteln\u00e1<\/li>\n<li>jednoduch\u00e1 mont\u00e1\u017e d\u00edky rozd\u011blen\u00fdm lep\u00edc\u00edm linerum<\/li>\n<li>balen\u00ed umo\u017e\u0148uje snadn\u00e9 odv\u00edjen\u00ed a\u00a0ochranu p\u00e1sky<\/li>\n<\/ul>\n<h3>Postup aplikace<\/h3>\n<p>P\u0159ed nalepen\u00edm p\u00e1sek mus\u00ed b\u00fdt podklad v\u017edy \u0159\u00e1dn\u011b o\u010di\u0161t\u011bn. Aplika\u010dn\u00ed teplota podkladu i\u00a0prost\u0159ed\u00ed mus\u00ed b\u00fdt v\u00a0rozmez\u00ed -10 a\u017e +35 \u00b0C.<\/p>\n<p>P\u00e1s\u00a0se aplikuje na r\u00e1m okna tak, aby v\u00a0roz\u00edch vznikal p\u0159esah min. 2 cm pro snadn\u011bj\u0161\u00ed vytvarov\u00e1n\u00ed v\u00a0roz\u00edch (vytvo\u0159en\u00ed tzv. ou\u0161ka). Po nalepen\u00ed na okno vlo\u017ete r\u00e1m do otvoru a\u00a0vyrovnejte. P\u0159ipojovac\u00ed sp\u00e1ru vypl\u0148te PU p\u011bnou, doporu\u010den\u00e1 je syst\u00e9mov\u00e1<span>\u00a0<\/span>B\u00edl\u00e1 pru\u017en\u00e1 p\u011bna ELASTIC 3D, a\u00a0po vyzr\u00e1n\u00ed p\u011bnu za\u0159\u00edzn\u011bte. Vytvarujte p\u00e1sku k\u00a0ost\u011bn\u00ed, odlepte kryc\u00ed voskovan\u00fd p\u00e1sek a\u00a0p\u0159itla\u010dte p\u00e1sku k\u00a0ost\u011bn\u00ed a\u00a0za pomoc\u00ed v\u00e1le\u010dku ji \u0159\u00e1dn\u011b p\u0159itla\u010dte. L\u00edcovou stranu p\u0159ekryjte om\u00edtkou nebo jinak zakryjte a\u00a0ochra\u0148te p\u0159ed mechanick\u00fdm po\u0161kozen\u00edm.<\/p>\n<div class=\"clearfix\"><\/div>\n<\/p><\/div>\n<div class=\"tab-pane section-component content-component\" id=\"tab-download\"> <!-- Tab-content - Downloads -->\t\t\t\t\t\t\t<\/p>\n<div class=\"component\">\n<div class=\"download-items\">\t\t\t\t\t<i class=\"fa fa-download i-left\"><\/i><span class=\"di-title\">TL 07_25_3D okenn\u00ed p\u00e1s ELASTIC INTERI\u00c9R (1).pdf<\/span>\t\t\t<small class=\"number color-gray\">(<span class=\"text-uppercase\">pdf<\/span>, 230.5 kB)<\/small>\t\t\t<span class=\"clearfix\"><\/span>\t\t<\/div>\n<\/p><\/div>\n<\/p><\/div>\n","protected":false},"excerpt":{"rendered":"<p>Popis Ke sta\u017een\u00ed 1 Diskuse M\u00e1te dotaz? P\u00e1ska ur\u010den\u00e1 k\u00a0ut\u011bsn\u011bn\u00ed p\u0159ipojovac\u00ed sp\u00e1ry mezi okenn\u00edm r\u00e1mem a\u00a0ost\u011bn\u00edm na stran\u011b interi\u00e9ru. Zaji\u0161\u0165uje vy\u0161\u0161\u00ed dif\u00fazn\u00ed otev\u0159enost a\u00a0zabra\u0148uje pronik\u00e1n\u00ed vodn\u00edch par do p\u0159ipojovac\u00ed sp\u00e1ry. Je sou\u010d\u00e1st\u00ed syst\u00e9mu spl\u0148uj\u00edc\u00ed mont\u00e1\u017e dle \u010cSN 74 6077. Charakteristika p\u00e1ska je opat\u0159ena siln\u00fdm lepidlem pro spojen\u00ed s\u00a0v\u011bt\u0161inou stavebn\u00edch podklad\u016f celoplo\u0161n\u00e1 lepic\u00ed vrstva lepic\u00ed vrstvy [&hellip;]<\/p>\n","protected":false},"featured_media":27476,"comment_status":"open","ping_status":"open","template":"","meta":[],"product_brand":[],"product_cat":[97],"product_tag":[],"class_list":{"0":"post-27376","1":"product","2":"type-product","3":"status-publish","4":"has-post-thumbnail","6":"product_cat-malirske-naradi","8":"first","9":"instock","10":"sale","11":"shipping-taxable","12":"purchasable","13":"product-type-simple"},"yoast_head":"<!-- This site is optimized with the Yoast SEO plugin v26.8 - https:\/\/yoast.com\/product\/yoast-seo-wordpress\/ -->\n<title>3D okenn\u00ed p\u00e1s ELASTIC INTERI\u00c9R - Rozm\u011br p\u00e1su: Interi\u00e9r - 100mm x 25m Kup Te\u010f -<\/title>\n<meta name=\"robots\" content=\"index, follow, max-snippet:-1, max-image-preview:large, max-video-preview:-1\" \/>\n<link rel=\"canonical\" href=\"https:\/\/www.stavexpro.com\/index.php\/produkt\/3d-okenni-pas-elastic-interier-span-class-small-color-gray-text-muted-rozmer-pasu-interier-100mm-x-25m-span-kup-ted-27376\/\" \/>\n<meta property=\"og:locale\" content=\"cs_CZ\" \/>\n<meta property=\"og:type\" content=\"article\" \/>\n<meta property=\"og:title\" content=\"3D okenn\u00ed p\u00e1s ELASTIC INTERI\u00c9R - Rozm\u011br p\u00e1su: Interi\u00e9r - 100mm x 25m Kup Te\u010f -\" \/>\n<meta property=\"og:description\" content=\"Popis Ke sta\u017een\u00ed 1 Diskuse M\u00e1te dotaz? P\u00e1ska ur\u010den\u00e1 k\u00a0ut\u011bsn\u011bn\u00ed p\u0159ipojovac\u00ed sp\u00e1ry mezi okenn\u00edm r\u00e1mem a\u00a0ost\u011bn\u00edm na stran\u011b interi\u00e9ru. Zaji\u0161\u0165uje vy\u0161\u0161\u00ed dif\u00fazn\u00ed otev\u0159enost a\u00a0zabra\u0148uje pronik\u00e1n\u00ed vodn\u00edch par do p\u0159ipojovac\u00ed sp\u00e1ry. Je sou\u010d\u00e1st\u00ed syst\u00e9mu spl\u0148uj\u00edc\u00ed mont\u00e1\u017e dle \u010cSN 74 6077. Charakteristika p\u00e1ska je opat\u0159ena siln\u00fdm lepidlem pro spojen\u00ed s\u00a0v\u011bt\u0161inou stavebn\u00edch podklad\u016f celoplo\u0161n\u00e1 lepic\u00ed vrstva lepic\u00ed vrstvy [&hellip;]\" \/>\n<meta property=\"og:url\" content=\"https:\/\/www.stavexpro.com\/index.php\/produkt\/3d-okenni-pas-elastic-interier-span-class-small-color-gray-text-muted-rozmer-pasu-interier-100mm-x-25m-span-kup-ted-27376\/\" \/>\n<meta property=\"og:image\" content=\"https:\/\/www.stavexpro.com\/wp-content\/uploads\/2026\/SK0000024-CZ20260425-092133-0-1777080118-7890efb997267b8a108f9a0d0d00ec21-snimek-obrazovky-2025-09-2.webp\" \/>\n\t<meta property=\"og:image:width\" content=\"316\" \/>\n\t<meta property=\"og:image:height\" content=\"296\" \/>\n\t<meta property=\"og:image:type\" content=\"image\/webp\" \/>\n<meta name=\"twitter:card\" content=\"summary_large_image\" \/>\n<meta name=\"twitter:label1\" content=\"Odhadovan\u00e1 doba \u010dten\u00ed\" \/>\n\t<meta name=\"twitter:data1\" content=\"1 minuta\" \/>\n<script type=\"application\/ld+json\" class=\"yoast-schema-graph\">{\"@context\":\"https:\/\/schema.org\",\"@graph\":[{\"@type\":\"WebPage\",\"@id\":\"https:\/\/www.stavexpro.com\/index.php\/produkt\/3d-okenni-pas-elastic-interier-span-class-small-color-gray-text-muted-rozmer-pasu-interier-100mm-x-25m-span-kup-ted-27376\/\",\"url\":\"https:\/\/www.stavexpro.com\/index.php\/produkt\/3d-okenni-pas-elastic-interier-span-class-small-color-gray-text-muted-rozmer-pasu-interier-100mm-x-25m-span-kup-ted-27376\/\",\"name\":\"3D okenn\u00ed p\u00e1s ELASTIC INTERI\u00c9R - Rozm\u011br p\u00e1su: Interi\u00e9r - 100mm x 25m Kup Te\u010f -\",\"isPartOf\":{\"@id\":\"https:\/\/www.stavexpro.com\/#website\"},\"primaryImageOfPage\":{\"@id\":\"https:\/\/www.stavexpro.com\/index.php\/produkt\/3d-okenni-pas-elastic-interier-span-class-small-color-gray-text-muted-rozmer-pasu-interier-100mm-x-25m-span-kup-ted-27376\/#primaryimage\"},\"image\":{\"@id\":\"https:\/\/www.stavexpro.com\/index.php\/produkt\/3d-okenni-pas-elastic-interier-span-class-small-color-gray-text-muted-rozmer-pasu-interier-100mm-x-25m-span-kup-ted-27376\/#primaryimage\"},\"thumbnailUrl\":\"https:\/\/www.stavexpro.com\/wp-content\/uploads\/2026\/SK0000024-CZ20260425-092133-0-1777080118-7890efb997267b8a108f9a0d0d00ec21-snimek-obrazovky-2025-09-2.webp\",\"datePublished\":\"2026-04-26T08:56:03+00:00\",\"breadcrumb\":{\"@id\":\"https:\/\/www.stavexpro.com\/index.php\/produkt\/3d-okenni-pas-elastic-interier-span-class-small-color-gray-text-muted-rozmer-pasu-interier-100mm-x-25m-span-kup-ted-27376\/#breadcrumb\"},\"inLanguage\":\"cs\",\"potentialAction\":[{\"@type\":\"ReadAction\",\"target\":[\"https:\/\/www.stavexpro.com\/index.php\/produkt\/3d-okenni-pas-elastic-interier-span-class-small-color-gray-text-muted-rozmer-pasu-interier-100mm-x-25m-span-kup-ted-27376\/\"]}]},{\"@type\":\"ImageObject\",\"inLanguage\":\"cs\",\"@id\":\"https:\/\/www.stavexpro.com\/index.php\/produkt\/3d-okenni-pas-elastic-interier-span-class-small-color-gray-text-muted-rozmer-pasu-interier-100mm-x-25m-span-kup-ted-27376\/#primaryimage\",\"url\":\"https:\/\/www.stavexpro.com\/wp-content\/uploads\/2026\/SK0000024-CZ20260425-092133-0-1777080118-7890efb997267b8a108f9a0d0d00ec21-snimek-obrazovky-2025-09-2.webp\",\"contentUrl\":\"https:\/\/www.stavexpro.com\/wp-content\/uploads\/2026\/SK0000024-CZ20260425-092133-0-1777080118-7890efb997267b8a108f9a0d0d00ec21-snimek-obrazovky-2025-09-2.webp\",\"width\":316,\"height\":296},{\"@type\":\"BreadcrumbList\",\"@id\":\"https:\/\/www.stavexpro.com\/index.php\/produkt\/3d-okenni-pas-elastic-interier-span-class-small-color-gray-text-muted-rozmer-pasu-interier-100mm-x-25m-span-kup-ted-27376\/#breadcrumb\",\"itemListElement\":[{\"@type\":\"ListItem\",\"position\":1,\"name\":\"Home\",\"item\":\"https:\/\/www.stavexpro.com\/\"},{\"@type\":\"ListItem\",\"position\":2,\"name\":\"Products\",\"item\":\"https:\/\/www.stavexpro.com\/index.php\/products\/\"},{\"@type\":\"ListItem\",\"position\":3,\"name\":\"3D okenn\u00ed p\u00e1s ELASTIC INTERI\u00c9R &#8211; Rozm\u011br p\u00e1su: Interi\u00e9r &#8211; 100mm x 25m Kup Te\u010f\"}]},{\"@type\":\"WebSite\",\"@id\":\"https:\/\/www.stavexpro.com\/#website\",\"url\":\"https:\/\/www.stavexpro.com\/\",\"name\":\"\",\"description\":\"\",\"potentialAction\":[{\"@type\":\"SearchAction\",\"target\":{\"@type\":\"EntryPoint\",\"urlTemplate\":\"https:\/\/www.stavexpro.com\/?s={search_term_string}\"},\"query-input\":{\"@type\":\"PropertyValueSpecification\",\"valueRequired\":true,\"valueName\":\"search_term_string\"}}],\"inLanguage\":\"cs\"}]}<\/script>\n<!-- \/ Yoast SEO plugin. -->","yoast_head_json":{"title":"3D okenn\u00ed p\u00e1s ELASTIC INTERI\u00c9R - Rozm\u011br p\u00e1su: Interi\u00e9r - 100mm x 25m Kup Te\u010f -","robots":{"index":"index","follow":"follow","max-snippet":"max-snippet:-1","max-image-preview":"max-image-preview:large","max-video-preview":"max-video-preview:-1"},"canonical":"https:\/\/www.stavexpro.com\/index.php\/produkt\/3d-okenni-pas-elastic-interier-span-class-small-color-gray-text-muted-rozmer-pasu-interier-100mm-x-25m-span-kup-ted-27376\/","og_locale":"cs_CZ","og_type":"article","og_title":"3D okenn\u00ed p\u00e1s ELASTIC INTERI\u00c9R - Rozm\u011br p\u00e1su: Interi\u00e9r - 100mm x 25m Kup Te\u010f -","og_description":"Popis Ke sta\u017een\u00ed 1 Diskuse M\u00e1te dotaz? P\u00e1ska ur\u010den\u00e1 k\u00a0ut\u011bsn\u011bn\u00ed p\u0159ipojovac\u00ed sp\u00e1ry mezi okenn\u00edm r\u00e1mem a\u00a0ost\u011bn\u00edm na stran\u011b interi\u00e9ru. Zaji\u0161\u0165uje vy\u0161\u0161\u00ed dif\u00fazn\u00ed otev\u0159enost a\u00a0zabra\u0148uje pronik\u00e1n\u00ed vodn\u00edch par do p\u0159ipojovac\u00ed sp\u00e1ry. Je sou\u010d\u00e1st\u00ed syst\u00e9mu spl\u0148uj\u00edc\u00ed mont\u00e1\u017e dle \u010cSN 74 6077. Charakteristika p\u00e1ska je opat\u0159ena siln\u00fdm lepidlem pro spojen\u00ed s\u00a0v\u011bt\u0161inou stavebn\u00edch podklad\u016f celoplo\u0161n\u00e1 lepic\u00ed vrstva lepic\u00ed vrstvy [&hellip;]","og_url":"https:\/\/www.stavexpro.com\/index.php\/produkt\/3d-okenni-pas-elastic-interier-span-class-small-color-gray-text-muted-rozmer-pasu-interier-100mm-x-25m-span-kup-ted-27376\/","og_image":[{"width":316,"height":296,"url":"https:\/\/www.stavexpro.com\/wp-content\/uploads\/2026\/SK0000024-CZ20260425-092133-0-1777080118-7890efb997267b8a108f9a0d0d00ec21-snimek-obrazovky-2025-09-2.webp","type":"image\/webp"}],"twitter_card":"summary_large_image","twitter_misc":{"Odhadovan\u00e1 doba \u010dten\u00ed":"1 minuta"},"schema":{"@context":"https:\/\/schema.org","@graph":[{"@type":"WebPage","@id":"https:\/\/www.stavexpro.com\/index.php\/produkt\/3d-okenni-pas-elastic-interier-span-class-small-color-gray-text-muted-rozmer-pasu-interier-100mm-x-25m-span-kup-ted-27376\/","url":"https:\/\/www.stavexpro.com\/index.php\/produkt\/3d-okenni-pas-elastic-interier-span-class-small-color-gray-text-muted-rozmer-pasu-interier-100mm-x-25m-span-kup-ted-27376\/","name":"3D okenn\u00ed p\u00e1s ELASTIC INTERI\u00c9R - Rozm\u011br p\u00e1su: Interi\u00e9r - 100mm x 25m Kup Te\u010f -","isPartOf":{"@id":"https:\/\/www.stavexpro.com\/#website"},"primaryImageOfPage":{"@id":"https:\/\/www.stavexpro.com\/index.php\/produkt\/3d-okenni-pas-elastic-interier-span-class-small-color-gray-text-muted-rozmer-pasu-interier-100mm-x-25m-span-kup-ted-27376\/#primaryimage"},"image":{"@id":"https:\/\/www.stavexpro.com\/index.php\/produkt\/3d-okenni-pas-elastic-interier-span-class-small-color-gray-text-muted-rozmer-pasu-interier-100mm-x-25m-span-kup-ted-27376\/#primaryimage"},"thumbnailUrl":"https:\/\/www.stavexpro.com\/wp-content\/uploads\/2026\/SK0000024-CZ20260425-092133-0-1777080118-7890efb997267b8a108f9a0d0d00ec21-snimek-obrazovky-2025-09-2.webp","datePublished":"2026-04-26T08:56:03+00:00","breadcrumb":{"@id":"https:\/\/www.stavexpro.com\/index.php\/produkt\/3d-okenni-pas-elastic-interier-span-class-small-color-gray-text-muted-rozmer-pasu-interier-100mm-x-25m-span-kup-ted-27376\/#breadcrumb"},"inLanguage":"cs","potentialAction":[{"@type":"ReadAction","target":["https:\/\/www.stavexpro.com\/index.php\/produkt\/3d-okenni-pas-elastic-interier-span-class-small-color-gray-text-muted-rozmer-pasu-interier-100mm-x-25m-span-kup-ted-27376\/"]}]},{"@type":"ImageObject","inLanguage":"cs","@id":"https:\/\/www.stavexpro.com\/index.php\/produkt\/3d-okenni-pas-elastic-interier-span-class-small-color-gray-text-muted-rozmer-pasu-interier-100mm-x-25m-span-kup-ted-27376\/#primaryimage","url":"https:\/\/www.stavexpro.com\/wp-content\/uploads\/2026\/SK0000024-CZ20260425-092133-0-1777080118-7890efb997267b8a108f9a0d0d00ec21-snimek-obrazovky-2025-09-2.webp","contentUrl":"https:\/\/www.stavexpro.com\/wp-content\/uploads\/2026\/SK0000024-CZ20260425-092133-0-1777080118-7890efb997267b8a108f9a0d0d00ec21-snimek-obrazovky-2025-09-2.webp","width":316,"height":296},{"@type":"BreadcrumbList","@id":"https:\/\/www.stavexpro.com\/index.php\/produkt\/3d-okenni-pas-elastic-interier-span-class-small-color-gray-text-muted-rozmer-pasu-interier-100mm-x-25m-span-kup-ted-27376\/#breadcrumb","itemListElement":[{"@type":"ListItem","position":1,"name":"Home","item":"https:\/\/www.stavexpro.com\/"},{"@type":"ListItem","position":2,"name":"Products","item":"https:\/\/www.stavexpro.com\/index.php\/products\/"},{"@type":"ListItem","position":3,"name":"3D okenn\u00ed p\u00e1s ELASTIC INTERI\u00c9R &#8211; Rozm\u011br p\u00e1su: Interi\u00e9r &#8211; 100mm x 25m Kup Te\u010f"}]},{"@type":"WebSite","@id":"https:\/\/www.stavexpro.com\/#website","url":"https:\/\/www.stavexpro.com\/","name":"","description":"","potentialAction":[{"@type":"SearchAction","target":{"@type":"EntryPoint","urlTemplate":"https:\/\/www.stavexpro.com\/?s={search_term_string}"},"query-input":{"@type":"PropertyValueSpecification","valueRequired":true,"valueName":"search_term_string"}}],"inLanguage":"cs"}]}},"_links":{"self":[{"href":"https:\/\/www.stavexpro.com\/wp-json\/wp\/v2\/product\/27376","targetHints":{"allow":["GET"]}}],"collection":[{"href":"https:\/\/www.stavexpro.com\/wp-json\/wp\/v2\/product"}],"about":[{"href":"https:\/\/www.stavexpro.com\/wp-json\/wp\/v2\/types\/product"}],"replies":[{"embeddable":true,"href":"https:\/\/www.stavexpro.com\/wp-json\/wp\/v2\/comments?post=27376"}],"wp:featuredmedia":[{"embeddable":true,"href":"https:\/\/www.stavexpro.com\/wp-json\/wp\/v2\/media\/27476"}],"wp:attachment":[{"href":"https:\/\/www.stavexpro.com\/wp-json\/wp\/v2\/media?parent=27376"}],"wp:term":[{"taxonomy":"product_brand","embeddable":true,"href":"https:\/\/www.stavexpro.com\/wp-json\/wp\/v2\/product_brand?post=27376"},{"taxonomy":"product_cat","embeddable":true,"href":"https:\/\/www.stavexpro.com\/wp-json\/wp\/v2\/product_cat?post=27376"},{"taxonomy":"product_tag","embeddable":true,"href":"https:\/\/www.stavexpro.com\/wp-json\/wp\/v2\/product_tag?post=27376"}],"curies":[{"name":"wp","href":"https:\/\/api.w.org\/{rel}","templated":true}]}}