{"id":27377,"date":"2026-04-26T08:56:03","date_gmt":"2026-04-26T08:56:03","guid":{"rendered":""},"modified":"2026-04-26T08:56:03","modified_gmt":"2026-04-26T08:56:03","slug":"3m-kotouc-brusny-trizact-d150-p8000-objednat-nyni-27377","status":"publish","type":"product","link":"https:\/\/www.stavexpro.com\/index.php\/produkt\/3m-kotouc-brusny-trizact-d150-p8000-objednat-nyni-27377\/","title":{"rendered":"3M kotou\u010d brusn\u00fd Trizact D150 P8000 Objednat Nyn\u00ed"},"content":{"rendered":"\n<ul class=\"nav nav-tabs nav-append-content\">\n<li>Popis <i class=\"fa fa-angle-down pull-right\"><\/i><\/li>\n<li>Diskuse  <i class=\"fa fa-angle-down pull-right\"><\/i><\/li>\n<li>M\u00e1te dotaz? <i class=\"fa fa-angle-down pull-right\"><\/i><\/li>\n<\/ul>\n<div class=\"tab-content TabsContentDynamicHeight\">\n<div class=\"tab-pane section-widget-base content-p\" id=\"tab-description\"> <!-- Tab-content - Long description -->\t\t\t\t\t\t\t<\/p>\n<h1 class=\"paramTextAlign text-break m-0\"><span>P\u011bnov\u00fd brusn\u00fd kotou\u010d 3M\u2122 Trizact\u2122 Hookit\u2122 443SA je p\u011bnov\u00fd kotou\u010d pou\u017e\u00edvan\u00fd k odstra\u0148ov\u00e1n\u00ed a zjem\u0148ov\u00e1n\u00ed brusn\u00fdch \u0161kr\u00e1banc\u016f p\u0159ed pou\u017eit\u00edm le\u0161tic\u00edho syst\u00e9mu 3M\u2122 Perfect-It\u2122. P\u011bnov\u00fd brusn\u00fd kotou\u010d 3M\u2122 Trizact\u2122 Hookit\u2122 443SA pou\u017eijte k odstran\u011bn\u00ed \u0161kr\u00e1banc\u016f p\u0159ed opravou panel\u016f karos\u00e9rie auta pomoc\u00ed syst\u00e9mu 3M\u2122 Perfect It\u2122. N\u00e1\u0161 p\u011bnov\u00fd kotou\u010d dola\u010fuje \u0161kr\u00e1bance p\u0159i oprav\u011b laku p\u0159ed le\u0161t\u011bn\u00edm. P\u0159ed le\u0161t\u011bn\u00edm dola\u010fte \u0161kr\u00e1bance p\u0159i oprav\u011b laku Pokra\u010dujte vhodn\u00fdmi slo\u017ekami z barevn\u011b k\u00f3dovan\u00e9ho rozsahu syst\u00e9mu 3M Perfect-it Eliminujte pot\u0159ebu pou\u017eit\u00ed vln\u011bn\u00fdch slu\u010dovac\u00edch tal\u00ed\u0159\u016f a zkra\u0165te dobu le\u0161t\u011bn\u00ed, \u010d\u00edm\u017e zv\u00fd\u0161\u00edte produktivitu V\u017edy pou\u017e\u00edvejte za vlhka, s vypnut\u00fdm ods\u00e1v\u00e1n\u00edm prachu<\/span><\/h1>\n<div class=\"clearfix\"><\/div>\n<\/p><\/div>\n","protected":false},"excerpt":{"rendered":"<p>Popis Diskuse M\u00e1te dotaz? P\u011bnov\u00fd brusn\u00fd kotou\u010d 3M\u2122 Trizact\u2122 Hookit\u2122 443SA je p\u011bnov\u00fd kotou\u010d pou\u017e\u00edvan\u00fd k odstra\u0148ov\u00e1n\u00ed a zjem\u0148ov\u00e1n\u00ed brusn\u00fdch \u0161kr\u00e1banc\u016f p\u0159ed pou\u017eit\u00edm le\u0161tic\u00edho syst\u00e9mu 3M\u2122 Perfect-It\u2122. P\u011bnov\u00fd brusn\u00fd kotou\u010d 3M\u2122 Trizact\u2122 Hookit\u2122 443SA pou\u017eijte k odstran\u011bn\u00ed \u0161kr\u00e1banc\u016f p\u0159ed opravou panel\u016f karos\u00e9rie auta pomoc\u00ed syst\u00e9mu 3M\u2122 Perfect It\u2122. N\u00e1\u0161 p\u011bnov\u00fd kotou\u010d dola\u010fuje \u0161kr\u00e1bance p\u0159i oprav\u011b [&hellip;]<\/p>\n","protected":false},"featured_media":27477,"comment_status":"open","ping_status":"open","template":"","meta":[],"product_brand":[],"product_cat":[98],"product_tag":[],"class_list":{"0":"post-27377","1":"product","2":"type-product","3":"status-publish","4":"has-post-thumbnail","6":"product_cat-autolaky-amp-prislusenstvi","8":"first","9":"instock","10":"sale","11":"shipping-taxable","12":"purchasable","13":"product-type-simple"},"yoast_head":"<!-- This site is optimized with the Yoast SEO plugin v26.8 - https:\/\/yoast.com\/product\/yoast-seo-wordpress\/ -->\n<title>3M kotou\u010d brusn\u00fd Trizact D150 P8000 Objednat Nyn\u00ed -<\/title>\n<meta name=\"robots\" content=\"index, follow, max-snippet:-1, max-image-preview:large, max-video-preview:-1\" \/>\n<link rel=\"canonical\" href=\"https:\/\/www.stavexpro.com\/index.php\/produkt\/3m-kotouc-brusny-trizact-d150-p8000-objednat-nyni-27377\/\" \/>\n<meta property=\"og:locale\" content=\"cs_CZ\" \/>\n<meta property=\"og:type\" content=\"article\" \/>\n<meta property=\"og:title\" content=\"3M kotou\u010d brusn\u00fd Trizact D150 P8000 Objednat Nyn\u00ed -\" \/>\n<meta property=\"og:description\" content=\"Popis Diskuse M\u00e1te dotaz? P\u011bnov\u00fd brusn\u00fd kotou\u010d 3M\u2122 Trizact\u2122 Hookit\u2122 443SA je p\u011bnov\u00fd kotou\u010d pou\u017e\u00edvan\u00fd k odstra\u0148ov\u00e1n\u00ed a zjem\u0148ov\u00e1n\u00ed brusn\u00fdch \u0161kr\u00e1banc\u016f p\u0159ed pou\u017eit\u00edm le\u0161tic\u00edho syst\u00e9mu 3M\u2122 Perfect-It\u2122. P\u011bnov\u00fd brusn\u00fd kotou\u010d 3M\u2122 Trizact\u2122 Hookit\u2122 443SA pou\u017eijte k odstran\u011bn\u00ed \u0161kr\u00e1banc\u016f p\u0159ed opravou panel\u016f karos\u00e9rie auta pomoc\u00ed syst\u00e9mu 3M\u2122 Perfect It\u2122. N\u00e1\u0161 p\u011bnov\u00fd kotou\u010d dola\u010fuje \u0161kr\u00e1bance p\u0159i oprav\u011b [&hellip;]\" \/>\n<meta property=\"og:url\" content=\"https:\/\/www.stavexpro.com\/index.php\/produkt\/3m-kotouc-brusny-trizact-d150-p8000-objednat-nyni-27377\/\" \/>\n<meta property=\"og:image\" content=\"https:\/\/www.stavexpro.com\/wp-content\/uploads\/2026\/SK0000029-CZ20260425-092133-0-1777080118-1bd22247803dc41a4cfaa500adab4f92-6b7f7e7970737e-6b5c5a5a5a5.webp\" \/>\n\t<meta property=\"og:image:width\" content=\"322\" \/>\n\t<meta property=\"og:image:height\" content=\"322\" \/>\n\t<meta property=\"og:image:type\" content=\"image\/webp\" \/>\n<meta name=\"twitter:card\" content=\"summary_large_image\" \/>\n<meta name=\"twitter:label1\" content=\"Odhadovan\u00e1 doba \u010dten\u00ed\" \/>\n\t<meta name=\"twitter:data1\" content=\"1 minuta\" \/>\n<script type=\"application\/ld+json\" class=\"yoast-schema-graph\">{\"@context\":\"https:\/\/schema.org\",\"@graph\":[{\"@type\":\"WebPage\",\"@id\":\"https:\/\/www.stavexpro.com\/index.php\/produkt\/3m-kotouc-brusny-trizact-d150-p8000-objednat-nyni-27377\/\",\"url\":\"https:\/\/www.stavexpro.com\/index.php\/produkt\/3m-kotouc-brusny-trizact-d150-p8000-objednat-nyni-27377\/\",\"name\":\"3M kotou\u010d brusn\u00fd Trizact D150 P8000 Objednat Nyn\u00ed -\",\"isPartOf\":{\"@id\":\"https:\/\/www.stavexpro.com\/#website\"},\"primaryImageOfPage\":{\"@id\":\"https:\/\/www.stavexpro.com\/index.php\/produkt\/3m-kotouc-brusny-trizact-d150-p8000-objednat-nyni-27377\/#primaryimage\"},\"image\":{\"@id\":\"https:\/\/www.stavexpro.com\/index.php\/produkt\/3m-kotouc-brusny-trizact-d150-p8000-objednat-nyni-27377\/#primaryimage\"},\"thumbnailUrl\":\"https:\/\/www.stavexpro.com\/wp-content\/uploads\/2026\/SK0000029-CZ20260425-092133-0-1777080118-1bd22247803dc41a4cfaa500adab4f92-6b7f7e7970737e-6b5c5a5a5a5.webp\",\"datePublished\":\"2026-04-26T08:56:03+00:00\",\"breadcrumb\":{\"@id\":\"https:\/\/www.stavexpro.com\/index.php\/produkt\/3m-kotouc-brusny-trizact-d150-p8000-objednat-nyni-27377\/#breadcrumb\"},\"inLanguage\":\"cs\",\"potentialAction\":[{\"@type\":\"ReadAction\",\"target\":[\"https:\/\/www.stavexpro.com\/index.php\/produkt\/3m-kotouc-brusny-trizact-d150-p8000-objednat-nyni-27377\/\"]}]},{\"@type\":\"ImageObject\",\"inLanguage\":\"cs\",\"@id\":\"https:\/\/www.stavexpro.com\/index.php\/produkt\/3m-kotouc-brusny-trizact-d150-p8000-objednat-nyni-27377\/#primaryimage\",\"url\":\"https:\/\/www.stavexpro.com\/wp-content\/uploads\/2026\/SK0000029-CZ20260425-092133-0-1777080118-1bd22247803dc41a4cfaa500adab4f92-6b7f7e7970737e-6b5c5a5a5a5.webp\",\"contentUrl\":\"https:\/\/www.stavexpro.com\/wp-content\/uploads\/2026\/SK0000029-CZ20260425-092133-0-1777080118-1bd22247803dc41a4cfaa500adab4f92-6b7f7e7970737e-6b5c5a5a5a5.webp\",\"width\":322,\"height\":322},{\"@type\":\"BreadcrumbList\",\"@id\":\"https:\/\/www.stavexpro.com\/index.php\/produkt\/3m-kotouc-brusny-trizact-d150-p8000-objednat-nyni-27377\/#breadcrumb\",\"itemListElement\":[{\"@type\":\"ListItem\",\"position\":1,\"name\":\"Home\",\"item\":\"https:\/\/www.stavexpro.com\/\"},{\"@type\":\"ListItem\",\"position\":2,\"name\":\"Products\",\"item\":\"https:\/\/www.stavexpro.com\/index.php\/products\/\"},{\"@type\":\"ListItem\",\"position\":3,\"name\":\"3M kotou\u010d brusn\u00fd Trizact D150 P8000 Objednat Nyn\u00ed\"}]},{\"@type\":\"WebSite\",\"@id\":\"https:\/\/www.stavexpro.com\/#website\",\"url\":\"https:\/\/www.stavexpro.com\/\",\"name\":\"\",\"description\":\"\",\"potentialAction\":[{\"@type\":\"SearchAction\",\"target\":{\"@type\":\"EntryPoint\",\"urlTemplate\":\"https:\/\/www.stavexpro.com\/?s={search_term_string}\"},\"query-input\":{\"@type\":\"PropertyValueSpecification\",\"valueRequired\":true,\"valueName\":\"search_term_string\"}}],\"inLanguage\":\"cs\"}]}<\/script>\n<!-- \/ Yoast SEO plugin. -->","yoast_head_json":{"title":"3M kotou\u010d brusn\u00fd Trizact D150 P8000 Objednat Nyn\u00ed -","robots":{"index":"index","follow":"follow","max-snippet":"max-snippet:-1","max-image-preview":"max-image-preview:large","max-video-preview":"max-video-preview:-1"},"canonical":"https:\/\/www.stavexpro.com\/index.php\/produkt\/3m-kotouc-brusny-trizact-d150-p8000-objednat-nyni-27377\/","og_locale":"cs_CZ","og_type":"article","og_title":"3M kotou\u010d brusn\u00fd Trizact D150 P8000 Objednat Nyn\u00ed -","og_description":"Popis Diskuse M\u00e1te dotaz? P\u011bnov\u00fd brusn\u00fd kotou\u010d 3M\u2122 Trizact\u2122 Hookit\u2122 443SA je p\u011bnov\u00fd kotou\u010d pou\u017e\u00edvan\u00fd k odstra\u0148ov\u00e1n\u00ed a zjem\u0148ov\u00e1n\u00ed brusn\u00fdch \u0161kr\u00e1banc\u016f p\u0159ed pou\u017eit\u00edm le\u0161tic\u00edho syst\u00e9mu 3M\u2122 Perfect-It\u2122. P\u011bnov\u00fd brusn\u00fd kotou\u010d 3M\u2122 Trizact\u2122 Hookit\u2122 443SA pou\u017eijte k odstran\u011bn\u00ed \u0161kr\u00e1banc\u016f p\u0159ed opravou panel\u016f karos\u00e9rie auta pomoc\u00ed syst\u00e9mu 3M\u2122 Perfect It\u2122. N\u00e1\u0161 p\u011bnov\u00fd kotou\u010d dola\u010fuje \u0161kr\u00e1bance p\u0159i oprav\u011b [&hellip;]","og_url":"https:\/\/www.stavexpro.com\/index.php\/produkt\/3m-kotouc-brusny-trizact-d150-p8000-objednat-nyni-27377\/","og_image":[{"width":322,"height":322,"url":"https:\/\/www.stavexpro.com\/wp-content\/uploads\/2026\/SK0000029-CZ20260425-092133-0-1777080118-1bd22247803dc41a4cfaa500adab4f92-6b7f7e7970737e-6b5c5a5a5a5.webp","type":"image\/webp"}],"twitter_card":"summary_large_image","twitter_misc":{"Odhadovan\u00e1 doba \u010dten\u00ed":"1 minuta"},"schema":{"@context":"https:\/\/schema.org","@graph":[{"@type":"WebPage","@id":"https:\/\/www.stavexpro.com\/index.php\/produkt\/3m-kotouc-brusny-trizact-d150-p8000-objednat-nyni-27377\/","url":"https:\/\/www.stavexpro.com\/index.php\/produkt\/3m-kotouc-brusny-trizact-d150-p8000-objednat-nyni-27377\/","name":"3M kotou\u010d brusn\u00fd Trizact D150 P8000 Objednat Nyn\u00ed -","isPartOf":{"@id":"https:\/\/www.stavexpro.com\/#website"},"primaryImageOfPage":{"@id":"https:\/\/www.stavexpro.com\/index.php\/produkt\/3m-kotouc-brusny-trizact-d150-p8000-objednat-nyni-27377\/#primaryimage"},"image":{"@id":"https:\/\/www.stavexpro.com\/index.php\/produkt\/3m-kotouc-brusny-trizact-d150-p8000-objednat-nyni-27377\/#primaryimage"},"thumbnailUrl":"https:\/\/www.stavexpro.com\/wp-content\/uploads\/2026\/SK0000029-CZ20260425-092133-0-1777080118-1bd22247803dc41a4cfaa500adab4f92-6b7f7e7970737e-6b5c5a5a5a5.webp","datePublished":"2026-04-26T08:56:03+00:00","breadcrumb":{"@id":"https:\/\/www.stavexpro.com\/index.php\/produkt\/3m-kotouc-brusny-trizact-d150-p8000-objednat-nyni-27377\/#breadcrumb"},"inLanguage":"cs","potentialAction":[{"@type":"ReadAction","target":["https:\/\/www.stavexpro.com\/index.php\/produkt\/3m-kotouc-brusny-trizact-d150-p8000-objednat-nyni-27377\/"]}]},{"@type":"ImageObject","inLanguage":"cs","@id":"https:\/\/www.stavexpro.com\/index.php\/produkt\/3m-kotouc-brusny-trizact-d150-p8000-objednat-nyni-27377\/#primaryimage","url":"https:\/\/www.stavexpro.com\/wp-content\/uploads\/2026\/SK0000029-CZ20260425-092133-0-1777080118-1bd22247803dc41a4cfaa500adab4f92-6b7f7e7970737e-6b5c5a5a5a5.webp","contentUrl":"https:\/\/www.stavexpro.com\/wp-content\/uploads\/2026\/SK0000029-CZ20260425-092133-0-1777080118-1bd22247803dc41a4cfaa500adab4f92-6b7f7e7970737e-6b5c5a5a5a5.webp","width":322,"height":322},{"@type":"BreadcrumbList","@id":"https:\/\/www.stavexpro.com\/index.php\/produkt\/3m-kotouc-brusny-trizact-d150-p8000-objednat-nyni-27377\/#breadcrumb","itemListElement":[{"@type":"ListItem","position":1,"name":"Home","item":"https:\/\/www.stavexpro.com\/"},{"@type":"ListItem","position":2,"name":"Products","item":"https:\/\/www.stavexpro.com\/index.php\/products\/"},{"@type":"ListItem","position":3,"name":"3M kotou\u010d brusn\u00fd Trizact D150 P8000 Objednat Nyn\u00ed"}]},{"@type":"WebSite","@id":"https:\/\/www.stavexpro.com\/#website","url":"https:\/\/www.stavexpro.com\/","name":"","description":"","potentialAction":[{"@type":"SearchAction","target":{"@type":"EntryPoint","urlTemplate":"https:\/\/www.stavexpro.com\/?s={search_term_string}"},"query-input":{"@type":"PropertyValueSpecification","valueRequired":true,"valueName":"search_term_string"}}],"inLanguage":"cs"}]}},"_links":{"self":[{"href":"https:\/\/www.stavexpro.com\/index.php\/wp-json\/wp\/v2\/product\/27377","targetHints":{"allow":["GET"]}}],"collection":[{"href":"https:\/\/www.stavexpro.com\/index.php\/wp-json\/wp\/v2\/product"}],"about":[{"href":"https:\/\/www.stavexpro.com\/index.php\/wp-json\/wp\/v2\/types\/product"}],"replies":[{"embeddable":true,"href":"https:\/\/www.stavexpro.com\/index.php\/wp-json\/wp\/v2\/comments?post=27377"}],"wp:featuredmedia":[{"embeddable":true,"href":"https:\/\/www.stavexpro.com\/index.php\/wp-json\/wp\/v2\/media\/27477"}],"wp:attachment":[{"href":"https:\/\/www.stavexpro.com\/index.php\/wp-json\/wp\/v2\/media?parent=27377"}],"wp:term":[{"taxonomy":"product_brand","embeddable":true,"href":"https:\/\/www.stavexpro.com\/index.php\/wp-json\/wp\/v2\/product_brand?post=27377"},{"taxonomy":"product_cat","embeddable":true,"href":"https:\/\/www.stavexpro.com\/index.php\/wp-json\/wp\/v2\/product_cat?post=27377"},{"taxonomy":"product_tag","embeddable":true,"href":"https:\/\/www.stavexpro.com\/index.php\/wp-json\/wp\/v2\/product_tag?post=27377"}],"curies":[{"name":"wp","href":"https:\/\/api.w.org\/{rel}","templated":true}]}}