{"id":27381,"date":"2026-04-26T08:56:03","date_gmt":"2026-04-26T08:56:03","guid":{"rendered":""},"modified":"2026-04-26T08:56:03","modified_gmt":"2026-04-26T08:56:03","slug":"akce-3m-kotouc-lestici-d150-zeleny-perfect-it-27381","status":"publish","type":"product","link":"https:\/\/www.stavexpro.com\/produkt\/akce-3m-kotouc-lestici-d150-zeleny-perfect-it-27381\/","title":{"rendered":"Akce 3M kotou\u010d le\u0161t\u00edc\u00ed D150 zelen\u00fd Perfect-it"},"content":{"rendered":"\n<ul class=\"nav nav-tabs nav-append-content\">\n<li>Popis <i class=\"fa fa-angle-down pull-right\"><\/i><\/li>\n<li>Diskuse  <i class=\"fa fa-angle-down pull-right\"><\/i><\/li>\n<li>M\u00e1te dotaz? <i class=\"fa fa-angle-down pull-right\"><\/i><\/li>\n<\/ul>\n<div class=\"tab-content TabsContentDynamicHeight\">\n<div class=\"tab-pane section-widget-base content-p\" id=\"tab-description\"> <!-- Tab-content - Long description -->\t\t\t\t\t\t\t<\/p>\n<p><span>3M 50487 P\u011bnov\u00fd le\u0161t\u00edc\u00ed kotou\u010d D150 zelen\u00fd, upnut\u00ed: such\u00fd zip.<\/span><\/p>\n<div class=\"clearfix\"><\/div>\n<\/p><\/div>\n","protected":false},"excerpt":{"rendered":"<p>Popis Diskuse M\u00e1te dotaz? 3M 50487 P\u011bnov\u00fd le\u0161t\u00edc\u00ed kotou\u010d D150 zelen\u00fd, upnut\u00ed: such\u00fd zip.<\/p>\n","protected":false},"featured_media":27481,"comment_status":"open","ping_status":"open","template":"","meta":[],"product_brand":[],"product_cat":[98],"product_tag":[],"class_list":{"0":"post-27381","1":"product","2":"type-product","3":"status-publish","4":"has-post-thumbnail","6":"product_cat-autolaky-amp-prislusenstvi","8":"first","9":"instock","10":"sale","11":"shipping-taxable","12":"purchasable","13":"product-type-simple"},"yoast_head":"<!-- This site is optimized with the Yoast SEO plugin v26.8 - https:\/\/yoast.com\/product\/yoast-seo-wordpress\/ -->\n<title>Akce 3M kotou\u010d le\u0161t\u00edc\u00ed D150 zelen\u00fd Perfect-it -<\/title>\n<meta name=\"robots\" content=\"index, follow, max-snippet:-1, max-image-preview:large, max-video-preview:-1\" \/>\n<link rel=\"canonical\" href=\"https:\/\/www.stavexpro.com\/index.php\/produkt\/akce-3m-kotouc-lestici-d150-zeleny-perfect-it-27381\/\" \/>\n<meta property=\"og:locale\" content=\"cs_CZ\" \/>\n<meta property=\"og:type\" content=\"article\" \/>\n<meta property=\"og:title\" content=\"Akce 3M kotou\u010d le\u0161t\u00edc\u00ed D150 zelen\u00fd Perfect-it -\" \/>\n<meta property=\"og:description\" content=\"Popis Diskuse M\u00e1te dotaz? 3M 50487 P\u011bnov\u00fd le\u0161t\u00edc\u00ed kotou\u010d D150 zelen\u00fd, upnut\u00ed: such\u00fd zip.\" \/>\n<meta property=\"og:url\" content=\"https:\/\/www.stavexpro.com\/index.php\/produkt\/akce-3m-kotouc-lestici-d150-zeleny-perfect-it-27381\/\" \/>\n<meta property=\"og:image\" content=\"https:\/\/www.stavexpro.com\/wp-content\/uploads\/2026\/SK0000034-CZ20260425-092133-0-1777080118-7c1a730e4af693672d901e5683e5eb31-6b7f7e7970737e-6b5c5a5a5a5.webp\" \/>\n\t<meta property=\"og:image:width\" content=\"600\" \/>\n\t<meta property=\"og:image:height\" content=\"600\" \/>\n\t<meta property=\"og:image:type\" content=\"image\/webp\" \/>\n<meta name=\"twitter:card\" content=\"summary_large_image\" \/>\n<script type=\"application\/ld+json\" class=\"yoast-schema-graph\">{\"@context\":\"https:\/\/schema.org\",\"@graph\":[{\"@type\":\"WebPage\",\"@id\":\"https:\/\/www.stavexpro.com\/index.php\/produkt\/akce-3m-kotouc-lestici-d150-zeleny-perfect-it-27381\/\",\"url\":\"https:\/\/www.stavexpro.com\/index.php\/produkt\/akce-3m-kotouc-lestici-d150-zeleny-perfect-it-27381\/\",\"name\":\"Akce 3M kotou\u010d le\u0161t\u00edc\u00ed D150 zelen\u00fd Perfect-it -\",\"isPartOf\":{\"@id\":\"https:\/\/www.stavexpro.com\/#website\"},\"primaryImageOfPage\":{\"@id\":\"https:\/\/www.stavexpro.com\/index.php\/produkt\/akce-3m-kotouc-lestici-d150-zeleny-perfect-it-27381\/#primaryimage\"},\"image\":{\"@id\":\"https:\/\/www.stavexpro.com\/index.php\/produkt\/akce-3m-kotouc-lestici-d150-zeleny-perfect-it-27381\/#primaryimage\"},\"thumbnailUrl\":\"https:\/\/www.stavexpro.com\/wp-content\/uploads\/2026\/SK0000034-CZ20260425-092133-0-1777080118-7c1a730e4af693672d901e5683e5eb31-6b7f7e7970737e-6b5c5a5a5a5.webp\",\"datePublished\":\"2026-04-26T08:56:03+00:00\",\"breadcrumb\":{\"@id\":\"https:\/\/www.stavexpro.com\/index.php\/produkt\/akce-3m-kotouc-lestici-d150-zeleny-perfect-it-27381\/#breadcrumb\"},\"inLanguage\":\"cs\",\"potentialAction\":[{\"@type\":\"ReadAction\",\"target\":[\"https:\/\/www.stavexpro.com\/index.php\/produkt\/akce-3m-kotouc-lestici-d150-zeleny-perfect-it-27381\/\"]}]},{\"@type\":\"ImageObject\",\"inLanguage\":\"cs\",\"@id\":\"https:\/\/www.stavexpro.com\/index.php\/produkt\/akce-3m-kotouc-lestici-d150-zeleny-perfect-it-27381\/#primaryimage\",\"url\":\"https:\/\/www.stavexpro.com\/wp-content\/uploads\/2026\/SK0000034-CZ20260425-092133-0-1777080118-7c1a730e4af693672d901e5683e5eb31-6b7f7e7970737e-6b5c5a5a5a5.webp\",\"contentUrl\":\"https:\/\/www.stavexpro.com\/wp-content\/uploads\/2026\/SK0000034-CZ20260425-092133-0-1777080118-7c1a730e4af693672d901e5683e5eb31-6b7f7e7970737e-6b5c5a5a5a5.webp\",\"width\":600,\"height\":600},{\"@type\":\"BreadcrumbList\",\"@id\":\"https:\/\/www.stavexpro.com\/index.php\/produkt\/akce-3m-kotouc-lestici-d150-zeleny-perfect-it-27381\/#breadcrumb\",\"itemListElement\":[{\"@type\":\"ListItem\",\"position\":1,\"name\":\"Home\",\"item\":\"https:\/\/www.stavexpro.com\/\"},{\"@type\":\"ListItem\",\"position\":2,\"name\":\"Products\",\"item\":\"https:\/\/www.stavexpro.com\/index.php\/products\/\"},{\"@type\":\"ListItem\",\"position\":3,\"name\":\"Akce 3M kotou\u010d le\u0161t\u00edc\u00ed D150 zelen\u00fd Perfect-it\"}]},{\"@type\":\"WebSite\",\"@id\":\"https:\/\/www.stavexpro.com\/#website\",\"url\":\"https:\/\/www.stavexpro.com\/\",\"name\":\"\",\"description\":\"\",\"potentialAction\":[{\"@type\":\"SearchAction\",\"target\":{\"@type\":\"EntryPoint\",\"urlTemplate\":\"https:\/\/www.stavexpro.com\/?s={search_term_string}\"},\"query-input\":{\"@type\":\"PropertyValueSpecification\",\"valueRequired\":true,\"valueName\":\"search_term_string\"}}],\"inLanguage\":\"cs\"}]}<\/script>\n<!-- \/ Yoast SEO plugin. -->","yoast_head_json":{"title":"Akce 3M kotou\u010d le\u0161t\u00edc\u00ed D150 zelen\u00fd Perfect-it -","robots":{"index":"index","follow":"follow","max-snippet":"max-snippet:-1","max-image-preview":"max-image-preview:large","max-video-preview":"max-video-preview:-1"},"canonical":"https:\/\/www.stavexpro.com\/index.php\/produkt\/akce-3m-kotouc-lestici-d150-zeleny-perfect-it-27381\/","og_locale":"cs_CZ","og_type":"article","og_title":"Akce 3M kotou\u010d le\u0161t\u00edc\u00ed D150 zelen\u00fd Perfect-it -","og_description":"Popis Diskuse M\u00e1te dotaz? 3M 50487 P\u011bnov\u00fd le\u0161t\u00edc\u00ed kotou\u010d D150 zelen\u00fd, upnut\u00ed: such\u00fd zip.","og_url":"https:\/\/www.stavexpro.com\/index.php\/produkt\/akce-3m-kotouc-lestici-d150-zeleny-perfect-it-27381\/","og_image":[{"width":600,"height":600,"url":"https:\/\/www.stavexpro.com\/wp-content\/uploads\/2026\/SK0000034-CZ20260425-092133-0-1777080118-7c1a730e4af693672d901e5683e5eb31-6b7f7e7970737e-6b5c5a5a5a5.webp","type":"image\/webp"}],"twitter_card":"summary_large_image","schema":{"@context":"https:\/\/schema.org","@graph":[{"@type":"WebPage","@id":"https:\/\/www.stavexpro.com\/index.php\/produkt\/akce-3m-kotouc-lestici-d150-zeleny-perfect-it-27381\/","url":"https:\/\/www.stavexpro.com\/index.php\/produkt\/akce-3m-kotouc-lestici-d150-zeleny-perfect-it-27381\/","name":"Akce 3M kotou\u010d le\u0161t\u00edc\u00ed D150 zelen\u00fd Perfect-it -","isPartOf":{"@id":"https:\/\/www.stavexpro.com\/#website"},"primaryImageOfPage":{"@id":"https:\/\/www.stavexpro.com\/index.php\/produkt\/akce-3m-kotouc-lestici-d150-zeleny-perfect-it-27381\/#primaryimage"},"image":{"@id":"https:\/\/www.stavexpro.com\/index.php\/produkt\/akce-3m-kotouc-lestici-d150-zeleny-perfect-it-27381\/#primaryimage"},"thumbnailUrl":"https:\/\/www.stavexpro.com\/wp-content\/uploads\/2026\/SK0000034-CZ20260425-092133-0-1777080118-7c1a730e4af693672d901e5683e5eb31-6b7f7e7970737e-6b5c5a5a5a5.webp","datePublished":"2026-04-26T08:56:03+00:00","breadcrumb":{"@id":"https:\/\/www.stavexpro.com\/index.php\/produkt\/akce-3m-kotouc-lestici-d150-zeleny-perfect-it-27381\/#breadcrumb"},"inLanguage":"cs","potentialAction":[{"@type":"ReadAction","target":["https:\/\/www.stavexpro.com\/index.php\/produkt\/akce-3m-kotouc-lestici-d150-zeleny-perfect-it-27381\/"]}]},{"@type":"ImageObject","inLanguage":"cs","@id":"https:\/\/www.stavexpro.com\/index.php\/produkt\/akce-3m-kotouc-lestici-d150-zeleny-perfect-it-27381\/#primaryimage","url":"https:\/\/www.stavexpro.com\/wp-content\/uploads\/2026\/SK0000034-CZ20260425-092133-0-1777080118-7c1a730e4af693672d901e5683e5eb31-6b7f7e7970737e-6b5c5a5a5a5.webp","contentUrl":"https:\/\/www.stavexpro.com\/wp-content\/uploads\/2026\/SK0000034-CZ20260425-092133-0-1777080118-7c1a730e4af693672d901e5683e5eb31-6b7f7e7970737e-6b5c5a5a5a5.webp","width":600,"height":600},{"@type":"BreadcrumbList","@id":"https:\/\/www.stavexpro.com\/index.php\/produkt\/akce-3m-kotouc-lestici-d150-zeleny-perfect-it-27381\/#breadcrumb","itemListElement":[{"@type":"ListItem","position":1,"name":"Home","item":"https:\/\/www.stavexpro.com\/"},{"@type":"ListItem","position":2,"name":"Products","item":"https:\/\/www.stavexpro.com\/index.php\/products\/"},{"@type":"ListItem","position":3,"name":"Akce 3M kotou\u010d le\u0161t\u00edc\u00ed D150 zelen\u00fd Perfect-it"}]},{"@type":"WebSite","@id":"https:\/\/www.stavexpro.com\/#website","url":"https:\/\/www.stavexpro.com\/","name":"","description":"","potentialAction":[{"@type":"SearchAction","target":{"@type":"EntryPoint","urlTemplate":"https:\/\/www.stavexpro.com\/?s={search_term_string}"},"query-input":{"@type":"PropertyValueSpecification","valueRequired":true,"valueName":"search_term_string"}}],"inLanguage":"cs"}]}},"_links":{"self":[{"href":"https:\/\/www.stavexpro.com\/wp-json\/wp\/v2\/product\/27381","targetHints":{"allow":["GET"]}}],"collection":[{"href":"https:\/\/www.stavexpro.com\/wp-json\/wp\/v2\/product"}],"about":[{"href":"https:\/\/www.stavexpro.com\/wp-json\/wp\/v2\/types\/product"}],"replies":[{"embeddable":true,"href":"https:\/\/www.stavexpro.com\/wp-json\/wp\/v2\/comments?post=27381"}],"wp:featuredmedia":[{"embeddable":true,"href":"https:\/\/www.stavexpro.com\/wp-json\/wp\/v2\/media\/27481"}],"wp:attachment":[{"href":"https:\/\/www.stavexpro.com\/wp-json\/wp\/v2\/media?parent=27381"}],"wp:term":[{"taxonomy":"product_brand","embeddable":true,"href":"https:\/\/www.stavexpro.com\/wp-json\/wp\/v2\/product_brand?post=27381"},{"taxonomy":"product_cat","embeddable":true,"href":"https:\/\/www.stavexpro.com\/wp-json\/wp\/v2\/product_cat?post=27381"},{"taxonomy":"product_tag","embeddable":true,"href":"https:\/\/www.stavexpro.com\/wp-json\/wp\/v2\/product_tag?post=27381"}],"curies":[{"name":"wp","href":"https:\/\/api.w.org\/{rel}","templated":true}]}}