{"id":29892,"date":"2026-04-26T08:56:32","date_gmt":"2026-04-26T08:56:32","guid":{"rendered":""},"modified":"2026-04-26T08:56:32","modified_gmt":"2026-04-26T08:56:32","slug":"finalni-vyprodej-fasadni-valecek-dickamann-27-cm-polstrovany-29892","status":"publish","type":"product","link":"https:\/\/www.stavexpro.com\/index.php\/produkt\/finalni-vyprodej-fasadni-valecek-dickamann-27-cm-polstrovany-29892\/","title":{"rendered":"Fin\u00e1ln\u00ed V\u00fdprodej Fas\u00e1dn\u00ed v\u00e1le\u010dek Dickamann 27 cm polstrovan\u00fd"},"content":{"rendered":"<div class=\"row\">\n<div class=\"col-sm-12 shp-tabs-row responsive-nav\">\n<div class=\"shp-tabs-holder\">\n<ul id=\"p-detail-tabs\" class=\"shp-tabs p-detail-tabs visible-links\" role=\"tablist\">\n<li class=\"shp-tab active\" data-testid=\"tabDescription\">                Popis            <\/li>\n<\/ul>\n<\/div><\/div>\n<div class=\"col-sm-12 \">\n<div id=\"tab-content\" class=\"tab-content\">\n<div id=\"description\" class=\"tab-pane fade in active wide-tab\" role=\"tabpanel\">\n<div class=\"description-inner\">\n<div class=\"basic-description\">                                                        Fas\u00e1dn\u00ed v\u00e1le\u010dek Dickamann polstrovan\u00fd, vhodn\u00fd pro dr\u017eadlo pr\u016fm\u011bru 8 mm.                            <\/div>\n<div class=\"extended-description\">\n<p><strong>Dopl\u0148kov\u00e9 parametry<\/strong><\/p>\n<table class=\"detail-parameters\">\n<tbody>\n<tr>\n<th>        <span class=\"row-header-label\">            Kategorie<span class=\"row-header-label-colon\">:<\/span>        <\/span>    <\/th>\n<td>        Na barvu na ze\u010f interi\u00e9r    <\/td>\n<\/tr>\n<tr>\n<th>            <span class=\"row-header-label\">                Hmotnost<span class=\"row-header-label-colon\">:<\/span>            <\/span>        <\/th>\n<td>            0.19 kg        <\/td>\n<\/tr>\n<tr class=\"productEan\">\n<th>          <span class=\"row-header-label productEan__label\">              EAN<span class=\"row-header-label-colon\">:<\/span>          <\/span>      <\/th>\n<td>          <span class=\"productEan__value\">9002588252872<\/span>      <\/td>\n<\/tr>\n<tr>\n<th>                <span class=\"row-header-label\">                                            Zna\u010dka<span class=\"row-header-label-colon\">:<\/span>                                    <\/span>            <\/th>\n<td>                                                            Schuller                                                <\/td>\n<\/tr>\n<\/tbody>\n<\/table><\/div>\n<\/p><\/div>\n<\/p><\/div>\n<\/p><\/div>\n<\/p><\/div>\n<\/p><\/div>\n<\/p><\/div>\n<\/p><\/div>\n<p>                    <\/main>    <\/div>\n<\/p><\/div>\n","protected":false},"excerpt":{"rendered":"<p>Popis Fas\u00e1dn\u00ed v\u00e1le\u010dek Dickamann polstrovan\u00fd, vhodn\u00fd pro dr\u017eadlo pr\u016fm\u011bru 8 mm. Dopl\u0148kov\u00e9 parametry Kategorie: Na barvu na ze\u010f interi\u00e9r Hmotnost: 0.19 kg EAN: 9002588252872 Zna\u010dka: Schuller<\/p>\n","protected":false},"featured_media":29992,"comment_status":"open","ping_status":"open","template":"","meta":[],"product_brand":[],"product_cat":[108],"product_tag":[],"class_list":{"0":"post-29892","1":"product","2":"type-product","3":"status-publish","4":"has-post-thumbnail","6":"product_cat-pro-malire","8":"first","9":"instock","10":"sale","11":"shipping-taxable","12":"purchasable","13":"product-type-simple"},"yoast_head":"<!-- This site is optimized with the Yoast SEO plugin v26.8 - https:\/\/yoast.com\/product\/yoast-seo-wordpress\/ -->\n<title>Fin\u00e1ln\u00ed V\u00fdprodej Fas\u00e1dn\u00ed v\u00e1le\u010dek Dickamann 27 cm polstrovan\u00fd -<\/title>\n<meta name=\"robots\" content=\"index, follow, max-snippet:-1, max-image-preview:large, max-video-preview:-1\" \/>\n<link rel=\"canonical\" href=\"https:\/\/www.stavexpro.com\/index.php\/produkt\/finalni-vyprodej-fasadni-valecek-dickamann-27-cm-polstrovany-29892\/\" \/>\n<meta property=\"og:locale\" content=\"cs_CZ\" \/>\n<meta property=\"og:type\" content=\"article\" \/>\n<meta property=\"og:title\" content=\"Fin\u00e1ln\u00ed V\u00fdprodej Fas\u00e1dn\u00ed v\u00e1le\u010dek Dickamann 27 cm polstrovan\u00fd -\" \/>\n<meta property=\"og:description\" content=\"Popis Fas\u00e1dn\u00ed v\u00e1le\u010dek Dickamann polstrovan\u00fd, vhodn\u00fd pro dr\u017eadlo pr\u016fm\u011bru 8 mm. Dopl\u0148kov\u00e9 parametry Kategorie: Na barvu na ze\u010f interi\u00e9r Hmotnost: 0.19 kg EAN: 9002588252872 Zna\u010dka: Schuller\" \/>\n<meta property=\"og:url\" content=\"https:\/\/www.stavexpro.com\/index.php\/produkt\/finalni-vyprodej-fasadni-valecek-dickamann-27-cm-polstrovany-29892\/\" \/>\n<meta property=\"og:image\" content=\"https:\/\/www.stavexpro.com\/wp-content\/uploads\/2026\/SK0000044-CZ20260425-092254-0-1777080174-10485_schuller-fasadni-valecek-dickmann.webp\" \/>\n\t<meta property=\"og:image:width\" content=\"1000\" \/>\n\t<meta property=\"og:image:height\" content=\"750\" \/>\n\t<meta property=\"og:image:type\" content=\"image\/webp\" \/>\n<meta name=\"twitter:card\" content=\"summary_large_image\" \/>\n<script type=\"application\/ld+json\" class=\"yoast-schema-graph\">{\"@context\":\"https:\/\/schema.org\",\"@graph\":[{\"@type\":\"WebPage\",\"@id\":\"https:\/\/www.stavexpro.com\/index.php\/produkt\/finalni-vyprodej-fasadni-valecek-dickamann-27-cm-polstrovany-29892\/\",\"url\":\"https:\/\/www.stavexpro.com\/index.php\/produkt\/finalni-vyprodej-fasadni-valecek-dickamann-27-cm-polstrovany-29892\/\",\"name\":\"Fin\u00e1ln\u00ed V\u00fdprodej Fas\u00e1dn\u00ed v\u00e1le\u010dek Dickamann 27 cm polstrovan\u00fd -\",\"isPartOf\":{\"@id\":\"https:\/\/www.stavexpro.com\/#website\"},\"primaryImageOfPage\":{\"@id\":\"https:\/\/www.stavexpro.com\/index.php\/produkt\/finalni-vyprodej-fasadni-valecek-dickamann-27-cm-polstrovany-29892\/#primaryimage\"},\"image\":{\"@id\":\"https:\/\/www.stavexpro.com\/index.php\/produkt\/finalni-vyprodej-fasadni-valecek-dickamann-27-cm-polstrovany-29892\/#primaryimage\"},\"thumbnailUrl\":\"https:\/\/www.stavexpro.com\/wp-content\/uploads\/2026\/SK0000044-CZ20260425-092254-0-1777080174-10485_schuller-fasadni-valecek-dickmann.webp\",\"datePublished\":\"2026-04-26T08:56:32+00:00\",\"breadcrumb\":{\"@id\":\"https:\/\/www.stavexpro.com\/index.php\/produkt\/finalni-vyprodej-fasadni-valecek-dickamann-27-cm-polstrovany-29892\/#breadcrumb\"},\"inLanguage\":\"cs\",\"potentialAction\":[{\"@type\":\"ReadAction\",\"target\":[\"https:\/\/www.stavexpro.com\/index.php\/produkt\/finalni-vyprodej-fasadni-valecek-dickamann-27-cm-polstrovany-29892\/\"]}]},{\"@type\":\"ImageObject\",\"inLanguage\":\"cs\",\"@id\":\"https:\/\/www.stavexpro.com\/index.php\/produkt\/finalni-vyprodej-fasadni-valecek-dickamann-27-cm-polstrovany-29892\/#primaryimage\",\"url\":\"https:\/\/www.stavexpro.com\/wp-content\/uploads\/2026\/SK0000044-CZ20260425-092254-0-1777080174-10485_schuller-fasadni-valecek-dickmann.webp\",\"contentUrl\":\"https:\/\/www.stavexpro.com\/wp-content\/uploads\/2026\/SK0000044-CZ20260425-092254-0-1777080174-10485_schuller-fasadni-valecek-dickmann.webp\",\"width\":1000,\"height\":750},{\"@type\":\"BreadcrumbList\",\"@id\":\"https:\/\/www.stavexpro.com\/index.php\/produkt\/finalni-vyprodej-fasadni-valecek-dickamann-27-cm-polstrovany-29892\/#breadcrumb\",\"itemListElement\":[{\"@type\":\"ListItem\",\"position\":1,\"name\":\"Home\",\"item\":\"https:\/\/www.stavexpro.com\/\"},{\"@type\":\"ListItem\",\"position\":2,\"name\":\"Products\",\"item\":\"https:\/\/www.stavexpro.com\/index.php\/products\/\"},{\"@type\":\"ListItem\",\"position\":3,\"name\":\"Fin\u00e1ln\u00ed V\u00fdprodej Fas\u00e1dn\u00ed v\u00e1le\u010dek Dickamann 27 cm polstrovan\u00fd\"}]},{\"@type\":\"WebSite\",\"@id\":\"https:\/\/www.stavexpro.com\/#website\",\"url\":\"https:\/\/www.stavexpro.com\/\",\"name\":\"\",\"description\":\"\",\"potentialAction\":[{\"@type\":\"SearchAction\",\"target\":{\"@type\":\"EntryPoint\",\"urlTemplate\":\"https:\/\/www.stavexpro.com\/?s={search_term_string}\"},\"query-input\":{\"@type\":\"PropertyValueSpecification\",\"valueRequired\":true,\"valueName\":\"search_term_string\"}}],\"inLanguage\":\"cs\"}]}<\/script>\n<!-- \/ Yoast SEO plugin. -->","yoast_head_json":{"title":"Fin\u00e1ln\u00ed V\u00fdprodej Fas\u00e1dn\u00ed v\u00e1le\u010dek Dickamann 27 cm polstrovan\u00fd -","robots":{"index":"index","follow":"follow","max-snippet":"max-snippet:-1","max-image-preview":"max-image-preview:large","max-video-preview":"max-video-preview:-1"},"canonical":"https:\/\/www.stavexpro.com\/index.php\/produkt\/finalni-vyprodej-fasadni-valecek-dickamann-27-cm-polstrovany-29892\/","og_locale":"cs_CZ","og_type":"article","og_title":"Fin\u00e1ln\u00ed V\u00fdprodej Fas\u00e1dn\u00ed v\u00e1le\u010dek Dickamann 27 cm polstrovan\u00fd -","og_description":"Popis Fas\u00e1dn\u00ed v\u00e1le\u010dek Dickamann polstrovan\u00fd, vhodn\u00fd pro dr\u017eadlo pr\u016fm\u011bru 8 mm. Dopl\u0148kov\u00e9 parametry Kategorie: Na barvu na ze\u010f interi\u00e9r Hmotnost: 0.19 kg EAN: 9002588252872 Zna\u010dka: Schuller","og_url":"https:\/\/www.stavexpro.com\/index.php\/produkt\/finalni-vyprodej-fasadni-valecek-dickamann-27-cm-polstrovany-29892\/","og_image":[{"width":1000,"height":750,"url":"https:\/\/www.stavexpro.com\/wp-content\/uploads\/2026\/SK0000044-CZ20260425-092254-0-1777080174-10485_schuller-fasadni-valecek-dickmann.webp","type":"image\/webp"}],"twitter_card":"summary_large_image","schema":{"@context":"https:\/\/schema.org","@graph":[{"@type":"WebPage","@id":"https:\/\/www.stavexpro.com\/index.php\/produkt\/finalni-vyprodej-fasadni-valecek-dickamann-27-cm-polstrovany-29892\/","url":"https:\/\/www.stavexpro.com\/index.php\/produkt\/finalni-vyprodej-fasadni-valecek-dickamann-27-cm-polstrovany-29892\/","name":"Fin\u00e1ln\u00ed V\u00fdprodej Fas\u00e1dn\u00ed v\u00e1le\u010dek Dickamann 27 cm polstrovan\u00fd -","isPartOf":{"@id":"https:\/\/www.stavexpro.com\/#website"},"primaryImageOfPage":{"@id":"https:\/\/www.stavexpro.com\/index.php\/produkt\/finalni-vyprodej-fasadni-valecek-dickamann-27-cm-polstrovany-29892\/#primaryimage"},"image":{"@id":"https:\/\/www.stavexpro.com\/index.php\/produkt\/finalni-vyprodej-fasadni-valecek-dickamann-27-cm-polstrovany-29892\/#primaryimage"},"thumbnailUrl":"https:\/\/www.stavexpro.com\/wp-content\/uploads\/2026\/SK0000044-CZ20260425-092254-0-1777080174-10485_schuller-fasadni-valecek-dickmann.webp","datePublished":"2026-04-26T08:56:32+00:00","breadcrumb":{"@id":"https:\/\/www.stavexpro.com\/index.php\/produkt\/finalni-vyprodej-fasadni-valecek-dickamann-27-cm-polstrovany-29892\/#breadcrumb"},"inLanguage":"cs","potentialAction":[{"@type":"ReadAction","target":["https:\/\/www.stavexpro.com\/index.php\/produkt\/finalni-vyprodej-fasadni-valecek-dickamann-27-cm-polstrovany-29892\/"]}]},{"@type":"ImageObject","inLanguage":"cs","@id":"https:\/\/www.stavexpro.com\/index.php\/produkt\/finalni-vyprodej-fasadni-valecek-dickamann-27-cm-polstrovany-29892\/#primaryimage","url":"https:\/\/www.stavexpro.com\/wp-content\/uploads\/2026\/SK0000044-CZ20260425-092254-0-1777080174-10485_schuller-fasadni-valecek-dickmann.webp","contentUrl":"https:\/\/www.stavexpro.com\/wp-content\/uploads\/2026\/SK0000044-CZ20260425-092254-0-1777080174-10485_schuller-fasadni-valecek-dickmann.webp","width":1000,"height":750},{"@type":"BreadcrumbList","@id":"https:\/\/www.stavexpro.com\/index.php\/produkt\/finalni-vyprodej-fasadni-valecek-dickamann-27-cm-polstrovany-29892\/#breadcrumb","itemListElement":[{"@type":"ListItem","position":1,"name":"Home","item":"https:\/\/www.stavexpro.com\/"},{"@type":"ListItem","position":2,"name":"Products","item":"https:\/\/www.stavexpro.com\/index.php\/products\/"},{"@type":"ListItem","position":3,"name":"Fin\u00e1ln\u00ed V\u00fdprodej Fas\u00e1dn\u00ed v\u00e1le\u010dek Dickamann 27 cm polstrovan\u00fd"}]},{"@type":"WebSite","@id":"https:\/\/www.stavexpro.com\/#website","url":"https:\/\/www.stavexpro.com\/","name":"","description":"","potentialAction":[{"@type":"SearchAction","target":{"@type":"EntryPoint","urlTemplate":"https:\/\/www.stavexpro.com\/?s={search_term_string}"},"query-input":{"@type":"PropertyValueSpecification","valueRequired":true,"valueName":"search_term_string"}}],"inLanguage":"cs"}]}},"_links":{"self":[{"href":"https:\/\/www.stavexpro.com\/index.php\/wp-json\/wp\/v2\/product\/29892","targetHints":{"allow":["GET"]}}],"collection":[{"href":"https:\/\/www.stavexpro.com\/index.php\/wp-json\/wp\/v2\/product"}],"about":[{"href":"https:\/\/www.stavexpro.com\/index.php\/wp-json\/wp\/v2\/types\/product"}],"replies":[{"embeddable":true,"href":"https:\/\/www.stavexpro.com\/index.php\/wp-json\/wp\/v2\/comments?post=29892"}],"wp:featuredmedia":[{"embeddable":true,"href":"https:\/\/www.stavexpro.com\/index.php\/wp-json\/wp\/v2\/media\/29992"}],"wp:attachment":[{"href":"https:\/\/www.stavexpro.com\/index.php\/wp-json\/wp\/v2\/media?parent=29892"}],"wp:term":[{"taxonomy":"product_brand","embeddable":true,"href":"https:\/\/www.stavexpro.com\/index.php\/wp-json\/wp\/v2\/product_brand?post=29892"},{"taxonomy":"product_cat","embeddable":true,"href":"https:\/\/www.stavexpro.com\/index.php\/wp-json\/wp\/v2\/product_cat?post=29892"},{"taxonomy":"product_tag","embeddable":true,"href":"https:\/\/www.stavexpro.com\/index.php\/wp-json\/wp\/v2\/product_tag?post=29892"}],"curies":[{"name":"wp","href":"https:\/\/api.w.org\/{rel}","templated":true}]}}

Finální Výprodej Fasádní váleček Dickamann 27 cm polstrovaný

<div class="row">
<div class="col-sm-12 shp-tabs-row responsive-nav">
<div class="shp-tabs-holder">
<ul id="p-detail-tabs" class="shp-tabs p-detail-tabs visible-links" role="tablist">
<li class="shp-tab active" data-testid="tabDescription">                Popis            </li>
</ul>
</div></div>
<div class="col-sm-12 ">
<div id="tab-content" class="tab-content">
<div id="description" class="tab-pane fade in active wide-tab" role="tabpanel">
<div class="description-inner">
<div class="basic-description">                                                        Fasádní váleček Dickamann polstrovaný, vhodný pro držadlo průměru 8 mm.                            </div>
<div class="extended-description">
<p><strong>Doplňkové parametry</strong></p>
<table class="detail-parameters">
<tbody>
<tr>
<th>        <span class="row-header-label">            Kategorie<span class="row-header-label-colon">:</span>        </span>    </th>
<td>        Na barvu na zeď interiér    </td>
</tr>
<tr>
<th>            <span class="row-header-label">                Hmotnost<span class="row-header-label-colon">:</span>            </span>        </th>
<td>            0.19 kg        </td>
</tr>
<tr class="productEan">
<th>          <span class="row-header-label productEan__label">              EAN<span class="row-header-label-colon">:</span>          </span>      </th>
<td>          <span class="productEan__value">9002588252872</span>      </td>
</tr>
<tr>
<th>                <span class="row-header-label">                                            Značka<span class="row-header-label-colon">:</span>                                    </span>            </th>
<td>                                                            Schuller                                                </td>
</tr>
</tbody>
</table></div>
</p></div>
</p></div>
</p></div>
</p></div>
</p></div>
</p></div>
</p></div>
<p>                    </main>    </div>
</p></div>

<p>Popis Fasádní váleček Dickamann polstrovaný, vhodný pro držadlo průměru 8 mm. Doplňkové parametry Kategorie: Na barvu na zeď interiér Hmotnost: 0.19 kg EAN: 9002588252872 Značka: Schuller</p>

<!-- This site is optimized with the Yoast SEO plugin v26.8 - https://yoast.com/product/yoast-seo-wordpress/ -->
<title>Finální Výprodej Fasádní váleček Dickamann 27 cm polstrovaný -</title>
<meta name="robots" content="index, follow, max-snippet:-1, max-image-preview:large, max-video-preview:-1" />
<link rel="canonical" href="https://www.stavexpro.com/index.php/produkt/finalni-vyprodej-fasadni-valecek-dickamann-27-cm-polstrovany-29892/" />
<meta property="og:locale" content="cs_CZ" />
<meta property="og:type" content="article" />
<meta property="og:title" content="Finální Výprodej Fasádní váleček Dickamann 27 cm polstrovaný -" />
<meta property="og:description" content="Popis Fasádní váleček Dickamann polstrovaný, vhodný pro držadlo průměru 8 mm. Doplňkové parametry Kategorie: Na barvu na zeď interiér Hmotnost: 0.19 kg EAN: 9002588252872 Značka: Schuller" />
<meta property="og:url" content="https://www.stavexpro.com/index.php/produkt/finalni-vyprodej-fasadni-valecek-dickamann-27-cm-polstrovany-29892/" />
<meta property="og:image" content="https://www.stavexpro.com/wp-content/uploads/2026/SK0000044-CZ20260425-092254-0-1777080174-10485_schuller-fasadni-valecek-dickmann.webp" />
	<meta property="og:image:width" content="1000" />
	<meta property="og:image:height" content="750" />
	<meta property="og:image:type" content="image/webp" />
<meta name="twitter:card" content="summary_large_image" />
<script type="application/ld+json" class="yoast-schema-graph">{"@context":"https://schema.org","@graph":[{"@type":"WebPage","@id":"https://www.stavexpro.com/index.php/produkt/finalni-vyprodej-fasadni-valecek-dickamann-27-cm-polstrovany-29892/","url":"https://www.stavexpro.com/index.php/produkt/finalni-vyprodej-fasadni-valecek-dickamann-27-cm-polstrovany-29892/","name":"Finální Výprodej Fasádní váleček Dickamann 27 cm polstrovaný -","isPartOf":{"@id":"https://www.stavexpro.com/#website"},"primaryImageOfPage":{"@id":"https://www.stavexpro.com/index.php/produkt/finalni-vyprodej-fasadni-valecek-dickamann-27-cm-polstrovany-29892/#primaryimage"},"image":{"@id":"https://www.stavexpro.com/index.php/produkt/finalni-vyprodej-fasadni-valecek-dickamann-27-cm-polstrovany-29892/#primaryimage"},"thumbnailUrl":"https://www.stavexpro.com/wp-content/uploads/2026/SK0000044-CZ20260425-092254-0-1777080174-10485_schuller-fasadni-valecek-dickmann.webp","datePublished":"2026-04-26T08:56:32+00:00","breadcrumb":{"@id":"https://www.stavexpro.com/index.php/produkt/finalni-vyprodej-fasadni-valecek-dickamann-27-cm-polstrovany-29892/#breadcrumb"},"inLanguage":"cs","potentialAction":[{"@type":"ReadAction","target":["https://www.stavexpro.com/index.php/produkt/finalni-vyprodej-fasadni-valecek-dickamann-27-cm-polstrovany-29892/"]}]},{"@type":"ImageObject","inLanguage":"cs","@id":"https://www.stavexpro.com/index.php/produkt/finalni-vyprodej-fasadni-valecek-dickamann-27-cm-polstrovany-29892/#primaryimage","url":"https://www.stavexpro.com/wp-content/uploads/2026/SK0000044-CZ20260425-092254-0-1777080174-10485_schuller-fasadni-valecek-dickmann.webp","contentUrl":"https://www.stavexpro.com/wp-content/uploads/2026/SK0000044-CZ20260425-092254-0-1777080174-10485_schuller-fasadni-valecek-dickmann.webp","width":1000,"height":750},{"@type":"BreadcrumbList","@id":"https://www.stavexpro.com/index.php/produkt/finalni-vyprodej-fasadni-valecek-dickamann-27-cm-polstrovany-29892/#breadcrumb","itemListElement":[{"@type":"ListItem","position":1,"name":"Home","item":"https://www.stavexpro.com/"},{"@type":"ListItem","position":2,"name":"Products","item":"https://www.stavexpro.com/index.php/products/"},{"@type":"ListItem","position":3,"name":"Finální Výprodej Fasádní váleček Dickamann 27 cm polstrovaný"}]},{"@type":"WebSite","@id":"https://www.stavexpro.com/#website","url":"https://www.stavexpro.com/","name":"","description":"","potentialAction":[{"@type":"SearchAction","target":{"@type":"EntryPoint","urlTemplate":"https://www.stavexpro.com/?s={search_term_string}"},"query-input":{"@type":"PropertyValueSpecification","valueRequired":true,"valueName":"search_term_string"}}],"inLanguage":"cs"}]}</script>
<!-- / Yoast SEO plugin. -->

Finální Výprodej Fasádní váleček Dickamann 27 cm polstrovaný -

Popis Fasádní váleček Dickamann polstrovaný, vhodný pro držadlo průměru 8 mm. Doplňkové parametry Kategorie: Na barvu na zeď interiér Hmotnost: 0.19 kg EAN: 9002588252872 Značka: Schuller
