{"id":40505,"date":"2026-04-26T08:58:39","date_gmt":"2026-04-26T08:58:39","guid":{"rendered":""},"modified":"2026-04-26T08:58:39","modified_gmt":"2026-04-26T08:58:39","slug":"3m-kombineza-lakyrnicka-papirova-xxl-50198-zlevneny-40505","status":"publish","type":"product","link":"https:\/\/www.stavexpro.com\/produkt\/3m-kombineza-lakyrnicka-papirova-xxl-50198-zlevneny-40505\/","title":{"rendered":"3M kombin\u00e9za lak\u00fdrnick\u00e1 pap\u00edrov\u00e1 XXL 50198 Zlevn\u011bn\u00fd"},"content":{"rendered":"<div class=\"filters-tab-box__left\">\n<h2>3M kombin\u00e9za<\/h2>\n<p><b>Jednor\u00e1zov\u00e1 komfortn\u00ed kombin\u00e9za pro ochranu p\u0159i pr\u00e1ci<\/b>. Vyrobena z materi\u00e1l\u016f <b>nepou\u0161t\u011bj\u00edc\u00edch vl\u00e1kno a bez silikonu<\/b>. V\u00fdhodou je kryt\u00fd obousm\u011brn\u00fd zip s klopou se such\u00fdm zipem. Kapuce se \u0161\u0148\u016frkou chr\u00e1n\u00ed oblast hlavy a krku. Chr\u00e1ni\u010de kolen poskytuj\u00ed komfort p\u0159i pr\u00e1ci na kolenou a \u0161irok\u00e9 nohavice s p\u00e1sky na such\u00fd zip dovoluj\u00ed obl\u00e9k\u00e1n\u00ed s botami. V nab\u00eddce velikost\u00ed<b> M &#8211; XXL<\/b>.<\/p>\n<h3>Kl\u00ed\u010dov\u00e9 vlastnosti<\/h3>\n<ul class=\"vlastnosti\">\n<li><b>Jednor\u00e1zov\u00e1 komfortn\u00ed kombin\u00e9za pro ochranu p\u0159i pr\u00e1ci<\/b><\/li>\n<li>Vyrobena z materi\u00e1l\u016f <b>nepou\u0161t\u011bj\u00edc\u00edch vl\u00e1kno a bez silikonu<\/b><\/li>\n<li>Kryt\u00fd obousm\u011brn\u00fd zip s klopou se such\u00fdm zipem<\/li>\n<li>Kapuce se \u0161\u0148\u016frkou, chr\u00e1ni\u010de kolen a \u0161irok\u00e9 nohavice<\/li>\n<li>Velikosti<b> M &#8211; XXL<\/b><\/li>\n<\/ul><\/div>\n<div class=\"filters-tab-box__right\">\n<h2>Parametry<\/h2>\n<table>\n<tbody>\n<tr>\n<td>V&#253;robce                                            :                                        <\/td>\n<td>                                            3M                                        <\/td>\n<\/tr>\n<tr>\n<td>Velikost                                            :                                        <\/td>\n<td>                                            XXL                                        <\/td>\n<\/tr>\n<\/tbody>\n<\/table><\/div>\n<\/p><\/div>\n","protected":false},"excerpt":{"rendered":"<p>3M kombin\u00e9za Jednor\u00e1zov\u00e1 komfortn\u00ed kombin\u00e9za pro ochranu p\u0159i pr\u00e1ci. Vyrobena z materi\u00e1l\u016f nepou\u0161t\u011bj\u00edc\u00edch vl\u00e1kno a bez silikonu. V\u00fdhodou je kryt\u00fd obousm\u011brn\u00fd zip s klopou se such\u00fdm zipem. Kapuce se \u0161\u0148\u016frkou chr\u00e1n\u00ed oblast hlavy a krku. Chr\u00e1ni\u010de kolen poskytuj\u00ed komfort p\u0159i pr\u00e1ci na kolenou a \u0161irok\u00e9 nohavice s p\u00e1sky na such\u00fd zip dovoluj\u00ed obl\u00e9k\u00e1n\u00ed s botami. [&hellip;]<\/p>\n","protected":false},"featured_media":40605,"comment_status":"open","ping_status":"open","template":"","meta":[],"product_brand":[],"product_cat":[134],"product_tag":[],"class_list":{"0":"post-40505","1":"product","2":"type-product","3":"status-publish","4":"has-post-thumbnail","6":"product_cat-autolaky","8":"first","9":"instock","10":"sale","11":"shipping-taxable","12":"purchasable","13":"product-type-simple"},"yoast_head":"<!-- This site is optimized with the Yoast SEO plugin v26.8 - https:\/\/yoast.com\/product\/yoast-seo-wordpress\/ -->\n<title>3M kombin\u00e9za lak\u00fdrnick\u00e1 pap\u00edrov\u00e1 XXL 50198 Zlevn\u011bn\u00fd -<\/title>\n<meta name=\"robots\" content=\"index, follow, max-snippet:-1, max-image-preview:large, max-video-preview:-1\" \/>\n<link rel=\"canonical\" href=\"https:\/\/www.stavexpro.com\/index.php\/produkt\/3m-kombineza-lakyrnicka-papirova-xxl-50198-zlevneny-40505\/\" \/>\n<meta property=\"og:locale\" content=\"cs_CZ\" \/>\n<meta property=\"og:type\" content=\"article\" \/>\n<meta property=\"og:title\" content=\"3M kombin\u00e9za lak\u00fdrnick\u00e1 pap\u00edrov\u00e1 XXL 50198 Zlevn\u011bn\u00fd -\" \/>\n<meta property=\"og:description\" content=\"3M kombin\u00e9za Jednor\u00e1zov\u00e1 komfortn\u00ed kombin\u00e9za pro ochranu p\u0159i pr\u00e1ci. Vyrobena z materi\u00e1l\u016f nepou\u0161t\u011bj\u00edc\u00edch vl\u00e1kno a bez silikonu. V\u00fdhodou je kryt\u00fd obousm\u011brn\u00fd zip s klopou se such\u00fdm zipem. Kapuce se \u0161\u0148\u016frkou chr\u00e1n\u00ed oblast hlavy a krku. Chr\u00e1ni\u010de kolen poskytuj\u00ed komfort p\u0159i pr\u00e1ci na kolenou a \u0161irok\u00e9 nohavice s p\u00e1sky na such\u00fd zip dovoluj\u00ed obl\u00e9k\u00e1n\u00ed s botami. [&hellip;]\" \/>\n<meta property=\"og:url\" content=\"https:\/\/www.stavexpro.com\/index.php\/produkt\/3m-kombineza-lakyrnicka-papirova-xxl-50198-zlevneny-40505\/\" \/>\n<meta property=\"og:image\" content=\"https:\/\/www.stavexpro.com\/wp-content\/uploads\/2026\/SK0000038-CZ20260425-092455-0-1777080297-image_of_object.webp\" \/>\n\t<meta property=\"og:image:width\" content=\"400\" \/>\n\t<meta property=\"og:image:height\" content=\"300\" \/>\n\t<meta property=\"og:image:type\" content=\"image\/webp\" \/>\n<meta name=\"twitter:card\" content=\"summary_large_image\" \/>\n<meta name=\"twitter:label1\" content=\"Odhadovan\u00e1 doba \u010dten\u00ed\" \/>\n\t<meta name=\"twitter:data1\" content=\"1 minuta\" \/>\n<script type=\"application\/ld+json\" class=\"yoast-schema-graph\">{\"@context\":\"https:\/\/schema.org\",\"@graph\":[{\"@type\":\"WebPage\",\"@id\":\"https:\/\/www.stavexpro.com\/index.php\/produkt\/3m-kombineza-lakyrnicka-papirova-xxl-50198-zlevneny-40505\/\",\"url\":\"https:\/\/www.stavexpro.com\/index.php\/produkt\/3m-kombineza-lakyrnicka-papirova-xxl-50198-zlevneny-40505\/\",\"name\":\"3M kombin\u00e9za lak\u00fdrnick\u00e1 pap\u00edrov\u00e1 XXL 50198 Zlevn\u011bn\u00fd -\",\"isPartOf\":{\"@id\":\"https:\/\/www.stavexpro.com\/#website\"},\"primaryImageOfPage\":{\"@id\":\"https:\/\/www.stavexpro.com\/index.php\/produkt\/3m-kombineza-lakyrnicka-papirova-xxl-50198-zlevneny-40505\/#primaryimage\"},\"image\":{\"@id\":\"https:\/\/www.stavexpro.com\/index.php\/produkt\/3m-kombineza-lakyrnicka-papirova-xxl-50198-zlevneny-40505\/#primaryimage\"},\"thumbnailUrl\":\"https:\/\/www.stavexpro.com\/wp-content\/uploads\/2026\/SK0000038-CZ20260425-092455-0-1777080297-image_of_object.webp\",\"datePublished\":\"2026-04-26T08:58:39+00:00\",\"breadcrumb\":{\"@id\":\"https:\/\/www.stavexpro.com\/index.php\/produkt\/3m-kombineza-lakyrnicka-papirova-xxl-50198-zlevneny-40505\/#breadcrumb\"},\"inLanguage\":\"cs\",\"potentialAction\":[{\"@type\":\"ReadAction\",\"target\":[\"https:\/\/www.stavexpro.com\/index.php\/produkt\/3m-kombineza-lakyrnicka-papirova-xxl-50198-zlevneny-40505\/\"]}]},{\"@type\":\"ImageObject\",\"inLanguage\":\"cs\",\"@id\":\"https:\/\/www.stavexpro.com\/index.php\/produkt\/3m-kombineza-lakyrnicka-papirova-xxl-50198-zlevneny-40505\/#primaryimage\",\"url\":\"https:\/\/www.stavexpro.com\/wp-content\/uploads\/2026\/SK0000038-CZ20260425-092455-0-1777080297-image_of_object.webp\",\"contentUrl\":\"https:\/\/www.stavexpro.com\/wp-content\/uploads\/2026\/SK0000038-CZ20260425-092455-0-1777080297-image_of_object.webp\",\"width\":400,\"height\":300},{\"@type\":\"BreadcrumbList\",\"@id\":\"https:\/\/www.stavexpro.com\/index.php\/produkt\/3m-kombineza-lakyrnicka-papirova-xxl-50198-zlevneny-40505\/#breadcrumb\",\"itemListElement\":[{\"@type\":\"ListItem\",\"position\":1,\"name\":\"Home\",\"item\":\"https:\/\/www.stavexpro.com\/\"},{\"@type\":\"ListItem\",\"position\":2,\"name\":\"Products\",\"item\":\"https:\/\/www.stavexpro.com\/index.php\/products\/\"},{\"@type\":\"ListItem\",\"position\":3,\"name\":\"3M kombin\u00e9za lak\u00fdrnick\u00e1 pap\u00edrov\u00e1 XXL 50198 Zlevn\u011bn\u00fd\"}]},{\"@type\":\"WebSite\",\"@id\":\"https:\/\/www.stavexpro.com\/#website\",\"url\":\"https:\/\/www.stavexpro.com\/\",\"name\":\"\",\"description\":\"\",\"potentialAction\":[{\"@type\":\"SearchAction\",\"target\":{\"@type\":\"EntryPoint\",\"urlTemplate\":\"https:\/\/www.stavexpro.com\/?s={search_term_string}\"},\"query-input\":{\"@type\":\"PropertyValueSpecification\",\"valueRequired\":true,\"valueName\":\"search_term_string\"}}],\"inLanguage\":\"cs\"}]}<\/script>\n<!-- \/ Yoast SEO plugin. -->","yoast_head_json":{"title":"3M kombin\u00e9za lak\u00fdrnick\u00e1 pap\u00edrov\u00e1 XXL 50198 Zlevn\u011bn\u00fd -","robots":{"index":"index","follow":"follow","max-snippet":"max-snippet:-1","max-image-preview":"max-image-preview:large","max-video-preview":"max-video-preview:-1"},"canonical":"https:\/\/www.stavexpro.com\/index.php\/produkt\/3m-kombineza-lakyrnicka-papirova-xxl-50198-zlevneny-40505\/","og_locale":"cs_CZ","og_type":"article","og_title":"3M kombin\u00e9za lak\u00fdrnick\u00e1 pap\u00edrov\u00e1 XXL 50198 Zlevn\u011bn\u00fd -","og_description":"3M kombin\u00e9za Jednor\u00e1zov\u00e1 komfortn\u00ed kombin\u00e9za pro ochranu p\u0159i pr\u00e1ci. Vyrobena z materi\u00e1l\u016f nepou\u0161t\u011bj\u00edc\u00edch vl\u00e1kno a bez silikonu. V\u00fdhodou je kryt\u00fd obousm\u011brn\u00fd zip s klopou se such\u00fdm zipem. Kapuce se \u0161\u0148\u016frkou chr\u00e1n\u00ed oblast hlavy a krku. Chr\u00e1ni\u010de kolen poskytuj\u00ed komfort p\u0159i pr\u00e1ci na kolenou a \u0161irok\u00e9 nohavice s p\u00e1sky na such\u00fd zip dovoluj\u00ed obl\u00e9k\u00e1n\u00ed s botami. [&hellip;]","og_url":"https:\/\/www.stavexpro.com\/index.php\/produkt\/3m-kombineza-lakyrnicka-papirova-xxl-50198-zlevneny-40505\/","og_image":[{"width":400,"height":300,"url":"https:\/\/www.stavexpro.com\/wp-content\/uploads\/2026\/SK0000038-CZ20260425-092455-0-1777080297-image_of_object.webp","type":"image\/webp"}],"twitter_card":"summary_large_image","twitter_misc":{"Odhadovan\u00e1 doba \u010dten\u00ed":"1 minuta"},"schema":{"@context":"https:\/\/schema.org","@graph":[{"@type":"WebPage","@id":"https:\/\/www.stavexpro.com\/index.php\/produkt\/3m-kombineza-lakyrnicka-papirova-xxl-50198-zlevneny-40505\/","url":"https:\/\/www.stavexpro.com\/index.php\/produkt\/3m-kombineza-lakyrnicka-papirova-xxl-50198-zlevneny-40505\/","name":"3M kombin\u00e9za lak\u00fdrnick\u00e1 pap\u00edrov\u00e1 XXL 50198 Zlevn\u011bn\u00fd -","isPartOf":{"@id":"https:\/\/www.stavexpro.com\/#website"},"primaryImageOfPage":{"@id":"https:\/\/www.stavexpro.com\/index.php\/produkt\/3m-kombineza-lakyrnicka-papirova-xxl-50198-zlevneny-40505\/#primaryimage"},"image":{"@id":"https:\/\/www.stavexpro.com\/index.php\/produkt\/3m-kombineza-lakyrnicka-papirova-xxl-50198-zlevneny-40505\/#primaryimage"},"thumbnailUrl":"https:\/\/www.stavexpro.com\/wp-content\/uploads\/2026\/SK0000038-CZ20260425-092455-0-1777080297-image_of_object.webp","datePublished":"2026-04-26T08:58:39+00:00","breadcrumb":{"@id":"https:\/\/www.stavexpro.com\/index.php\/produkt\/3m-kombineza-lakyrnicka-papirova-xxl-50198-zlevneny-40505\/#breadcrumb"},"inLanguage":"cs","potentialAction":[{"@type":"ReadAction","target":["https:\/\/www.stavexpro.com\/index.php\/produkt\/3m-kombineza-lakyrnicka-papirova-xxl-50198-zlevneny-40505\/"]}]},{"@type":"ImageObject","inLanguage":"cs","@id":"https:\/\/www.stavexpro.com\/index.php\/produkt\/3m-kombineza-lakyrnicka-papirova-xxl-50198-zlevneny-40505\/#primaryimage","url":"https:\/\/www.stavexpro.com\/wp-content\/uploads\/2026\/SK0000038-CZ20260425-092455-0-1777080297-image_of_object.webp","contentUrl":"https:\/\/www.stavexpro.com\/wp-content\/uploads\/2026\/SK0000038-CZ20260425-092455-0-1777080297-image_of_object.webp","width":400,"height":300},{"@type":"BreadcrumbList","@id":"https:\/\/www.stavexpro.com\/index.php\/produkt\/3m-kombineza-lakyrnicka-papirova-xxl-50198-zlevneny-40505\/#breadcrumb","itemListElement":[{"@type":"ListItem","position":1,"name":"Home","item":"https:\/\/www.stavexpro.com\/"},{"@type":"ListItem","position":2,"name":"Products","item":"https:\/\/www.stavexpro.com\/index.php\/products\/"},{"@type":"ListItem","position":3,"name":"3M kombin\u00e9za lak\u00fdrnick\u00e1 pap\u00edrov\u00e1 XXL 50198 Zlevn\u011bn\u00fd"}]},{"@type":"WebSite","@id":"https:\/\/www.stavexpro.com\/#website","url":"https:\/\/www.stavexpro.com\/","name":"","description":"","potentialAction":[{"@type":"SearchAction","target":{"@type":"EntryPoint","urlTemplate":"https:\/\/www.stavexpro.com\/?s={search_term_string}"},"query-input":{"@type":"PropertyValueSpecification","valueRequired":true,"valueName":"search_term_string"}}],"inLanguage":"cs"}]}},"_links":{"self":[{"href":"https:\/\/www.stavexpro.com\/wp-json\/wp\/v2\/product\/40505","targetHints":{"allow":["GET"]}}],"collection":[{"href":"https:\/\/www.stavexpro.com\/wp-json\/wp\/v2\/product"}],"about":[{"href":"https:\/\/www.stavexpro.com\/wp-json\/wp\/v2\/types\/product"}],"replies":[{"embeddable":true,"href":"https:\/\/www.stavexpro.com\/wp-json\/wp\/v2\/comments?post=40505"}],"wp:featuredmedia":[{"embeddable":true,"href":"https:\/\/www.stavexpro.com\/wp-json\/wp\/v2\/media\/40605"}],"wp:attachment":[{"href":"https:\/\/www.stavexpro.com\/wp-json\/wp\/v2\/media?parent=40505"}],"wp:term":[{"taxonomy":"product_brand","embeddable":true,"href":"https:\/\/www.stavexpro.com\/wp-json\/wp\/v2\/product_brand?post=40505"},{"taxonomy":"product_cat","embeddable":true,"href":"https:\/\/www.stavexpro.com\/wp-json\/wp\/v2\/product_cat?post=40505"},{"taxonomy":"product_tag","embeddable":true,"href":"https:\/\/www.stavexpro.com\/wp-json\/wp\/v2\/product_tag?post=40505"}],"curies":[{"name":"wp","href":"https:\/\/api.w.org\/{rel}","templated":true}]}}