{"id":40525,"date":"2026-04-26T08:58:39","date_gmt":"2026-04-26T08:58:39","guid":{"rendered":""},"modified":"2026-04-26T08:58:39","modified_gmt":"2026-04-26T08:58:39","slug":"3m-respiraror-s-ventilkem-ffp1-9312-overeny-40525","status":"publish","type":"product","link":"https:\/\/www.stavexpro.com\/produkt\/3m-respiraror-s-ventilkem-ffp1-9312-overeny-40525\/","title":{"rendered":"3M respir\u00e1ror s ventilkem FFP1 9312 Ov\u011b\u0159en\u00fd"},"content":{"rendered":"<div class=\"filters-tab-box__left\">\n<h2>3M respir\u00e1tor FFP1<\/h2>\n<p><b>Jednor\u00e1zov\u00fd respir\u00e1tor 3M typu FFP1<\/b> poskytuje efektivn\u00ed ochranu p\u0159i d\u00fdch\u00e1n\u00ed proti prachu a v\u00fdpar\u016fm na b\u00e1zi vody nebo olej\u016f. Velkou v\u00fdhodou je mimo\u0159\u00e1dn\u011b <b>n\u00edzk\u00e1 v\u00e1ha a odpor p\u0159i d\u00fdch\u00e1n\u00ed i odolnost v\u016f\u010di zan\u00e1\u0161en\u00ed<\/b>. Dal\u0161\u00ed v\u00fdhodou je <b>syst\u00e9m Cool Flow<\/b> proti p\u0159eh\u0159\u00e1t\u00ed a vydechovan\u00fdm par\u00e1m, co\u017e sni\u017euje riziko zaml\u017een\u00ed zorn\u00e9ho pole p\u0159i pr\u00e1ci. Ochrann\u00fd faktor proti \u010d\u00e1stic\u00edm je 4 \u00d7 NPK-P.<\/p>\n<h3>Kl\u00ed\u010dov\u00e9 vlastnosti<\/h3>\n<ul class=\"vlastnosti\">\n<li><b>Jednor\u00e1zov\u00fd respir\u00e1tor 3M typu FFP1<\/b><\/li>\n<li>Efektivn\u00ed ochrana p\u0159i d\u00fdch\u00e1n\u00ed proti prachu a v\u00fdpar\u016fm na b\u00e1zi vody nebo olej\u016f<\/li>\n<li><b>N\u00edzk\u00e1 v\u00e1ha a odpor p\u0159i d\u00fdch\u00e1n\u00ed<\/b><\/li>\n<li><b>Syst\u00e9m Cool Flow<\/b> proti p\u0159eh\u0159\u00e1t\u00ed a vydechovan\u00fdm par\u00e1m, co\u017e sni\u017euje riziko zaml\u017een\u00ed zorn\u00e9ho pole p\u0159i pr\u00e1ci<\/li>\n<li>Ochrann\u00fd faktor proti \u010d\u00e1stic\u00edm 4 \u00d7 NPK-P<\/li>\n<\/ul><\/div>\n<div class=\"filters-tab-box__right\">\n<h2>Parametry<\/h2>\n<table>\n<tbody>\n<tr>\n<td>V&#253;robce                                            :                                        <\/td>\n<td>                                            3M                                        <\/td>\n<\/tr>\n<\/tbody>\n<\/table><\/div>\n<\/p><\/div>\n","protected":false},"excerpt":{"rendered":"<p>3M respir\u00e1tor FFP1 Jednor\u00e1zov\u00fd respir\u00e1tor 3M typu FFP1 poskytuje efektivn\u00ed ochranu p\u0159i d\u00fdch\u00e1n\u00ed proti prachu a v\u00fdpar\u016fm na b\u00e1zi vody nebo olej\u016f. Velkou v\u00fdhodou je mimo\u0159\u00e1dn\u011b n\u00edzk\u00e1 v\u00e1ha a odpor p\u0159i d\u00fdch\u00e1n\u00ed i odolnost v\u016f\u010di zan\u00e1\u0161en\u00ed. Dal\u0161\u00ed v\u00fdhodou je syst\u00e9m Cool Flow proti p\u0159eh\u0159\u00e1t\u00ed a vydechovan\u00fdm par\u00e1m, co\u017e sni\u017euje riziko zaml\u017een\u00ed zorn\u00e9ho pole p\u0159i pr\u00e1ci. [&hellip;]<\/p>\n","protected":false},"featured_media":40625,"comment_status":"open","ping_status":"open","template":"","meta":[],"product_brand":[],"product_cat":[134],"product_tag":[],"class_list":{"0":"post-40525","1":"product","2":"type-product","3":"status-publish","4":"has-post-thumbnail","6":"product_cat-autolaky","8":"first","9":"instock","10":"sale","11":"shipping-taxable","12":"purchasable","13":"product-type-simple"},"yoast_head":"<!-- This site is optimized with the Yoast SEO plugin v26.8 - https:\/\/yoast.com\/product\/yoast-seo-wordpress\/ -->\n<title>3M respir\u00e1ror s ventilkem FFP1 9312 Ov\u011b\u0159en\u00fd -<\/title>\n<meta name=\"robots\" content=\"index, follow, max-snippet:-1, max-image-preview:large, max-video-preview:-1\" \/>\n<link rel=\"canonical\" href=\"https:\/\/www.stavexpro.com\/index.php\/produkt\/3m-respiraror-s-ventilkem-ffp1-9312-overeny-40525\/\" \/>\n<meta property=\"og:locale\" content=\"cs_CZ\" \/>\n<meta property=\"og:type\" content=\"article\" \/>\n<meta property=\"og:title\" content=\"3M respir\u00e1ror s ventilkem FFP1 9312 Ov\u011b\u0159en\u00fd -\" \/>\n<meta property=\"og:description\" content=\"3M respir\u00e1tor FFP1 Jednor\u00e1zov\u00fd respir\u00e1tor 3M typu FFP1 poskytuje efektivn\u00ed ochranu p\u0159i d\u00fdch\u00e1n\u00ed proti prachu a v\u00fdpar\u016fm na b\u00e1zi vody nebo olej\u016f. Velkou v\u00fdhodou je mimo\u0159\u00e1dn\u011b n\u00edzk\u00e1 v\u00e1ha a odpor p\u0159i d\u00fdch\u00e1n\u00ed i odolnost v\u016f\u010di zan\u00e1\u0161en\u00ed. Dal\u0161\u00ed v\u00fdhodou je syst\u00e9m Cool Flow proti p\u0159eh\u0159\u00e1t\u00ed a vydechovan\u00fdm par\u00e1m, co\u017e sni\u017euje riziko zaml\u017een\u00ed zorn\u00e9ho pole p\u0159i pr\u00e1ci. [&hellip;]\" \/>\n<meta property=\"og:url\" content=\"https:\/\/www.stavexpro.com\/index.php\/produkt\/3m-respiraror-s-ventilkem-ffp1-9312-overeny-40525\/\" \/>\n<meta property=\"og:image\" content=\"https:\/\/www.stavexpro.com\/wp-content\/uploads\/2026\/SK0000059-CZ20260425-092455-0-1777080297-image_of_object.webp\" \/>\n\t<meta property=\"og:image:width\" content=\"400\" \/>\n\t<meta property=\"og:image:height\" content=\"300\" \/>\n\t<meta property=\"og:image:type\" content=\"image\/webp\" \/>\n<meta name=\"twitter:card\" content=\"summary_large_image\" \/>\n<meta name=\"twitter:label1\" content=\"Odhadovan\u00e1 doba \u010dten\u00ed\" \/>\n\t<meta name=\"twitter:data1\" content=\"1 minuta\" \/>\n<script type=\"application\/ld+json\" class=\"yoast-schema-graph\">{\"@context\":\"https:\/\/schema.org\",\"@graph\":[{\"@type\":\"WebPage\",\"@id\":\"https:\/\/www.stavexpro.com\/index.php\/produkt\/3m-respiraror-s-ventilkem-ffp1-9312-overeny-40525\/\",\"url\":\"https:\/\/www.stavexpro.com\/index.php\/produkt\/3m-respiraror-s-ventilkem-ffp1-9312-overeny-40525\/\",\"name\":\"3M respir\u00e1ror s ventilkem FFP1 9312 Ov\u011b\u0159en\u00fd -\",\"isPartOf\":{\"@id\":\"https:\/\/www.stavexpro.com\/#website\"},\"primaryImageOfPage\":{\"@id\":\"https:\/\/www.stavexpro.com\/index.php\/produkt\/3m-respiraror-s-ventilkem-ffp1-9312-overeny-40525\/#primaryimage\"},\"image\":{\"@id\":\"https:\/\/www.stavexpro.com\/index.php\/produkt\/3m-respiraror-s-ventilkem-ffp1-9312-overeny-40525\/#primaryimage\"},\"thumbnailUrl\":\"https:\/\/www.stavexpro.com\/wp-content\/uploads\/2026\/SK0000059-CZ20260425-092455-0-1777080297-image_of_object.webp\",\"datePublished\":\"2026-04-26T08:58:39+00:00\",\"breadcrumb\":{\"@id\":\"https:\/\/www.stavexpro.com\/index.php\/produkt\/3m-respiraror-s-ventilkem-ffp1-9312-overeny-40525\/#breadcrumb\"},\"inLanguage\":\"cs\",\"potentialAction\":[{\"@type\":\"ReadAction\",\"target\":[\"https:\/\/www.stavexpro.com\/index.php\/produkt\/3m-respiraror-s-ventilkem-ffp1-9312-overeny-40525\/\"]}]},{\"@type\":\"ImageObject\",\"inLanguage\":\"cs\",\"@id\":\"https:\/\/www.stavexpro.com\/index.php\/produkt\/3m-respiraror-s-ventilkem-ffp1-9312-overeny-40525\/#primaryimage\",\"url\":\"https:\/\/www.stavexpro.com\/wp-content\/uploads\/2026\/SK0000059-CZ20260425-092455-0-1777080297-image_of_object.webp\",\"contentUrl\":\"https:\/\/www.stavexpro.com\/wp-content\/uploads\/2026\/SK0000059-CZ20260425-092455-0-1777080297-image_of_object.webp\",\"width\":400,\"height\":300},{\"@type\":\"BreadcrumbList\",\"@id\":\"https:\/\/www.stavexpro.com\/index.php\/produkt\/3m-respiraror-s-ventilkem-ffp1-9312-overeny-40525\/#breadcrumb\",\"itemListElement\":[{\"@type\":\"ListItem\",\"position\":1,\"name\":\"Home\",\"item\":\"https:\/\/www.stavexpro.com\/\"},{\"@type\":\"ListItem\",\"position\":2,\"name\":\"Products\",\"item\":\"https:\/\/www.stavexpro.com\/index.php\/products\/\"},{\"@type\":\"ListItem\",\"position\":3,\"name\":\"3M respir\u00e1ror s ventilkem FFP1 9312 Ov\u011b\u0159en\u00fd\"}]},{\"@type\":\"WebSite\",\"@id\":\"https:\/\/www.stavexpro.com\/#website\",\"url\":\"https:\/\/www.stavexpro.com\/\",\"name\":\"\",\"description\":\"\",\"potentialAction\":[{\"@type\":\"SearchAction\",\"target\":{\"@type\":\"EntryPoint\",\"urlTemplate\":\"https:\/\/www.stavexpro.com\/?s={search_term_string}\"},\"query-input\":{\"@type\":\"PropertyValueSpecification\",\"valueRequired\":true,\"valueName\":\"search_term_string\"}}],\"inLanguage\":\"cs\"}]}<\/script>\n<!-- \/ Yoast SEO plugin. -->","yoast_head_json":{"title":"3M respir\u00e1ror s ventilkem FFP1 9312 Ov\u011b\u0159en\u00fd -","robots":{"index":"index","follow":"follow","max-snippet":"max-snippet:-1","max-image-preview":"max-image-preview:large","max-video-preview":"max-video-preview:-1"},"canonical":"https:\/\/www.stavexpro.com\/index.php\/produkt\/3m-respiraror-s-ventilkem-ffp1-9312-overeny-40525\/","og_locale":"cs_CZ","og_type":"article","og_title":"3M respir\u00e1ror s ventilkem FFP1 9312 Ov\u011b\u0159en\u00fd -","og_description":"3M respir\u00e1tor FFP1 Jednor\u00e1zov\u00fd respir\u00e1tor 3M typu FFP1 poskytuje efektivn\u00ed ochranu p\u0159i d\u00fdch\u00e1n\u00ed proti prachu a v\u00fdpar\u016fm na b\u00e1zi vody nebo olej\u016f. Velkou v\u00fdhodou je mimo\u0159\u00e1dn\u011b n\u00edzk\u00e1 v\u00e1ha a odpor p\u0159i d\u00fdch\u00e1n\u00ed i odolnost v\u016f\u010di zan\u00e1\u0161en\u00ed. Dal\u0161\u00ed v\u00fdhodou je syst\u00e9m Cool Flow proti p\u0159eh\u0159\u00e1t\u00ed a vydechovan\u00fdm par\u00e1m, co\u017e sni\u017euje riziko zaml\u017een\u00ed zorn\u00e9ho pole p\u0159i pr\u00e1ci. [&hellip;]","og_url":"https:\/\/www.stavexpro.com\/index.php\/produkt\/3m-respiraror-s-ventilkem-ffp1-9312-overeny-40525\/","og_image":[{"width":400,"height":300,"url":"https:\/\/www.stavexpro.com\/wp-content\/uploads\/2026\/SK0000059-CZ20260425-092455-0-1777080297-image_of_object.webp","type":"image\/webp"}],"twitter_card":"summary_large_image","twitter_misc":{"Odhadovan\u00e1 doba \u010dten\u00ed":"1 minuta"},"schema":{"@context":"https:\/\/schema.org","@graph":[{"@type":"WebPage","@id":"https:\/\/www.stavexpro.com\/index.php\/produkt\/3m-respiraror-s-ventilkem-ffp1-9312-overeny-40525\/","url":"https:\/\/www.stavexpro.com\/index.php\/produkt\/3m-respiraror-s-ventilkem-ffp1-9312-overeny-40525\/","name":"3M respir\u00e1ror s ventilkem FFP1 9312 Ov\u011b\u0159en\u00fd -","isPartOf":{"@id":"https:\/\/www.stavexpro.com\/#website"},"primaryImageOfPage":{"@id":"https:\/\/www.stavexpro.com\/index.php\/produkt\/3m-respiraror-s-ventilkem-ffp1-9312-overeny-40525\/#primaryimage"},"image":{"@id":"https:\/\/www.stavexpro.com\/index.php\/produkt\/3m-respiraror-s-ventilkem-ffp1-9312-overeny-40525\/#primaryimage"},"thumbnailUrl":"https:\/\/www.stavexpro.com\/wp-content\/uploads\/2026\/SK0000059-CZ20260425-092455-0-1777080297-image_of_object.webp","datePublished":"2026-04-26T08:58:39+00:00","breadcrumb":{"@id":"https:\/\/www.stavexpro.com\/index.php\/produkt\/3m-respiraror-s-ventilkem-ffp1-9312-overeny-40525\/#breadcrumb"},"inLanguage":"cs","potentialAction":[{"@type":"ReadAction","target":["https:\/\/www.stavexpro.com\/index.php\/produkt\/3m-respiraror-s-ventilkem-ffp1-9312-overeny-40525\/"]}]},{"@type":"ImageObject","inLanguage":"cs","@id":"https:\/\/www.stavexpro.com\/index.php\/produkt\/3m-respiraror-s-ventilkem-ffp1-9312-overeny-40525\/#primaryimage","url":"https:\/\/www.stavexpro.com\/wp-content\/uploads\/2026\/SK0000059-CZ20260425-092455-0-1777080297-image_of_object.webp","contentUrl":"https:\/\/www.stavexpro.com\/wp-content\/uploads\/2026\/SK0000059-CZ20260425-092455-0-1777080297-image_of_object.webp","width":400,"height":300},{"@type":"BreadcrumbList","@id":"https:\/\/www.stavexpro.com\/index.php\/produkt\/3m-respiraror-s-ventilkem-ffp1-9312-overeny-40525\/#breadcrumb","itemListElement":[{"@type":"ListItem","position":1,"name":"Home","item":"https:\/\/www.stavexpro.com\/"},{"@type":"ListItem","position":2,"name":"Products","item":"https:\/\/www.stavexpro.com\/index.php\/products\/"},{"@type":"ListItem","position":3,"name":"3M respir\u00e1ror s ventilkem FFP1 9312 Ov\u011b\u0159en\u00fd"}]},{"@type":"WebSite","@id":"https:\/\/www.stavexpro.com\/#website","url":"https:\/\/www.stavexpro.com\/","name":"","description":"","potentialAction":[{"@type":"SearchAction","target":{"@type":"EntryPoint","urlTemplate":"https:\/\/www.stavexpro.com\/?s={search_term_string}"},"query-input":{"@type":"PropertyValueSpecification","valueRequired":true,"valueName":"search_term_string"}}],"inLanguage":"cs"}]}},"_links":{"self":[{"href":"https:\/\/www.stavexpro.com\/wp-json\/wp\/v2\/product\/40525","targetHints":{"allow":["GET"]}}],"collection":[{"href":"https:\/\/www.stavexpro.com\/wp-json\/wp\/v2\/product"}],"about":[{"href":"https:\/\/www.stavexpro.com\/wp-json\/wp\/v2\/types\/product"}],"replies":[{"embeddable":true,"href":"https:\/\/www.stavexpro.com\/wp-json\/wp\/v2\/comments?post=40525"}],"wp:featuredmedia":[{"embeddable":true,"href":"https:\/\/www.stavexpro.com\/wp-json\/wp\/v2\/media\/40625"}],"wp:attachment":[{"href":"https:\/\/www.stavexpro.com\/wp-json\/wp\/v2\/media?parent=40525"}],"wp:term":[{"taxonomy":"product_brand","embeddable":true,"href":"https:\/\/www.stavexpro.com\/wp-json\/wp\/v2\/product_brand?post=40525"},{"taxonomy":"product_cat","embeddable":true,"href":"https:\/\/www.stavexpro.com\/wp-json\/wp\/v2\/product_cat?post=40525"},{"taxonomy":"product_tag","embeddable":true,"href":"https:\/\/www.stavexpro.com\/wp-json\/wp\/v2\/product_tag?post=40525"}],"curies":[{"name":"wp","href":"https:\/\/api.w.org\/{rel}","templated":true}]}}