{"id":42790,"date":"2026-04-26T08:59:08","date_gmt":"2026-04-26T08:59:08","guid":{"rendered":""},"modified":"2026-04-26T08:59:08","modified_gmt":"2026-04-26T08:59:08","slug":"766-vystrazna-lepici-paska-cerno-zluta-50-mm-x-33-m-element-shop-cz-levny-42790","status":"publish","type":"product","link":"https:\/\/www.stavexpro.com\/produkt\/766-vystrazna-lepici-paska-cerno-zluta-50-mm-x-33-m-element-shop-cz-levny-42790\/","title":{"rendered":"766 v\u00fdstra\u017en\u00e1 lepic\u00ed p\u00e1ska \u010derno-\u017elut\u00e1 50 mm x 33 m | element-shop.cz Levn\u00fd"},"content":{"rendered":"<div class=\"basic-description\">\n<h3>Detailn\u00ed popis produktu<\/h3>\n<div id=\"pobo-all-content\" data-pobo-content=\"product\" data-pobo-config=\"{&quot;product_id&quot;:3870122,&quot;value_lang&quot;:&quot;default&quot;,&quot;enable_marketplace&quot;:false}\">\n<div id=\"pobo-standard-widget\">\n<div data-pobo-widget-id=\"5\">\n<div class=\"widget-projector\">\n<div class=\"empty\">\n<p><span style=\"color: #333333; font-family: inherit;\"><\/span><\/p>\n<p><span style=\"color: #333333; font-family: inherit;\"><strong style=\"font-size: medium; color: #444444; text-transform: uppercase; letter-spacing: 0.02rem;\"><span style=\"font-family: inherit;\">Vlastnosti a v\u00fdhody<\/span><\/strong><\/span><\/p>\n<div id=\"gt-res-content\" dir=\"LTR\">\n<ul>\n<li><span style=\"font-family: inherit; font-size: medium;\">3M 766 je profesion\u00e1ln\u00ed v\u00fdstra\u017en\u00e1 \u010derno-<span class=\"show-tooltip\" title=\"\u017dlut\u00e1 je barva, kter\u00e1 vznik\u00e1 odrazem sv\u011btla v rozmez\u00ed vlnov\u00fdch d\u00e9lek p\u0159ibli\u017en\u011b 570\u2013590 nm. V barevn\u00e9m spektru se nach\u00e1z\u00ed mezi oran\u017eovou a zelenou. \u017dlut\u00e1 je nejjasn\u011bj\u0161\u00ed a nejv\u00edce viditeln\u00e1 barva pro lidsk\u00e9 oko, co\u017e ji \u010din\u00ed barvou energie, optimismu a&amp;hellip;\">\u017elut\u011b<\/span> \u0161rafovan\u00e1 p\u00e1ska.<\/span><\/li>\n<li><span style=\"font-family: inherit; font-size: medium;\">Tuh\u00e1 vinylov\u00e1 nosn\u00e1 vrstva je <span class=\"show-tooltip\" title=\"Pru\u017enost je vlastnost materi\u00e1l\u016f, kter\u00e1 se projevuje jejich schopnost\u00ed vracet se do p\u016fvodn\u00edho tvaru po odstran\u011bn\u00ed vn\u011bj\u0161\u00edch sil, kter\u00e9 na n\u011b p\u016fsobily. Pru\u017en\u00e9 materi\u00e1ly se deformuj\u00ed, kdy\u017e jsou vystaveny zat\u00ed\u017een\u00ed, a po odstran\u011bn\u00ed tohoto zat\u00ed\u017een\u00ed se op\u011bt&amp;hellip;\">flexibiln\u00ed<\/span> a p\u0159ilne dob\u0159e okolo roh\u016f, k\u0159ivek a na nerovn\u00e9m povrchu. <\/span><\/li>\n<li><span style=\"font-family: inherit; font-size: medium;\">Vinyl m\u00e1 odolnost proti od\u011bru pro dlouhodob\u00e9 u\u017e\u00edv\u00e1n\u00ed.<\/span><\/li>\n<\/ul>\n<h3 class=\"western\"><span style=\"font-size: medium;\"><strong><span style=\"font-family: inherit;\">Pou\u017eit\u00ed<\/span><\/strong><\/span><\/h3>\n<ul>\n<li><span style=\"font-family: inherit; font-size: medium;\">Ide\u00e1ln\u00ed pro zna\u010den\u00ed pruh\u016f, nebezpe\u010dn\u00fdch oblast\u00ed, vy\u010dn\u00edvaj\u00edc\u00ed za\u0159\u00edzen\u00ed a n\u00edzko vis\u00edc\u00edch p\u0159edm\u011bt\u016f.<\/span><\/li>\n<li><span style=\"font-family: inherit; font-size: medium;\">Pom\u00e1h\u00e1 p\u0159edch\u00e1zet nehod\u00e1m a sni\u017euje mo\u017enost zran\u011bn\u00ed v tov\u00e1rn\u00e1ch, skladech atd.<\/span><\/li>\n<\/ul>\n<\/div>\n<\/div>\n<\/div>\n<\/div>\n<\/div>\n<div id=\"pobo-share-widget\">\n<div data-pobo-widget-id=\"19\">&nbsp;<\/div>\n<div data-pobo-widget-id=\"19\">&nbsp;<\/div>\n<div class=\"widget-projector\">\n<div class=\"rc-advantages-four\">\n<div class=\"rc-advantages-four__item\">\n<div class=\"rc-advantages-four__ico-container\"><\/div>\n<div class=\"rc-advantages-four__info\">\n<h2 class=\"rc-advantages-four__info-header\">V\u0161e na jednom m\u00edst\u011b<\/h2>\n<\/div>\n<p><span class=\"rc-advantages-four__info-text\"> Snadno u n\u00e1s koup\u00edte v\u00edce ne\u017e 23 000 vybran\u00fdch produkt\u016f od \u010desk\u00fdch i sv\u011btov\u00fdch v\u00fdrobc\u016f. Sortiment pokr\u00fdv\u00e1 pot\u0159eby dom\u00e1cnost\u00ed, kutil\u016f, firem, v\u00fdrobc\u016f a p\u0159es 80 obor\u016f pr\u016fmyslu <\/span><\/div>\n<div class=\"rc-advantages-four__item\">\n<div class=\"rc-advantages-four__ico-container\"><\/div>\n<div class=\"rc-advantages-four__info\">\n<h2 class=\"rc-advantages-four__info-header\">Spolehliv\u00fd obchod Produkty, kter\u00e9 funguj\u00ed&nbsp;<\/h2>\n<p><span class=\"rc-advantages-four__info-text\"> Spokojen\u00fd z\u00e1kazn\u00edk d\u011bl\u00e1 spokojen\u00e9ho prodejce. Tak\u00e9 proto testujeme funk\u010dnost nab\u00edzen\u00fdch produkt\u016f, abyste se na n\u011b mohli kdykoliv spolehnout a jejich ceny&nbsp;neust\u00e1le dr\u017e\u00edme na p\u0159\u00edzniv\u00e9 \u00farovni. <\/span><\/div>\n<\/div>\n<div class=\"rc-advantages-four__item\">\n<div class=\"rc-advantages-four__ico-container\"><\/div>\n<div class=\"rc-advantages-four__info\">\n<h2 class=\"rc-advantages-four__info-header\">99,9% objedn\u00e1vek doru\u010deno bez po\u0161kozen\u00ed<\/h2>\n<p><span class=\"rc-advantages-four__info-text\"> Objednan\u00e9 produkty ji\u017e pat\u0159\u00ed v\u00e1m. Proto je bal\u00edme s rozmyslem a pe\u010dliv\u011b, abyste do rukou dostali v\u0161e v bezvadn\u00e9m stavu. Zku\u0161en\u011b zabezpe\u010d\u00edme ka\u017ed\u00fd kus v z\u00e1silce, tak\u017ee zbo\u017e\u00ed cestuje jako v pe\u0159ince. <\/span><\/div>\n<\/div>\n<div class=\"rc-advantages-four__item\">\n<div class=\"rc-advantages-four__ico-container\"><\/div>\n<div class=\"rc-advantages-four__info\">\n<h2 class=\"rc-advantages-four__info-header\">90% zbo\u017e\u00ed odes\u00edl\u00e1me&nbsp; do 24 hodin<\/h2>\n<p><span class=\"rc-advantages-four__info-text\"> Velk\u00e9 mno\u017estv\u00ed zbo\u017e\u00ed m\u00e1me dostupn\u00e9 skladem nebo do druh\u00e9ho dne, tak\u017ee jsme schopni v\u011bt\u0161inu objedn\u00e1vek vy\u0159\u00eddit prakticky obratem. <\/span><\/div>\n<\/div>\n<\/div>\n<\/div>\n<div class=\"widget-projector\">\n<div class=\"rc-advantages-four\">\n<div class=\"rc-advantages-four__item\">\n<div class=\"rc-advantages-four__ico-container\"><\/div>\n<div class=\"rc-advantages-four__info\">\n<h2 class=\"rc-advantages-four__info-header\">Doprava zdarma<\/h2>\n<\/div>\n<p><span class=\"rc-advantages-four__info-text\"> Objedn\u00e1vky nad 3000,- K\u010d pro z\u00e1silky standardn\u00edch parametr\u016f <\/span><\/div>\n<div class=\"rc-advantages-four__item\">\n<div class=\"rc-advantages-four__ico-container\"><\/div>\n<div class=\"rc-advantages-four__info\">\n<h2 class=\"rc-advantages-four__info-header\">Zp\u016fsob doru\u010den\u00ed si zvolte sami<\/h2>\n<p><span class=\"rc-advantages-four__info-text\"> Nab\u00edz\u00edme dopravu a\u017e ke dve\u0159\u00edm a tak\u00e9 variantu s mo\u017en\u00fdm osobn\u00edm odb\u011brem v tis\u00edc\u00edch odb\u011brn\u00fdch m\u00edstech v \u010cR a SR. <\/span><\/div>\n<\/div>\n<div class=\"rc-advantages-four__item\">\n<div class=\"rc-advantages-four__ico-container\"><\/div>\n<div class=\"rc-advantages-four__info\">\n<h2 class=\"rc-advantages-four__info-header\">Z\u00e1kaznick\u00fd servis<\/h2>\n<p><span class=\"rc-advantages-four__info-text\"> Pokud m\u00e1te dotaz, nebojte se zavolat nebo napsat.&nbsp;R\u00e1di V\u00e1m porad\u00edme a pom\u016f\u017eeme s v\u00fdb\u011brem zbo\u017e\u00ed.&nbsp;Dob\u0159e zn\u00e1me to, co prod\u00e1v\u00e1me. <\/span><\/div>\n<\/div>\n<div class=\"rc-advantages-four__item\">\n<div class=\"rc-advantages-four__ico-container\"><\/div>\n<div class=\"rc-advantages-four__info\">\n<h2 class=\"rc-advantages-four__info-header\">14 dn\u016f na vr\u00e1cen\u00ed<\/h2>\n<p><span class=\"rc-advantages-four__info-text\"> Pokud se V\u00e1m v\u00fdrobek nebude l\u00edbit nebo nebude spl\u0148ovat o\u010dek\u00e1v\u00e1n\u00ed, m\u016f\u017eete jej vr\u00e1tit do 14 dn\u016f od zakoupen\u00ed.&nbsp; <\/span><\/div>\n<\/div>\n<\/div>\n<\/div>\n<\/div>\n<\/div><\/div>\n","protected":false},"excerpt":{"rendered":"<p>Detailn\u00ed popis produktu Vlastnosti a v\u00fdhody 3M 766 je profesion\u00e1ln\u00ed v\u00fdstra\u017en\u00e1 \u010derno-\u017elut\u011b \u0161rafovan\u00e1 p\u00e1ska. Tuh\u00e1 vinylov\u00e1 nosn\u00e1 vrstva je flexibiln\u00ed a p\u0159ilne dob\u0159e okolo roh\u016f, k\u0159ivek a na nerovn\u00e9m povrchu. Vinyl m\u00e1 odolnost proti od\u011bru pro dlouhodob\u00e9 u\u017e\u00edv\u00e1n\u00ed. Pou\u017eit\u00ed Ide\u00e1ln\u00ed pro zna\u010den\u00ed pruh\u016f, nebezpe\u010dn\u00fdch oblast\u00ed, vy\u010dn\u00edvaj\u00edc\u00ed za\u0159\u00edzen\u00ed a n\u00edzko vis\u00edc\u00edch p\u0159edm\u011bt\u016f. Pom\u00e1h\u00e1 p\u0159edch\u00e1zet nehod\u00e1m a [&hellip;]<\/p>\n","protected":false},"featured_media":42890,"comment_status":"open","ping_status":"open","template":"","meta":[],"product_brand":[],"product_cat":[136],"product_tag":[],"class_list":{"0":"post-42790","1":"product","2":"type-product","3":"status-publish","4":"has-post-thumbnail","6":"product_cat-obalove-materialy","8":"first","9":"instock","10":"sale","11":"shipping-taxable","12":"purchasable","13":"product-type-simple"},"yoast_head":"<!-- This site is optimized with the Yoast SEO plugin v26.8 - https:\/\/yoast.com\/product\/yoast-seo-wordpress\/ -->\n<title>766 v\u00fdstra\u017en\u00e1 lepic\u00ed p\u00e1ska \u010derno-\u017elut\u00e1 50 mm x 33 m | element-shop.cz Levn\u00fd -<\/title>\n<meta name=\"robots\" content=\"index, follow, max-snippet:-1, max-image-preview:large, max-video-preview:-1\" \/>\n<link rel=\"canonical\" href=\"https:\/\/www.stavexpro.com\/index.php\/produkt\/766-vystrazna-lepici-paska-cerno-zluta-50-mm-x-33-m-element-shop-cz-levny-42790\/\" \/>\n<meta property=\"og:locale\" content=\"cs_CZ\" \/>\n<meta property=\"og:type\" content=\"article\" \/>\n<meta property=\"og:title\" content=\"766 v\u00fdstra\u017en\u00e1 lepic\u00ed p\u00e1ska \u010derno-\u017elut\u00e1 50 mm x 33 m | element-shop.cz Levn\u00fd -\" \/>\n<meta property=\"og:description\" content=\"Detailn\u00ed popis produktu Vlastnosti a v\u00fdhody 3M 766 je profesion\u00e1ln\u00ed v\u00fdstra\u017en\u00e1 \u010derno-\u017elut\u011b \u0161rafovan\u00e1 p\u00e1ska. Tuh\u00e1 vinylov\u00e1 nosn\u00e1 vrstva je flexibiln\u00ed a p\u0159ilne dob\u0159e okolo roh\u016f, k\u0159ivek a na nerovn\u00e9m povrchu. Vinyl m\u00e1 odolnost proti od\u011bru pro dlouhodob\u00e9 u\u017e\u00edv\u00e1n\u00ed. Pou\u017eit\u00ed Ide\u00e1ln\u00ed pro zna\u010den\u00ed pruh\u016f, nebezpe\u010dn\u00fdch oblast\u00ed, vy\u010dn\u00edvaj\u00edc\u00ed za\u0159\u00edzen\u00ed a n\u00edzko vis\u00edc\u00edch p\u0159edm\u011bt\u016f. Pom\u00e1h\u00e1 p\u0159edch\u00e1zet nehod\u00e1m a [&hellip;]\" \/>\n<meta property=\"og:url\" content=\"https:\/\/www.stavexpro.com\/index.php\/produkt\/766-vystrazna-lepici-paska-cerno-zluta-50-mm-x-33-m-element-shop-cz-levny-42790\/\" \/>\n<meta property=\"og:image\" content=\"https:\/\/www.stavexpro.com\/wp-content\/uploads\/2026\/SK0000006-CZ20260425-092522-0-1777080324-503_3m-766.webp\" \/>\n\t<meta property=\"og:image:width\" content=\"1000\" \/>\n\t<meta property=\"og:image:height\" content=\"750\" \/>\n\t<meta property=\"og:image:type\" content=\"image\/webp\" \/>\n<meta name=\"twitter:card\" content=\"summary_large_image\" \/>\n<meta name=\"twitter:label1\" content=\"Odhadovan\u00e1 doba \u010dten\u00ed\" \/>\n\t<meta name=\"twitter:data1\" content=\"2 minuty\" \/>\n<script type=\"application\/ld+json\" class=\"yoast-schema-graph\">{\"@context\":\"https:\/\/schema.org\",\"@graph\":[{\"@type\":\"WebPage\",\"@id\":\"https:\/\/www.stavexpro.com\/index.php\/produkt\/766-vystrazna-lepici-paska-cerno-zluta-50-mm-x-33-m-element-shop-cz-levny-42790\/\",\"url\":\"https:\/\/www.stavexpro.com\/index.php\/produkt\/766-vystrazna-lepici-paska-cerno-zluta-50-mm-x-33-m-element-shop-cz-levny-42790\/\",\"name\":\"766 v\u00fdstra\u017en\u00e1 lepic\u00ed p\u00e1ska \u010derno-\u017elut\u00e1 50 mm x 33 m | element-shop.cz Levn\u00fd -\",\"isPartOf\":{\"@id\":\"https:\/\/www.stavexpro.com\/#website\"},\"primaryImageOfPage\":{\"@id\":\"https:\/\/www.stavexpro.com\/index.php\/produkt\/766-vystrazna-lepici-paska-cerno-zluta-50-mm-x-33-m-element-shop-cz-levny-42790\/#primaryimage\"},\"image\":{\"@id\":\"https:\/\/www.stavexpro.com\/index.php\/produkt\/766-vystrazna-lepici-paska-cerno-zluta-50-mm-x-33-m-element-shop-cz-levny-42790\/#primaryimage\"},\"thumbnailUrl\":\"https:\/\/www.stavexpro.com\/wp-content\/uploads\/2026\/SK0000006-CZ20260425-092522-0-1777080324-503_3m-766.webp\",\"datePublished\":\"2026-04-26T08:59:08+00:00\",\"breadcrumb\":{\"@id\":\"https:\/\/www.stavexpro.com\/index.php\/produkt\/766-vystrazna-lepici-paska-cerno-zluta-50-mm-x-33-m-element-shop-cz-levny-42790\/#breadcrumb\"},\"inLanguage\":\"cs\",\"potentialAction\":[{\"@type\":\"ReadAction\",\"target\":[\"https:\/\/www.stavexpro.com\/index.php\/produkt\/766-vystrazna-lepici-paska-cerno-zluta-50-mm-x-33-m-element-shop-cz-levny-42790\/\"]}]},{\"@type\":\"ImageObject\",\"inLanguage\":\"cs\",\"@id\":\"https:\/\/www.stavexpro.com\/index.php\/produkt\/766-vystrazna-lepici-paska-cerno-zluta-50-mm-x-33-m-element-shop-cz-levny-42790\/#primaryimage\",\"url\":\"https:\/\/www.stavexpro.com\/wp-content\/uploads\/2026\/SK0000006-CZ20260425-092522-0-1777080324-503_3m-766.webp\",\"contentUrl\":\"https:\/\/www.stavexpro.com\/wp-content\/uploads\/2026\/SK0000006-CZ20260425-092522-0-1777080324-503_3m-766.webp\",\"width\":1000,\"height\":750},{\"@type\":\"BreadcrumbList\",\"@id\":\"https:\/\/www.stavexpro.com\/index.php\/produkt\/766-vystrazna-lepici-paska-cerno-zluta-50-mm-x-33-m-element-shop-cz-levny-42790\/#breadcrumb\",\"itemListElement\":[{\"@type\":\"ListItem\",\"position\":1,\"name\":\"Home\",\"item\":\"https:\/\/www.stavexpro.com\/\"},{\"@type\":\"ListItem\",\"position\":2,\"name\":\"Products\",\"item\":\"https:\/\/www.stavexpro.com\/index.php\/products\/\"},{\"@type\":\"ListItem\",\"position\":3,\"name\":\"766 v\u00fdstra\u017en\u00e1 lepic\u00ed p\u00e1ska \u010derno-\u017elut\u00e1 50 mm x 33 m | element-shop.cz Levn\u00fd\"}]},{\"@type\":\"WebSite\",\"@id\":\"https:\/\/www.stavexpro.com\/#website\",\"url\":\"https:\/\/www.stavexpro.com\/\",\"name\":\"\",\"description\":\"\",\"potentialAction\":[{\"@type\":\"SearchAction\",\"target\":{\"@type\":\"EntryPoint\",\"urlTemplate\":\"https:\/\/www.stavexpro.com\/?s={search_term_string}\"},\"query-input\":{\"@type\":\"PropertyValueSpecification\",\"valueRequired\":true,\"valueName\":\"search_term_string\"}}],\"inLanguage\":\"cs\"}]}<\/script>\n<!-- \/ Yoast SEO plugin. -->","yoast_head_json":{"title":"766 v\u00fdstra\u017en\u00e1 lepic\u00ed p\u00e1ska \u010derno-\u017elut\u00e1 50 mm x 33 m | element-shop.cz Levn\u00fd -","robots":{"index":"index","follow":"follow","max-snippet":"max-snippet:-1","max-image-preview":"max-image-preview:large","max-video-preview":"max-video-preview:-1"},"canonical":"https:\/\/www.stavexpro.com\/index.php\/produkt\/766-vystrazna-lepici-paska-cerno-zluta-50-mm-x-33-m-element-shop-cz-levny-42790\/","og_locale":"cs_CZ","og_type":"article","og_title":"766 v\u00fdstra\u017en\u00e1 lepic\u00ed p\u00e1ska \u010derno-\u017elut\u00e1 50 mm x 33 m | element-shop.cz Levn\u00fd -","og_description":"Detailn\u00ed popis produktu Vlastnosti a v\u00fdhody 3M 766 je profesion\u00e1ln\u00ed v\u00fdstra\u017en\u00e1 \u010derno-\u017elut\u011b \u0161rafovan\u00e1 p\u00e1ska. Tuh\u00e1 vinylov\u00e1 nosn\u00e1 vrstva je flexibiln\u00ed a p\u0159ilne dob\u0159e okolo roh\u016f, k\u0159ivek a na nerovn\u00e9m povrchu. Vinyl m\u00e1 odolnost proti od\u011bru pro dlouhodob\u00e9 u\u017e\u00edv\u00e1n\u00ed. Pou\u017eit\u00ed Ide\u00e1ln\u00ed pro zna\u010den\u00ed pruh\u016f, nebezpe\u010dn\u00fdch oblast\u00ed, vy\u010dn\u00edvaj\u00edc\u00ed za\u0159\u00edzen\u00ed a n\u00edzko vis\u00edc\u00edch p\u0159edm\u011bt\u016f. Pom\u00e1h\u00e1 p\u0159edch\u00e1zet nehod\u00e1m a [&hellip;]","og_url":"https:\/\/www.stavexpro.com\/index.php\/produkt\/766-vystrazna-lepici-paska-cerno-zluta-50-mm-x-33-m-element-shop-cz-levny-42790\/","og_image":[{"width":1000,"height":750,"url":"https:\/\/www.stavexpro.com\/wp-content\/uploads\/2026\/SK0000006-CZ20260425-092522-0-1777080324-503_3m-766.webp","type":"image\/webp"}],"twitter_card":"summary_large_image","twitter_misc":{"Odhadovan\u00e1 doba \u010dten\u00ed":"2 minuty"},"schema":{"@context":"https:\/\/schema.org","@graph":[{"@type":"WebPage","@id":"https:\/\/www.stavexpro.com\/index.php\/produkt\/766-vystrazna-lepici-paska-cerno-zluta-50-mm-x-33-m-element-shop-cz-levny-42790\/","url":"https:\/\/www.stavexpro.com\/index.php\/produkt\/766-vystrazna-lepici-paska-cerno-zluta-50-mm-x-33-m-element-shop-cz-levny-42790\/","name":"766 v\u00fdstra\u017en\u00e1 lepic\u00ed p\u00e1ska \u010derno-\u017elut\u00e1 50 mm x 33 m | element-shop.cz Levn\u00fd -","isPartOf":{"@id":"https:\/\/www.stavexpro.com\/#website"},"primaryImageOfPage":{"@id":"https:\/\/www.stavexpro.com\/index.php\/produkt\/766-vystrazna-lepici-paska-cerno-zluta-50-mm-x-33-m-element-shop-cz-levny-42790\/#primaryimage"},"image":{"@id":"https:\/\/www.stavexpro.com\/index.php\/produkt\/766-vystrazna-lepici-paska-cerno-zluta-50-mm-x-33-m-element-shop-cz-levny-42790\/#primaryimage"},"thumbnailUrl":"https:\/\/www.stavexpro.com\/wp-content\/uploads\/2026\/SK0000006-CZ20260425-092522-0-1777080324-503_3m-766.webp","datePublished":"2026-04-26T08:59:08+00:00","breadcrumb":{"@id":"https:\/\/www.stavexpro.com\/index.php\/produkt\/766-vystrazna-lepici-paska-cerno-zluta-50-mm-x-33-m-element-shop-cz-levny-42790\/#breadcrumb"},"inLanguage":"cs","potentialAction":[{"@type":"ReadAction","target":["https:\/\/www.stavexpro.com\/index.php\/produkt\/766-vystrazna-lepici-paska-cerno-zluta-50-mm-x-33-m-element-shop-cz-levny-42790\/"]}]},{"@type":"ImageObject","inLanguage":"cs","@id":"https:\/\/www.stavexpro.com\/index.php\/produkt\/766-vystrazna-lepici-paska-cerno-zluta-50-mm-x-33-m-element-shop-cz-levny-42790\/#primaryimage","url":"https:\/\/www.stavexpro.com\/wp-content\/uploads\/2026\/SK0000006-CZ20260425-092522-0-1777080324-503_3m-766.webp","contentUrl":"https:\/\/www.stavexpro.com\/wp-content\/uploads\/2026\/SK0000006-CZ20260425-092522-0-1777080324-503_3m-766.webp","width":1000,"height":750},{"@type":"BreadcrumbList","@id":"https:\/\/www.stavexpro.com\/index.php\/produkt\/766-vystrazna-lepici-paska-cerno-zluta-50-mm-x-33-m-element-shop-cz-levny-42790\/#breadcrumb","itemListElement":[{"@type":"ListItem","position":1,"name":"Home","item":"https:\/\/www.stavexpro.com\/"},{"@type":"ListItem","position":2,"name":"Products","item":"https:\/\/www.stavexpro.com\/index.php\/products\/"},{"@type":"ListItem","position":3,"name":"766 v\u00fdstra\u017en\u00e1 lepic\u00ed p\u00e1ska \u010derno-\u017elut\u00e1 50 mm x 33 m | element-shop.cz Levn\u00fd"}]},{"@type":"WebSite","@id":"https:\/\/www.stavexpro.com\/#website","url":"https:\/\/www.stavexpro.com\/","name":"","description":"","potentialAction":[{"@type":"SearchAction","target":{"@type":"EntryPoint","urlTemplate":"https:\/\/www.stavexpro.com\/?s={search_term_string}"},"query-input":{"@type":"PropertyValueSpecification","valueRequired":true,"valueName":"search_term_string"}}],"inLanguage":"cs"}]}},"_links":{"self":[{"href":"https:\/\/www.stavexpro.com\/wp-json\/wp\/v2\/product\/42790","targetHints":{"allow":["GET"]}}],"collection":[{"href":"https:\/\/www.stavexpro.com\/wp-json\/wp\/v2\/product"}],"about":[{"href":"https:\/\/www.stavexpro.com\/wp-json\/wp\/v2\/types\/product"}],"replies":[{"embeddable":true,"href":"https:\/\/www.stavexpro.com\/wp-json\/wp\/v2\/comments?post=42790"}],"wp:featuredmedia":[{"embeddable":true,"href":"https:\/\/www.stavexpro.com\/wp-json\/wp\/v2\/media\/42890"}],"wp:attachment":[{"href":"https:\/\/www.stavexpro.com\/wp-json\/wp\/v2\/media?parent=42790"}],"wp:term":[{"taxonomy":"product_brand","embeddable":true,"href":"https:\/\/www.stavexpro.com\/wp-json\/wp\/v2\/product_brand?post=42790"},{"taxonomy":"product_cat","embeddable":true,"href":"https:\/\/www.stavexpro.com\/wp-json\/wp\/v2\/product_cat?post=42790"},{"taxonomy":"product_tag","embeddable":true,"href":"https:\/\/www.stavexpro.com\/wp-json\/wp\/v2\/product_tag?post=42790"}],"curies":[{"name":"wp","href":"https:\/\/api.w.org\/{rel}","templated":true}]}}