{"id":58114,"date":"2026-04-26T09:02:12","date_gmt":"2026-04-26T09:02:12","guid":{"rendered":""},"modified":"2026-04-26T09:02:12","modified_gmt":"2026-04-26T09:02:12","slug":"motion-cuero-decor-25x50-01s-oblibeny-58114","status":"publish","type":"product","link":"https:\/\/www.stavexpro.com\/produkt\/motion-cuero-decor-25x50-01s-oblibeny-58114\/","title":{"rendered":"MOTION cuero | decor | 25&#215;50 | 01S Obl\u00edben\u00fd"},"content":{"rendered":"<p><!-- More info -->\t\t\t\t\t<\/p>\n<section id=\"idTab1\" class=\"page-product-box tab-pane active\" role=\"tabpanel\" aria-labelledby=\"idTab1\">\t\t\t\t\t\t<!-- full description -->\t\t\t\t\t\t<\/p>\n<div class=\"rte\">Keramick\u00fd leskle glazovan\u00fd obklad \/ dekor se vzorem prasklin.<\/p>\n<p>S\u00e9rie Motion je pln\u00e1 extravagance a velkoleposti. Starov\u011bk\u00fd povrch se vyzna\u010duje zvl\u00e1\u0161tn\u00edm realismem a nesm\u00edrnou kr\u00e1sou. Kolekci n\u00e1dhern\u011b dopln\u00ed interi\u00e9r v antick\u00e9m stylu.<\/p><\/div>\n<\/section>\n<p>\t\t\t\t\t<!--end  More info -->\t\t\t\t\t\t\t\t\t\t\t\t\t<!-- Data sheet -->\t\t\t\t\t<\/p>\n<section id=\"idTab2\" class=\"page-product-box tab-pane\" role=\"tabpanel\" aria-labelledby=\"idTab2\">\n<table class=\"table-data-sheet\">\n<tr class=\"odd\">\n<td>Sleva<\/td>\n<td>Ano <\/td>\n<\/tr>\n<tr class=\"even\">\n<td>POVRCHOV\u00c1 \u00daPRAVA<\/td>\n<td>lesk <\/td>\n<\/tr>\n<tr class=\"odd\">\n<td>FORM\u00c1T | ROZM\u011aR<\/td>\n<td>MF = mal\u00fd form\u00e1t = M <\/td>\n<\/tr>\n<tr class=\"even\">\n<td>TYP | POU\u017dIT\u00cd<\/td>\n<td>dekor, obklad &#8211; st\u011bna <\/td>\n<\/tr>\n<tr class=\"odd\">\n<td>REKTIFIKACE<\/td>\n<td>Ne <\/td>\n<\/tr>\n<tr class=\"even\">\n<td>JAKOST<\/td>\n<td>01S <\/td>\n<\/tr>\n<tr class=\"odd\">\n<td>VARIABILITA | ROZD\u00cdLNOST<\/td>\n<td>V2 <\/td>\n<\/tr>\n<tr class=\"even\">\n<td>VZHLED | IMITACE<\/td>\n<td>kov <\/td>\n<\/tr>\n<tr class=\"odd\">\n<td>V\u00ddPRODEJ OBKLADY DLA\u017dBY<\/td>\n<td>Ano <\/td>\n<\/tr>\n<\/table>\n<\/section>\n<p>\t\t\t\t\t<!--end Data sheet -->\t\t\t\t\t\t\t\t\t\t\t\t\t\t\t\t\t<!--Download -->\t\t\t\t\t<\/p>\n<section id=\"idTab4\" class=\"page-product-box tab-pane\" role=\"tabpanel\" aria-labelledby=\"idTab4\">\n<div class=\"row\">\n<div class=\"col-lg-4\">\n<h4>Keros-DECORADO_MOTION_CUERO.pdf<\/h4>\n<p class=\"text-muted\">Soubor<\/p>\n<p>\t\t\t\t\t\t\t\t\t\t\t\t\t\t\t\t\t\t\t<i class=\"fa fa-download\"><\/i>\t\t\t\t\t\t\t\t\t\tKe sta\u017een&iacute; (685.63k)\t\t\t\t\t\t\t\t\t\t\t\t\t\t\t\t\t\t<\/p>\n<hr \/><\/div>\n<\/p><\/div>\n<\/section>\n<p>\t\t\t\t\t<!--end Download -->\t\t\t\t\t\t\t\t\t\t\t\t\t\t\t\t\t\t\t<\/div>\n<\/p><\/div>\n<p><!--QTR Accessories --><\/p>\n","protected":false},"excerpt":{"rendered":"<p>Keramick\u00fd leskle glazovan\u00fd obklad \/ dekor se vzorem prasklin. S\u00e9rie Motion je pln\u00e1 extravagance a velkoleposti. Starov\u011bk\u00fd povrch se vyzna\u010duje zvl\u00e1\u0161tn\u00edm realismem a nesm\u00edrnou kr\u00e1sou. Kolekci n\u00e1dhern\u011b dopln\u00ed interi\u00e9r v antick\u00e9m stylu. Sleva Ano POVRCHOV\u00c1 \u00daPRAVA lesk FORM\u00c1T | ROZM\u011aR MF = mal\u00fd form\u00e1t = M TYP | POU\u017dIT\u00cd dekor, obklad &#8211; st\u011bna REKTIFIKACE Ne [&hellip;]<\/p>\n","protected":false},"featured_media":58214,"comment_status":"open","ping_status":"open","template":"","meta":[],"product_brand":[],"product_cat":[174,173],"product_tag":[],"class_list":{"0":"post-58114","1":"product","2":"type-product","3":"status-publish","4":"has-post-thumbnail","6":"product_cat-dlazby","7":"product_cat-obklady","9":"first","10":"instock","11":"sale","12":"shipping-taxable","13":"purchasable","14":"product-type-simple"},"yoast_head":"<!-- This site is optimized with the Yoast SEO plugin v26.8 - https:\/\/yoast.com\/product\/yoast-seo-wordpress\/ -->\n<title>MOTION cuero | decor | 25x50 | 01S Obl\u00edben\u00fd -<\/title>\n<meta name=\"robots\" content=\"index, follow, max-snippet:-1, max-image-preview:large, max-video-preview:-1\" \/>\n<link rel=\"canonical\" href=\"https:\/\/www.stavexpro.com\/index.php\/produkt\/motion-cuero-decor-25x50-01s-oblibeny-58114\/\" \/>\n<meta property=\"og:locale\" content=\"cs_CZ\" \/>\n<meta property=\"og:type\" content=\"article\" \/>\n<meta property=\"og:title\" content=\"MOTION cuero | decor | 25x50 | 01S Obl\u00edben\u00fd -\" \/>\n<meta property=\"og:description\" content=\"Keramick\u00fd leskle glazovan\u00fd obklad \/ dekor se vzorem prasklin. S\u00e9rie Motion je pln\u00e1 extravagance a velkoleposti. Starov\u011bk\u00fd povrch se vyzna\u010duje zvl\u00e1\u0161tn\u00edm realismem a nesm\u00edrnou kr\u00e1sou. Kolekci n\u00e1dhern\u011b dopln\u00ed interi\u00e9r v antick\u00e9m stylu. Sleva Ano POVRCHOV\u00c1 \u00daPRAVA lesk FORM\u00c1T | ROZM\u011aR MF = mal\u00fd form\u00e1t = M TYP | POU\u017dIT\u00cd dekor, obklad &#8211; st\u011bna REKTIFIKACE Ne [&hellip;]\" \/>\n<meta property=\"og:url\" content=\"https:\/\/www.stavexpro.com\/index.php\/produkt\/motion-cuero-decor-25x50-01s-oblibeny-58114\/\" \/>\n<meta property=\"og:image\" content=\"https:\/\/www.stavexpro.com\/wp-content\/uploads\/2026\/SK0000015-CZ20260425-093107-0-1777080667-26085-large_default.webp\" \/>\n\t<meta property=\"og:image:width\" content=\"470\" \/>\n\t<meta property=\"og:image:height\" content=\"470\" \/>\n\t<meta property=\"og:image:type\" content=\"image\/webp\" \/>\n<meta name=\"twitter:card\" content=\"summary_large_image\" \/>\n<script type=\"application\/ld+json\" class=\"yoast-schema-graph\">{\"@context\":\"https:\/\/schema.org\",\"@graph\":[{\"@type\":\"WebPage\",\"@id\":\"https:\/\/www.stavexpro.com\/index.php\/produkt\/motion-cuero-decor-25x50-01s-oblibeny-58114\/\",\"url\":\"https:\/\/www.stavexpro.com\/index.php\/produkt\/motion-cuero-decor-25x50-01s-oblibeny-58114\/\",\"name\":\"MOTION cuero | decor | 25x50 | 01S Obl\u00edben\u00fd -\",\"isPartOf\":{\"@id\":\"https:\/\/www.stavexpro.com\/#website\"},\"primaryImageOfPage\":{\"@id\":\"https:\/\/www.stavexpro.com\/index.php\/produkt\/motion-cuero-decor-25x50-01s-oblibeny-58114\/#primaryimage\"},\"image\":{\"@id\":\"https:\/\/www.stavexpro.com\/index.php\/produkt\/motion-cuero-decor-25x50-01s-oblibeny-58114\/#primaryimage\"},\"thumbnailUrl\":\"https:\/\/www.stavexpro.com\/wp-content\/uploads\/2026\/SK0000015-CZ20260425-093107-0-1777080667-26085-large_default.webp\",\"datePublished\":\"2026-04-26T09:02:12+00:00\",\"breadcrumb\":{\"@id\":\"https:\/\/www.stavexpro.com\/index.php\/produkt\/motion-cuero-decor-25x50-01s-oblibeny-58114\/#breadcrumb\"},\"inLanguage\":\"cs\",\"potentialAction\":[{\"@type\":\"ReadAction\",\"target\":[\"https:\/\/www.stavexpro.com\/index.php\/produkt\/motion-cuero-decor-25x50-01s-oblibeny-58114\/\"]}]},{\"@type\":\"ImageObject\",\"inLanguage\":\"cs\",\"@id\":\"https:\/\/www.stavexpro.com\/index.php\/produkt\/motion-cuero-decor-25x50-01s-oblibeny-58114\/#primaryimage\",\"url\":\"https:\/\/www.stavexpro.com\/wp-content\/uploads\/2026\/SK0000015-CZ20260425-093107-0-1777080667-26085-large_default.webp\",\"contentUrl\":\"https:\/\/www.stavexpro.com\/wp-content\/uploads\/2026\/SK0000015-CZ20260425-093107-0-1777080667-26085-large_default.webp\",\"width\":470,\"height\":470},{\"@type\":\"BreadcrumbList\",\"@id\":\"https:\/\/www.stavexpro.com\/index.php\/produkt\/motion-cuero-decor-25x50-01s-oblibeny-58114\/#breadcrumb\",\"itemListElement\":[{\"@type\":\"ListItem\",\"position\":1,\"name\":\"Home\",\"item\":\"https:\/\/www.stavexpro.com\/\"},{\"@type\":\"ListItem\",\"position\":2,\"name\":\"Products\",\"item\":\"https:\/\/www.stavexpro.com\/index.php\/products\/\"},{\"@type\":\"ListItem\",\"position\":3,\"name\":\"MOTION cuero | decor | 25&#215;50 | 01S Obl\u00edben\u00fd\"}]},{\"@type\":\"WebSite\",\"@id\":\"https:\/\/www.stavexpro.com\/#website\",\"url\":\"https:\/\/www.stavexpro.com\/\",\"name\":\"\",\"description\":\"\",\"potentialAction\":[{\"@type\":\"SearchAction\",\"target\":{\"@type\":\"EntryPoint\",\"urlTemplate\":\"https:\/\/www.stavexpro.com\/?s={search_term_string}\"},\"query-input\":{\"@type\":\"PropertyValueSpecification\",\"valueRequired\":true,\"valueName\":\"search_term_string\"}}],\"inLanguage\":\"cs\"}]}<\/script>\n<!-- \/ Yoast SEO plugin. -->","yoast_head_json":{"title":"MOTION cuero | decor | 25x50 | 01S Obl\u00edben\u00fd -","robots":{"index":"index","follow":"follow","max-snippet":"max-snippet:-1","max-image-preview":"max-image-preview:large","max-video-preview":"max-video-preview:-1"},"canonical":"https:\/\/www.stavexpro.com\/index.php\/produkt\/motion-cuero-decor-25x50-01s-oblibeny-58114\/","og_locale":"cs_CZ","og_type":"article","og_title":"MOTION cuero | decor | 25x50 | 01S Obl\u00edben\u00fd -","og_description":"Keramick\u00fd leskle glazovan\u00fd obklad \/ dekor se vzorem prasklin. S\u00e9rie Motion je pln\u00e1 extravagance a velkoleposti. Starov\u011bk\u00fd povrch se vyzna\u010duje zvl\u00e1\u0161tn\u00edm realismem a nesm\u00edrnou kr\u00e1sou. Kolekci n\u00e1dhern\u011b dopln\u00ed interi\u00e9r v antick\u00e9m stylu. Sleva Ano POVRCHOV\u00c1 \u00daPRAVA lesk FORM\u00c1T | ROZM\u011aR MF = mal\u00fd form\u00e1t = M TYP | POU\u017dIT\u00cd dekor, obklad &#8211; st\u011bna REKTIFIKACE Ne [&hellip;]","og_url":"https:\/\/www.stavexpro.com\/index.php\/produkt\/motion-cuero-decor-25x50-01s-oblibeny-58114\/","og_image":[{"width":470,"height":470,"url":"https:\/\/www.stavexpro.com\/wp-content\/uploads\/2026\/SK0000015-CZ20260425-093107-0-1777080667-26085-large_default.webp","type":"image\/webp"}],"twitter_card":"summary_large_image","schema":{"@context":"https:\/\/schema.org","@graph":[{"@type":"WebPage","@id":"https:\/\/www.stavexpro.com\/index.php\/produkt\/motion-cuero-decor-25x50-01s-oblibeny-58114\/","url":"https:\/\/www.stavexpro.com\/index.php\/produkt\/motion-cuero-decor-25x50-01s-oblibeny-58114\/","name":"MOTION cuero | decor | 25x50 | 01S Obl\u00edben\u00fd -","isPartOf":{"@id":"https:\/\/www.stavexpro.com\/#website"},"primaryImageOfPage":{"@id":"https:\/\/www.stavexpro.com\/index.php\/produkt\/motion-cuero-decor-25x50-01s-oblibeny-58114\/#primaryimage"},"image":{"@id":"https:\/\/www.stavexpro.com\/index.php\/produkt\/motion-cuero-decor-25x50-01s-oblibeny-58114\/#primaryimage"},"thumbnailUrl":"https:\/\/www.stavexpro.com\/wp-content\/uploads\/2026\/SK0000015-CZ20260425-093107-0-1777080667-26085-large_default.webp","datePublished":"2026-04-26T09:02:12+00:00","breadcrumb":{"@id":"https:\/\/www.stavexpro.com\/index.php\/produkt\/motion-cuero-decor-25x50-01s-oblibeny-58114\/#breadcrumb"},"inLanguage":"cs","potentialAction":[{"@type":"ReadAction","target":["https:\/\/www.stavexpro.com\/index.php\/produkt\/motion-cuero-decor-25x50-01s-oblibeny-58114\/"]}]},{"@type":"ImageObject","inLanguage":"cs","@id":"https:\/\/www.stavexpro.com\/index.php\/produkt\/motion-cuero-decor-25x50-01s-oblibeny-58114\/#primaryimage","url":"https:\/\/www.stavexpro.com\/wp-content\/uploads\/2026\/SK0000015-CZ20260425-093107-0-1777080667-26085-large_default.webp","contentUrl":"https:\/\/www.stavexpro.com\/wp-content\/uploads\/2026\/SK0000015-CZ20260425-093107-0-1777080667-26085-large_default.webp","width":470,"height":470},{"@type":"BreadcrumbList","@id":"https:\/\/www.stavexpro.com\/index.php\/produkt\/motion-cuero-decor-25x50-01s-oblibeny-58114\/#breadcrumb","itemListElement":[{"@type":"ListItem","position":1,"name":"Home","item":"https:\/\/www.stavexpro.com\/"},{"@type":"ListItem","position":2,"name":"Products","item":"https:\/\/www.stavexpro.com\/index.php\/products\/"},{"@type":"ListItem","position":3,"name":"MOTION cuero | decor | 25&#215;50 | 01S Obl\u00edben\u00fd"}]},{"@type":"WebSite","@id":"https:\/\/www.stavexpro.com\/#website","url":"https:\/\/www.stavexpro.com\/","name":"","description":"","potentialAction":[{"@type":"SearchAction","target":{"@type":"EntryPoint","urlTemplate":"https:\/\/www.stavexpro.com\/?s={search_term_string}"},"query-input":{"@type":"PropertyValueSpecification","valueRequired":true,"valueName":"search_term_string"}}],"inLanguage":"cs"}]}},"_links":{"self":[{"href":"https:\/\/www.stavexpro.com\/wp-json\/wp\/v2\/product\/58114","targetHints":{"allow":["GET"]}}],"collection":[{"href":"https:\/\/www.stavexpro.com\/wp-json\/wp\/v2\/product"}],"about":[{"href":"https:\/\/www.stavexpro.com\/wp-json\/wp\/v2\/types\/product"}],"replies":[{"embeddable":true,"href":"https:\/\/www.stavexpro.com\/wp-json\/wp\/v2\/comments?post=58114"}],"wp:featuredmedia":[{"embeddable":true,"href":"https:\/\/www.stavexpro.com\/wp-json\/wp\/v2\/media\/58214"}],"wp:attachment":[{"href":"https:\/\/www.stavexpro.com\/wp-json\/wp\/v2\/media?parent=58114"}],"wp:term":[{"taxonomy":"product_brand","embeddable":true,"href":"https:\/\/www.stavexpro.com\/wp-json\/wp\/v2\/product_brand?post=58114"},{"taxonomy":"product_cat","embeddable":true,"href":"https:\/\/www.stavexpro.com\/wp-json\/wp\/v2\/product_cat?post=58114"},{"taxonomy":"product_tag","embeddable":true,"href":"https:\/\/www.stavexpro.com\/wp-json\/wp\/v2\/product_tag?post=58114"}],"curies":[{"name":"wp","href":"https:\/\/api.w.org\/{rel}","templated":true}]}}